000
CXUS54 KBMX 011110
CF6AUO
PRELIMINARY LOCAL CLIMATOLOGICAL DATA (WS FORM: F-6)
STATION: AUBURN AWOS
MONTH: MAY
YEAR: 2020
LATITUDE: 32 34 N
LONGITUDE: 85 30 W
TEMPERATURE IN F: :PCPN: SNOW: WIND :SUNSHINE: SKY :PK WND
================================================================================
1 2 3 4 5 6A 6B 7 8 9 10 11 12 13 14 15 16 17 18
12Z AVG MX 2MIN
DY MAX MIN AVG DEP HDD CDD WTR SNW DPTH SPD SPD DIR MIN PSBL S-S WX SPD DR
================================================================================
1 76 47 62 M 3 0 0.00 0.0 0 6.1 13 300 M M 0 18 310
2 81 49 65 M 0 0 0.00 0.0 0 3.0 10 200 M M 0 8 M M
3 83 58 71 M 0 6 0.00 0.0 0 6.0 14 200 M M 0 18 210
4 84 62 73 M 0 8 0.00 0.0 0 5.2 12 220 M M 1 8 16 200
5 83 62 73 M 0 8 0.00 0.0 M 8.5 15 320 M M 4 22 210
6 77 48 63 M 2 0 0.00 0.0 0 13.0 23 330 M M 0 40 300
7 70 43 57 M 8 0 0.00 0.0 0 6.1 12 10 M M 0 20 330
8 71 50 61 M 4 0 T 0.0 0 7.4 16 350 M M 6 3 20 350
9 67 43 55 M 10 0 0.00 0.0 0 7.5 14 360 M M 0 17 40
10 75 47 61 M 4 0 0.00 0.0 0 5.9 10 300 M M 0 M M
11 73 51 62 M 3 0 0.00 0.0 0 9.0 14 320 M M 0 8 22 20
12 77 49 63 M 2 0 0.00 0.0 0 5.7 9 120 M M 0 M M
13 83 58 71 M 0 6 0.00 0.0 0 6.8 13 180 M M 0 18 170
14 83 62 73 M 0 8 0.00 0.0 0 8.1 14 140 M M 2 18 120
15 82 61 72 M 0 7 0.00 0.0 0 6.0 12 90 M M 1 M M
16 85 65 75 M 0 10 0.00 0.0 0 6.1 12 110 M M 2 M M
17 86 67 77 M 0 12 0.34 0.0 0 7.3 14 180 M M 3 13 M M
18 80 66 73 M 0 8 0.18 0.0 0 6.9 13 160 M M 9 12 M M
19 78 61 70 M 0 5 0.00 0.0 0 6.0 9 20 M M 5 1 17 99
20 75 57 66 M 0 1 0.00 0.0 0 8.4 14 40 M M 5 20 40
21 79 56 68 M 0 3 T 0.0 0 5.1 10 180 M M 8 M M
22 85 65 75 M 0 10 0.11 0.0 0 6.0 12 170 M M 5 13 M M
23 86 62 74 M 0 9 0.02 0.0 0 3.7 8 190 M M 2 3 M M
24 89 67 78 M 0 13 0.06 0.0 0 6.2 10 360 M M 1 3 M M
25 86 67 77 M 0 12 0.09 0.0 0 8.6 15 70 M M 3 20 70
26 71 68 70 M 0 5 0.27 0.0 0 9.1 14 70 M M 10 1 21 70
27 78 68 73 M 0 8 1.27 0.0 0 7.4 12 90 M M 9 13 M M
28 85 68 77 M 0 12 0.16 0.0 0 5.3 12 230 M M 6 12 M M
29 85 69 77 M 0 12 0.00 0.0 0 5.0 10 230 M M 4 M M
30 86 67 77 M 0 12 0.00 0.0 0 6.4 12 290 M M 2 16 320
31 86 62 74 M 0 9 0.00 0.0 0 7.0 10 10 M M 1 17 360
================================================================================
SM 2485 1825 36 184 2.50 0.0 208.8 M 89
================================================================================
AV 80.2 58.9 6.7 FASTST M M 3 MAX(MPH)
MISC ----> # 23 330 # 40 300
================================================================================
NOTES:
# LAST OF SEVERAL OCCURRENCES
COLUMN 17 PEAK WIND IN M.P.H.
PRELIMINARY LOCAL CLIMATOLOGICAL DATA (WS FORM: F-6) , PAGE 2
STATION: AUBURN AWOS
MONTH: MAY
YEAR: 2020
LATITUDE: 32 34 N
LONGITUDE: 85 30 W
[TEMPERATURE DATA] [PRECIPITATION DATA] SYMBOLS USED IN COLUMN 16
AVERAGE MONTHLY: 69.5 TOTAL FOR MONTH: 2.50 1 = FOG OR MIST
DPTR FM NORMAL: M DPTR FM NORMAL: M 2 = FOG REDUCING VISIBILITY
HIGHEST: 89 ON 24 GRTST 24HR 1.27 ON 27-27 TO 1/4 MILE OR LESS
LOWEST: 43 ON 9, 7 3 = THUNDER
SNOW, ICE PELLETS, HAIL 4 = ICE PELLETS
TOTAL MONTH: 0.0 INCH 5 = HAIL
GRTST 24HR 0.0 6 = FREEZING RAIN OR DRIZZLE
GRTST DEPTH: 0 7 = DUSTSTORM OR SANDSTORM:
VSBY 1/2 MILE OR LESS
8 = SMOKE OR HAZE
[NO. OF DAYS WITH] [WEATHER - DAYS WITH] 9 = BLOWING SNOW
X = TORNADO
MAX 32 OR BELOW: 0 0.01 INCH OR MORE: 9
MAX 90 OR ABOVE: 0 0.10 INCH OR MORE: 6
MIN 32 OR BELOW: 0 0.50 INCH OR MORE: 1
MIN 0 OR BELOW: 0 1.00 INCH OR MORE: 1
[HDD (BASE 65) ]
TOTAL THIS MO. 36 CLEAR (SCALE 0-3) 20
DPTR FM NORMAL M PTCLDY (SCALE 4-7) 8
TOTAL FM JUL 1 1870 CLOUDY (SCALE 8-10) 3
DPTR FM NORMAL M
[CDD (BASE 65) ]
TOTAL THIS MO. 184
DPTR FM NORMAL M [PRESSURE DATA]
TOTAL FM JAN 1 308 HIGHEST SLP M ON M
DPTR FM NORMAL M LOWEST SLP M ON M
[REMARKS]
#FINAL-05-20#