000
CXUS52 KGSP 010917
CF6AVL
PRELIMINARY LOCAL CLIMATOLOGICAL DATA (WS FORM: F-6)
STATION: ASHEVILLE NC
MONTH: JANUARY
YEAR: 2024
LATITUDE: 35 25 N
LONGITUDE: 82 33 W
TEMPERATURE IN F: :PCPN: SNOW: WIND :SUNSHINE: SKY :PK WND
================================================================================
1 2 3 4 5 6A 6B 7 8 9 10 11 12 13 14 15 16 17 18
12Z AVG MX 2MIN
DY MAX MIN AVG DEP HDD CDD WTR SNW DPTH SPD SPD DIR MIN PSBL S-S WX SPD DR
================================================================================
1 38 30 34 -5 31 0 0.00 0.0 0 12.4 24 330 M M 4 33 340
2 49 31 40 1 25 0 0.00 0.0 0 10.7 23 330 M M 3 30 320
3 45 24 35 -4 30 0 0.00 0.0 0 6.1 20 330 M M 3 23 340
4 42 28 35 -4 30 0 0.00 0.0 0 12.9 26 330 M M 3 36 330
5 43 18 31 -8 34 0 0.00 0.0 0 4.7 15 130 M M 2 19 130
6 53 32 43 4 22 0 0.94 0.0 0 4.6 14 210 M M 8 16 16 190
7 47 35 41 2 24 0 0.00 0.0 0 10.2 26 310 M M 4 33 300
8 46 26 36 -3 29 0 0.01 0.0 0 8.4 17 340 M M 1 26 330
9 52 34 43 5 22 0 3.98 0.0 0 9.4 26 200 M M 9 13 37 210
10 44 29 37 -1 28 0 T 0.0 0 8.9 23 300 M M 4 29 260
11 57 24 41 3 24 0 0.00 0.0 0 0.8 9 330 M M 0 17 330
12 44 27 36 -2 29 0 0.80 0.0 0 4.7 17 150 M M 5 12 26 160
13 44 28 36 -2 29 0 0.00 0.0 0 6.6 23 300 M M 2 12 29 300
14 53 21 37 -1 28 0 0.00 0.0 0 4.7 23 320 M M 2 30 310
15 43 32 38 0 27 0 T 0.0 0 5.5 13 340 M M 8 21 330
16 40 14 27 -11 38 0 0.03 0.0 0 13.3 31 340 M M 6 39 360
17 35 10 23 -15 42 0 0.00 0.0 0 9.5 21 330 M M 0 26 340
18 48 16 32 -6 33 0 T 0.0 0 4.5 24 180 M M 2 30 180
19 38 19 29 -9 36 0 T T 0 9.2 23 330 M M 10 31 330
20 21 11 16 -22 49 0 T T T 13.7 22 330 M M 2 29 330
21 40 11 26 -13 39 0 0.00 0.0 0 7.5 26 330 M M 0 33 330
22 50 16 33 -6 32 0 0.00 0.0 0 4.6 18 170 M M 1 24 180
23 47 35 41 2 24 0 0.10 0.0 0 2.2 8 160 M M 10 18 9 160
24 57 43 50 11 15 0 0.19 0.0 0 5.7 10 190 M M 10 1 14 150
25 64 56 60 21 5 0 1.50 0.0 0 4.7 14 180 M M 10 1 22 190
26 71 53 62 23 3 0 T 0.0 0 5.2 15 330 M M 5 12 25 340
27 54 44 49 10 16 0 1.13 0.0 0 4.5 14 170 M M 8 12 19 210
28 57 40 49 10 16 0 0.08 0.0 0 11.5 24 330 M M 7 1 36 330
29 46 34 40 1 25 0 0.01 T 0 15.3 28 330 M M 4 37 340
30 51 25 38 -1 27 0 0.01 0.0 0 5.1 16 140 M M 3 1 20 140
31 45 34 40 0 25 0 0.01 0.0 0 11.2 23 320 M M 6 30 340
================================================================================
SM 1464 880 837 0 8.79 T 238.3 M 142
================================================================================
AV 47.2 28.4 7.7 FASTST M M 5 MAX(MPH)
MISC ----> 31 340 39 360
================================================================================
NOTES:
# LAST OF SEVERAL OCCURRENCES
COLUMN 17 PEAK WIND IN M.P.H.
PRELIMINARY LOCAL CLIMATOLOGICAL DATA (WS FORM: F-6) , PAGE 2
STATION: ASHEVILLE NC
MONTH: JANUARY
YEAR: 2024
LATITUDE: 35 25 N
LONGITUDE: 82 33 W
[TEMPERATURE DATA] [PRECIPITATION DATA] SYMBOLS USED IN COLUMN 16
AVERAGE MONTHLY: 37.8 TOTAL FOR MONTH: 8.79 1 = FOG OR MIST
DPTR FM NORMAL: -0.9 DPTR FM NORMAL: 4.66 2 = FOG REDUCING VISIBILITY
HIGHEST: 71 ON 26 GRTST 24HR 3.98 ON 9- 9 TO 1/4 MILE OR LESS
LOWEST: 10 ON 17 3 = THUNDER
SNOW, ICE PELLETS, HAIL 4 = ICE PELLETS
TOTAL MONTH: T 5 = HAIL
GRTST 24HR T ON 19-19 6 = FREEZING RAIN OR DRIZZLE
GRTST DEPTH: T 7 = DUSTSTORM OR SANDSTORM:
VSBY 1/2 MILE OR LESS
8 = SMOKE OR HAZE
[NO. OF DAYS WITH] [WEATHER - DAYS WITH] 9 = BLOWING SNOW
X = TORNADO
MAX 32 OR BELOW: 1 0.01 INCH OR MORE: 13
MAX 90 OR ABOVE: 0 0.10 INCH OR MORE: 7
MIN 32 OR BELOW: 21 0.50 INCH OR MORE: 5
MIN 0 OR BELOW: 0 1.00 INCH OR MORE: 3
[HDD (BASE 65) ]
TOTAL THIS MO. 837 CLEAR (SCALE 0-3) 13
DPTR FM NORMAL 23 PTCLDY (SCALE 4-7) 12
TOTAL FM JUL 1 2192 CLOUDY (SCALE 8-10) 6
DPTR FM NORMAL -141
[CDD (BASE 65) ]
TOTAL THIS MO. 0
DPTR FM NORMAL 0 [PRESSURE DATA]
TOTAL FM JAN 1 0 HIGHEST SLP 30.65 ON 21
DPTR FM NORMAL 0 LOWEST SLP 29.25 ON 9
[REMARKS]
#FINAL-01-24#