000
CXUS52 KGSP 010917
CF6AVL
PRELIMINARY LOCAL CLIMATOLOGICAL DATA (WS FORM: F-6)
STATION: ASHEVILLE NC
MONTH: DECEMBER
YEAR: 2023
LATITUDE: 35 25 N
LONGITUDE: 82 33 W
TEMPERATURE IN F: :PCPN: SNOW: WIND :SUNSHINE: SKY :PK WND
================================================================================
1 2 3 4 5 6A 6B 7 8 9 10 11 12 13 14 15 16 17 18
12Z AVG MX 2MIN
DY MAX MIN AVG DEP HDD CDD WTR SNW DPTH SPD SPD DIR MIN PSBL S-S WX SPD DR
================================================================================
1 57 34 46 2 19 0 0.17 0.0 0 6.0 14 170 M M 8 1 17 170
2 60 50 55 11 10 0 0.09 0.0 0 4.6 10 180 M M 8 12 17 200
3 67 47 57 13 8 0 0.07 0.0 0 6.3 22 300 M M 4 1 29 280
4 62 33 48 5 17 0 0.00 0.0 0 5.2 25 230 M M 1 36 230
5 56 30 43 0 22 0 T 0.0 0 5.7 16 330 M M 1 24 330
6 43 31 37 -6 28 0 0.01 0.0 0 11.3 25 330 M M 6 1 36 330
7 57 25 41 -2 24 0 0.00 0.0 0 2.3 8 200 M M 0 16 330
8 62 29 46 3 19 0 0.00 0.0 0 3.5 13 190 M M 0 21 210
9 58 39 49 7 16 0 0.92 0.0 0 3.6 13 170 M M 9 1 17 170
10 57 36 47 5 18 0 2.34 0.0 0 10.6 28 330 M M 10 13 43 350
11 42 29 36 -6 29 0 0.00 0.0 0 11.0 25 330 M M 2 37 330
12 52 23 38 -4 27 0 0.00 0.0 0 2.9 8 330 M M 0 14 340
13 56 28 42 0 23 0 0.00 0.0 0 7.5 20 330 M M 0 24 330
14 53 29 41 -1 24 0 0.00 0.0 0 3.3 10 330 M M 0 12 340
15 57 23 40 -2 25 0 0.00 0.0 0 2.0 10 150 M M 0 13 170
16 52 25 39 -2 26 0 0.03 0.0 0 2.7 10 180 M M 6 1 13 180
17 53 41 47 6 18 0 0.15 0.0 0 6.4 20 340 M M 10 1 27 350
18 54 27 41 0 24 0 T T 0 15.2 35 330 M M 3 42 330
19 40 24 32 -9 33 0 0.00 0.0 0 11.2 26 330 M M 2 35 320
20 54 19 37 -4 28 0 0.00 0.0 0 1.1 9 330 M M 0 12 340
21 62 23 43 3 22 0 0.00 0.0 0 0.8 8 330 M M 0 17 330
22 62 31 47 7 18 0 0.00 0.0 0 1.9 12 130 M M 1 16 130
23 61 30 46 6 19 0 0.00 0.0 0 4.1 16 170 M M 3 20 190
24 62 31 47 7 18 0 T 0.0 0 3.0 13 160 M M 3 17 160
25 55 50 53 13 12 0 1.26 0.0 0 7.9 17 140 M M 10 1 23 140
26 57 51 54 14 11 0 1.42 0.0 0 3.0 10 220 M M 10 1 15 230
27 61 43 52 12 13 0 T 0.0 0 3.0 12 320 M M 7 1 19 340
28 53 33 43 3 22 0 0.00 0.0 0 5.7 15 330 M M 2 1 23 340
29 41 31 36 -4 29 0 T 0.0 0 8.7 21 340 M M 5 41 340
30 44 32 38 -1 27 0 0.00 0.0 0 6.9 13 360 M M 8 17 350
31 54 31 43 4 22 0 0.00 0.0 0 5.6 18 340 M M 0 24 340
================================================================================
SM 1704 1008 651 0 6.46 T 173.0 M 119
================================================================================
AV 55.0 32.5 5.6 FASTST M M 4 MAX(MPH)
MISC ----> 35 330 43 350
================================================================================
NOTES:
# LAST OF SEVERAL OCCURRENCES
COLUMN 17 PEAK WIND IN M.P.H.
PRELIMINARY LOCAL CLIMATOLOGICAL DATA (WS FORM: F-6) , PAGE 2
STATION: ASHEVILLE NC
MONTH: DECEMBER
YEAR: 2023
LATITUDE: 35 25 N
LONGITUDE: 82 33 W
[TEMPERATURE DATA] [PRECIPITATION DATA] SYMBOLS USED IN COLUMN 16
AVERAGE MONTHLY: 43.7 TOTAL FOR MONTH: 6.46 1 = FOG OR MIST
DPTR FM NORMAL: 2.3 DPTR FM NORMAL: 2.28 2 = FOG REDUCING VISIBILITY
HIGHEST: 67 ON 3 GRTST 24HR 2.90 ON 9-10 TO 1/4 MILE OR LESS
LOWEST: 19 ON 20 3 = THUNDER
SNOW, ICE PELLETS, HAIL 4 = ICE PELLETS
TOTAL MONTH: T 5 = HAIL
GRTST 24HR T ON 18-18 6 = FREEZING RAIN OR DRIZZLE
GRTST DEPTH: 0 7 = DUSTSTORM OR SANDSTORM:
VSBY 1/2 MILE OR LESS
8 = SMOKE OR HAZE
[NO. OF DAYS WITH] [WEATHER - DAYS WITH] 9 = BLOWING SNOW
X = TORNADO
MAX 32 OR BELOW: 0 0.01 INCH OR MORE: 10
MAX 90 OR ABOVE: 0 0.10 INCH OR MORE: 6
MIN 32 OR BELOW: 20 0.50 INCH OR MORE: 4
MIN 0 OR BELOW: 0 1.00 INCH OR MORE: 3
[HDD (BASE 65) ]
TOTAL THIS MO. 651 CLEAR (SCALE 0-3) 18
DPTR FM NORMAL -81 PTCLDY (SCALE 4-7) 7
TOTAL FM JUL 1 1355 CLOUDY (SCALE 8-10) 6
DPTR FM NORMAL -166
[CDD (BASE 65) ]
TOTAL THIS MO. 0
DPTR FM NORMAL 0 [PRESSURE DATA]
TOTAL FM JAN 1 1014 HIGHEST SLP 30.74 ON 14
DPTR FM NORMAL -34 LOWEST SLP 29.56 ON 18
[REMARKS]
#FINAL-12-23#