000
CXUS51 KBGM 010754
CLMAVP
CLIMATE REPORT
NATIONAL WEATHER SERVICE BINGHAMTON, NY
354 AM EDT TUE AUG 01 2023
...................................
...THE AVOCA PA CLIMATE SUMMARY FOR THE MONTH OF JULY 2023...
CLIMATE NORMAL PERIOD 1991 TO 2020
CLIMATE RECORD PERIOD 1901 TO 2023
WEATHER OBSERVED NORMAL DEPART LAST YEAR`S
VALUE DATE(S) VALUE FROM VALUE DATE(S)
NORMAL
................................................................
TEMPERATURE (F)
RECORD
HIGH 101 07/16/1988
07/03/1966
LOW 43 07/06/1979
HIGHEST 91 07/05 82 9 97 07/23
07/06
07/24
LOWEST 54 07/31 62 -8 53 07/04
07/10
AVG. MAXIMUM 84.2 84.6 -0.4 87.7
AVG. MINIMUM 64.6 62.7 1.9 64.2
MEAN 74.4 73.7 0.7 75.9
DAYS MAX >= 90 2 5.6 -3.6 9
DAYS MAX <= 32 0 0.0 0.0 0
DAYS MIN <= 32 0 0.0 0.0 0
DAYS MIN <= 0 0 0.0 0.0 0
PRECIPITATION (INCHES)
RECORD
MAXIMUM 16.94 2020
MINIMUM 0.28 2001
TOTALS 6.85 3.61 3.24 1.94
DAILY AVG. 0.22 0.12 0.10 0.06
DAYS >= .01 15 11.1 3.9 9
DAYS >= .10 11 6.9 4.1 6
DAYS >= .50 6 2.3 3.7 0
DAYS >= 1.00 2 0.7 1.3 0
GREATEST
24 HR. TOTAL 1.71 07/09 TO 07/09
SNOWFALL (INCHES)
RECORDS
TOTAL T 2022
24 HR TOTAL 0.0 MM
TOTALS 0.0 0.0 0.0 T
SINCE 7/1 0.0 0.0 0.0 MM
DAYS >= TRACE 0 0.0 0.0 1
DAYS >= 1.0 0 0.0 0.0 0
GREATEST
24 HR TOTAL MM
DEGREE DAYS
HEATING TOTAL 0 3 -3 0
SINCE 7/1 0 0 0 MM
COOLING TOTAL 298 271 27 348
SINCE 1/1 463 482 -19 MM
................................................................
WIND (MPH)
AVERAGE WIND SPEED 4.7
RESULTANT WIND SPEED/DIRECTION 1/220
HIGHEST WIND SPEED/DIRECTION 31/250 DATE 07/17
HIGHEST GUST SPEED/DIRECTION 43/250 DATE 07/17
SKY COVER
POSSIBLE SUNSHINE (PERCENT) MM
AVERAGE SKY COVER 0.38
NUMBER OF DAYS FAIR 15
NUMBER OF DAYS PC 14
NUMBER OF DAYS CLOUDY 2
AVERAGE RH (PERCENT) 73
WEATHER CONDITIONS. NUMBER OF DAYS WITH
THUNDERSTORM 18 MIXED PRECIP 0
HEAVY RAIN 9 RAIN 9
LIGHT RAIN 17 FREEZING RAIN 0
LT FREEZING RAIN 0 HAIL 0
HEAVY SNOW 0 SNOW 0
LIGHT SNOW 0 SLEET 0
FOG 27 FOG W/VIS <= 1/4 MILE 5
HAZE 8
- INDICATES NEGATIVE NUMBERS.
R INDICATES RECORD WAS SET OR TIED.
MM INDICATES DATA IS MISSING.
T INDICATES TRACE AMOUNT.
$$