000
CXUS53 KGRR 010910
CF6AZO
PRELIMINARY LOCAL CLIMATOLOGICAL DATA (WS FORM: F-6)
STATION: KALAMAZOO
MONTH: MAY
YEAR: 2023
LATITUDE: 42 13 N
LONGITUDE: 85 33 W
TEMPERATURE IN F: :PCPN: SNOW: WIND :SUNSHINE: SKY :PK WND
================================================================================
1 2 3 4 5 6A 6B 7 8 9 10 11 12 13 14 15 16 17 18
12Z AVG MX 2MIN
DY MAX MIN AVG DEP HDD CDD WTR SNW DPTH SPD SPD DIR MIN PSBL S-S WX SPD DR
================================================================================
1 44 37 41 -13 24 0 0.47 T 0 13.7 26 300 M M 10 1 39 290
2 46 38 42 -13 23 0 0.24 0.0 0 17.2 28 310 M M 10 1 38 300
3 56 40 48 -7 17 0 T 0.0 0 12.3 22 350 M M 6 29 340
4 67 38 53 -3 12 0 0.00 0.0 0 2.1 13 320 M M 4 17 320
5 74 45 60 4 5 0 0.00 0.0 0 7.8 18 190 M M 0 24 160
6 70 52 61 5 4 0 0.03 0.0 0 6.5 13 140 M M 5 3 21 130
7 80 54 67 11 0 2 0.71 0.0 0 8.1 17 270 M M 5 13 24 260
8 62 54 58 1 7 0 0.02 0.0 0 6.6 13 90 M M 8 20 110
9 74 46 60 3 5 0 0.00 0.0 0 4.3 14 10 M M 1 19 350
10 78 45 62 4 3 0 0.00 0.0 0 3.6 13 190 M M 0 22 180
11 82 48 65 7 0 0 0.00 0.0 0 2.9 13 190 M M 0 1 16 180
12 78 53 66 8 0 1 T 0.0 0 2.6 9 60 M M 4 15 60
13 72 64 68 10 0 3 T 0.0 0 4.0 10 50 M M 10 17 40
14 71 53 62 3 3 0 0.00 0.0 0 7.3 16 50 M M 5 24 60
15 75 45 60 1 5 0 0.00 0.0 0 3.4 12 330 M M 0 15 320
16 78 44 61 1 4 0 0.00 0.0 0 7.8 21 300 M M 0 28 300
17 66 45 56 -4 9 0 0.00 0.0 0 5.3 12 40 M M 0 17 80
18 71 41 56 -4 9 0 0.00 0.0 0 5.0 12 190 M M 0 17 180
19 72 51 62 2 3 0 0.38 0.0 0 8.2 14 280 M M 5 18 20 240
20 65 46 56 -5 9 0 0.00 0.0 0 8.5 17 300 M M 5 26 320
21 76 43 60 -1 5 0 0.00 0.0 0 4.6 17 300 M M 0 23 300
22 81 45 63 1 2 0 0.00 0.0 0 1.7 9 150 M M 0 14 110
23 83 48 66 4 0 1 0.00 0.0 0 2.6 12 310 M M 0 14 310
24 76 48 62 0 3 0 0.00 0.0 0 7.6 18 60 M M 0 18 28 50
25 69 44 57 -5 8 0 0.00 0.0 0 7.0 14 50 M M 0 22 50
26 77 37 57 -6 8 0 0.00 0.0 0 3.0 13 40 M M 0 22 50
27 80 42 61 -2 4 0 0.00 0.0 0 2.2 12 170 M M 0 19 160
28 84 47 66 2 0 1 0.00 0.0 0 2.8 12 50 M M 0 20 50
29 87 50 69 5 0 4 0.00 0.0 0 1.6 12 20 M M 0 17 20
30 91 57 74 10 0 9 0.00 0.0 0 3.6 13 180 M M 2 19 180
31 90 67 79 15 0 14 0.00 0.0 0 5.8 14 180 M M 1 21 170
================================================================================
SM 2275 1467 172 35 1.85 T 179.7 M 81
================================================================================
AV 73.4 47.3 5.8 FASTST M M 3 MAX(MPH)
MISC ----> 28 310 39 290
================================================================================
NOTES:
# LAST OF SEVERAL OCCURRENCES
COLUMN 17 PEAK WIND IN M.P.H.
PRELIMINARY LOCAL CLIMATOLOGICAL DATA (WS FORM: F-6) , PAGE 2
STATION: KALAMAZOO
MONTH: MAY
YEAR: 2023
LATITUDE: 42 13 N
LONGITUDE: 85 33 W
[TEMPERATURE DATA] [PRECIPITATION DATA] SYMBOLS USED IN COLUMN 16
AVERAGE MONTHLY: 60.4 TOTAL FOR MONTH: 1.85 1 = FOG OR MIST
DPTR FM NORMAL: 0.9 DPTR FM NORMAL: -1.85 2 = FOG REDUCING VISIBILITY
HIGHEST: 91 ON 30 GRTST 24HR 0.74 ON 6- 7 TO 1/4 MILE OR LESS
LOWEST: 37 ON 26, 1 3 = THUNDER
SNOW, ICE PELLETS, HAIL 4 = ICE PELLETS
TOTAL MONTH: T 5 = HAIL
GRTST 24HR T ON 1- 1 6 = FREEZING RAIN OR DRIZZLE
GRTST DEPTH: 0 7 = DUSTSTORM OR SANDSTORM:
VSBY 1/2 MILE OR LESS
8 = SMOKE OR HAZE
[NO. OF DAYS WITH] [WEATHER - DAYS WITH] 9 = BLOWING SNOW
X = TORNADO
MAX 32 OR BELOW: 0 0.01 INCH OR MORE: 6
MAX 90 OR ABOVE: 2 0.10 INCH OR MORE: 4
MIN 32 OR BELOW: 0 0.50 INCH OR MORE: 1
MIN 0 OR BELOW: 0 1.00 INCH OR MORE: 0
[HDD (BASE 65) ]
TOTAL THIS MO. 172 CLEAR (SCALE 0-3) 19
DPTR FM NORMAL -42 PTCLDY (SCALE 4-7) 9
TOTAL FM JUL 1 5433 CLOUDY (SCALE 8-10) 3
DPTR FM NORMAL -854
[CDD (BASE 65) ]
TOTAL THIS MO. 35
DPTR FM NORMAL -9 [PRESSURE DATA]
TOTAL FM JAN 1 49 HIGHEST SLP 30.41 ON 14
DPTR FM NORMAL 0 LOWEST SLP 29.28 ON 1
[REMARKS]
#FINAL-05-23#