000
CXUS51 KBOX 011020
CF6BDL
PRELIMINARY LOCAL CLIMATOLOGICAL DATA (WS FORM: F-6)
STATION: HARTFORD CT
MONTH: SEPTEMBER
YEAR: 2020
LATITUDE: 41 55 N
LONGITUDE: 72 41 W
TEMPERATURE IN F: :PCPN: SNOW: WIND :SUNSHINE: SKY :PK WND
================================================================================
1 2 3 4 5 6A 6B 7 8 9 10 11 12 13 14 15 16 17 18
12Z AVG MX 2MIN
DY MAX MIN AVG DEP HDD CDD WTR SNW DPTH SPD SPD DIR MIN PSBL S-S WX SPD DR
================================================================================
1 81 55 68 -1 0 3 0.00 0.0 0 5.8 17 170 M M 6 23 150
2 74 62 68 -1 0 3 0.34 0.0 0 5.3 12 180 M M 10 1 15 190
3 85 68 77 9 0 12 0.49 0.0 0 5.6 15 270 M M 8 13 20 250
4 83 58 71 3 0 6 0.00 0.0 0 6.9 16 290 M M 3 20 310
5 79 51 65 -3 0 0 0.00 0.0 0 5.8 16 260 M M 2 23 270
6 82 56 69 2 0 4 0.00 0.0 0 3.8 12 300 M M 6 15 300
7 82 58 70 3 0 5 0.00 0.0 0 9.0 23 170 M M 5 1 28 170
8 86 63 75 8 0 10 0.00 0.0 0 6.0 14 160 M M 7 12 17 170
9 82 65 74 8 0 9 0.00 0.0 0 5.3 12 160 M M 9 18 13 160
10 83 69 76 10 0 11 0.11 0.0 0 4.4 13 230 M M 10 1 18 220
11 75 53 64 -2 1 0 0.00 0.0 0 8.2 18 30 M M 4 1 23 10
12 75 48 62 -3 3 0 0.00 0.0 0 5.5 13 170 M M 4 15 150
13 76 49 63 -2 2 0 T 0.0 0 7.7 18 190 M M 7 24 190
14 77 51 64 -1 1 0 0.00 0.0 0 9.8 18 350 M M 7 24 310
15 66 44 55 -9 10 0 0.00 0.0 0 4.8 12 10 M M 7 15 10
16 74 46 60 -4 5 0 0.00 0.0 0 9.0 21 180 M M 8 29 220
17 77 51 64 1 1 0 0.00 0.0 0 6.8 14 360 M M 9 17 190
18 67 46 57 -6 8 0 0.00 0.0 0 11.2 18 350 M M 7 26 360
19 63 37 50 -13 15 0 0.00 0.0 0 7.5 17 20 M M 1 23 30
20 63 36 50 -12 15 0 0.00 0.0 0 6.7 21 20 M M 4 24 10
21 65 34 50 -12 15 0 0.00 0.0 0 5.4 16 30 M M 1 22 360
22 73 33 53 -8 12 0 0.00 0.0 0 6.7 21 340 M M 4 28 320
23 79 45 62 1 3 0 0.00 0.0 0 9.3 23 310 M M 3 31 310
24 79 51 65 4 0 0 0.00 0.0 0 4.6 13 250 M M 7 1 16 260
25 82 49 66 6 0 1 0.00 0.0 0 4.5 15 190 M M 2 1 19 200
26 78 61 70 10 0 5 0.00 0.0 0 7.1 16 170 M M 8 18 20 190
27 81 66 74 15 0 9 0.03 0.0 0 5.6 16 170 M M 9 18 19 180
28 82 66 74 15 0 9 T 0.0 0 12.0 20 200 M M 8 1 26 190
29 76 65 71 13 0 6 0.45 0.0 0 9.3 22 180 M M 10 1 35 160
30 72 57 65 7 0 0 0.69 0.0 0 14.0 30 290 M M 7 1 43 200
================================================================================
SM 2297 1593 91 93 2.11 0.0 213.6 M 183
================================================================================
AV 76.6 53.1 7.1 FASTST M M 6 MAX(MPH)
MISC ----> # 30 290 # 43 200
================================================================================
NOTES:
# LAST OF SEVERAL OCCURRENCES
COLUMN 17 PEAK WIND IN M.P.H.
PRELIMINARY LOCAL CLIMATOLOGICAL DATA (WS FORM: F-6) , PAGE 2
STATION: HARTFORD CT
MONTH: SEPTEMBER
YEAR: 2020
LATITUDE: 41 55 N
LONGITUDE: 72 41 W
[TEMPERATURE DATA] [PRECIPITATION DATA] SYMBOLS USED IN COLUMN 16
AVERAGE MONTHLY: 64.8 TOTAL FOR MONTH: 2.11 1 = FOG OR MIST
DPTR FM NORMAL: 1.0 DPTR FM NORMAL: -1.77 2 = FOG REDUCING VISIBILITY
HIGHEST: 86 ON 8 GRTST 24HR 0.69 ON 30-30 TO 1/4 MILE OR LESS
LOWEST: 33 ON 22 3 = THUNDER
SNOW, ICE PELLETS, HAIL 4 = ICE PELLETS
TOTAL MONTH: 0.0 INCH 5 = HAIL
GRTST 24HR 0.0 6 = FREEZING RAIN OR DRIZZLE
GRTST DEPTH: 0 7 = DUSTSTORM OR SANDSTORM:
VSBY 1/2 MILE OR LESS
8 = SMOKE OR HAZE
[NO. OF DAYS WITH] [WEATHER - DAYS WITH] 9 = BLOWING SNOW
X = TORNADO
MAX 32 OR BELOW: 0 0.01 INCH OR MORE: 6
MAX 90 OR ABOVE: 0 0.10 INCH OR MORE: 5
MIN 32 OR BELOW: 0 0.50 INCH OR MORE: 1
MIN 0 OR BELOW: 0 1.00 INCH OR MORE: 0
[HDD (BASE 65) ]
TOTAL THIS MO. 91 CLEAR (SCALE 0-3) 6
DPTR FM NORMAL -19 PTCLDY (SCALE 4-7) 17
TOTAL FM JUL 1 94 CLOUDY (SCALE 8-10) 7
DPTR FM NORMAL -28
[CDD (BASE 65) ]
TOTAL THIS MO. 93
DPTR FM NORMAL 19 [PRESSURE DATA]
TOTAL FM JAN 1 1067 HIGHEST SLP 30.62 ON 21
DPTR FM NORMAL 318 LOWEST SLP 29.39 ON 30
[REMARKS]
#FINAL-09-20#