257
CXUS51 KOKX 010910
CF6BDR
PRELIMINARY LOCAL CLIMATOLOGICAL DATA (WS FORM: F-6)
STATION: BRIDGEPORT CT
MONTH: MARCH
YEAR: 2021
LATITUDE: 41 10 N
LONGITUDE: 73 8 W
TEMPERATURE IN F: :PCPN: SNOW: WIND :SUNSHINE: SKY :PK WND
================================================================================
1 2 3 4 5 6A 6B 7 8 9 10 11 12 13 14 15 16 17 18
12Z AVG MX 2MIN
DY MAX MIN AVG DEP HDD CDD WTR SNW DPTH SPD SPD DIR MIN PSBL S-S WX SPD DR
================================================================================
1 48 30 39 4 26 0 0.33 0.0 0 13.5 40 310 M M 7 12 52 300
2 34 20 27 -8 38 0 0.00 0.0 M 18.7 38 290 M M 0 52 290
3 51 28 40 4 25 0 0.00 0.0 0 8.7 18 290 M M 0 28 290
4 46 27 37 1 28 0 0.00 0.0 0 12.8 25 300 M M 4 35 310
5 39 25 32 -4 33 0 0.00 0.0 0 12.4 23 300 M M 1 31 280
6 35 27 31 -5 34 0 0.00 0.0 0 9.9 20 300 M M 8 27 340
7 41 26 34 -3 31 0 0.00 0.0 0 7.8 16 320 M M 4 23 300
8 43 23 33 -4 32 0 0.00 0.0 0 7.7 16 320 M M 1 22 340
9 64 35 50 13 15 0 0.00 0.0 0 9.0 18 300 M M 3 25 270
10 46 32 39 2 26 0 0.00 0.0 0 6.3 14 80 M M 0 17 80
11 58 36 47 9 18 0 0.00 0.0 0 5.2 17 190 M M 4 12 22 180
12 67 45 56 18 9 0 0.01 0.0 0 10.7 25 310 M M 1 37 310
13 50 33 42 4 23 0 0.00 0.0 0 14.3 33 310 M M 0 42 300
14 52 28 40 2 25 0 T 0.0 0 13.8 38 320 M M 3 49 330
15 35 20 28 -11 37 0 0.00 0.0 0 14.9 28 300 M M 0 42 320
16 34 24 29 -10 36 0 0.00 0.0 0 5.1 12 70 M M 5 15 360
17 45 34 40 1 25 0 0.00 0.0 0 3.8 10 180 M M 10 13 180
18 45 41 43 3 22 0 0.73 0.0 0 8.4 28 10 M M 10 1 36 10
19 44 30 37 -3 28 0 0.03 0.0 0 14.1 28 360 M M 2 36 360
20 52 27 40 0 25 0 0.00 0.0 0 6.6 15 210 M M 0 22 190
21 58 28 43 2 22 0 0.00 0.0 0 2.4 10 160 M M 0 12 160
22 53 33 43 2 22 0 0.00 0.0 0 5.5 12 80 M M 0 13 100
23 55 39 47 6 18 0 0.00 0.0 0 6.0 10 80 M M 2 12 13 120
24 50 41 46 4 19 0 0.33 0.0 0 11.6 20 90 M M 5 1 23 90
25 63 45 54 12 11 0 0.29 0.0 0 5.5 16 60 M M 8 12 21 60
26 79 46 63 21 2 0 0.04 0.0 0 13.4 35 270 M M 6 128 47 270
27 64 45 55 12 10 0 0.00 0.0 0 8.9 22 300 M M 0 8 26 280
28 57 44 51 8 14 0 0.83 0.0 0 11.3 21 70 M M 8 12 26 70
29 55 40 48 5 17 0 0.00 0.0 0 16.0 32 290 M M 3 45 300
30 58 31 45 1 20 0 0.00 0.0 0 6.6 16 180 M M 0 21 190
31 58 41 50 6 15 0 0.46 0.0 0 4.5 15 210 M M 8 1 20 220
================================================================================
SM 1579 1024 706 0 3.05 0.0 295.4 M 103
================================================================================
AV 50.9 33.0 9.5 FASTST M M 3 MAX(MPH)
MISC ----> 40 310 # 52 300
================================================================================
NOTES:
# LAST OF SEVERAL OCCURRENCES
COLUMN 17 PEAK WIND IN M.P.H.
PRELIMINARY LOCAL CLIMATOLOGICAL DATA (WS FORM: F-6) , PAGE 2
STATION: BRIDGEPORT CT
MONTH: MARCH
YEAR: 2021
LATITUDE: 41 10 N
LONGITUDE: 73 8 W
[TEMPERATURE DATA] [PRECIPITATION DATA] SYMBOLS USED IN COLUMN 16
AVERAGE MONTHLY: 42.0 TOTAL FOR MONTH: 3.05 1 = FOG OR MIST
DPTR FM NORMAL: 2.7 DPTR FM NORMAL: -1.00 2 = FOG REDUCING VISIBILITY
HIGHEST: 79 ON 26 GRTST 24HR 0.83 ON 28-28 TO 1/4 MILE OR LESS
LOWEST: 20 ON 15, 2 3 = THUNDER
SNOW, ICE PELLETS, HAIL 4 = ICE PELLETS
TOTAL MONTH: 0.0 INCH 5 = HAIL
GRTST 24HR 0.0 6 = FREEZING RAIN OR DRIZZLE
GRTST DEPTH: T 7 = DUSTSTORM OR SANDSTORM:
VSBY 1/2 MILE OR LESS
8 = SMOKE OR HAZE
[NO. OF DAYS WITH] [WEATHER - DAYS WITH] 9 = BLOWING SNOW
X = TORNADO
MAX 32 OR BELOW: 0 0.01 INCH OR MORE: 9
MAX 90 OR ABOVE: 0 0.10 INCH OR MORE: 6
MIN 32 OR BELOW: 16 0.50 INCH OR MORE: 2
MIN 0 OR BELOW: 0 1.00 INCH OR MORE: 0
[HDD (BASE 65) ]
TOTAL THIS MO. 706 CLEAR (SCALE 0-3) 18
DPTR FM NORMAL -91 PTCLDY (SCALE 4-7) 10
TOTAL FM JUL 1 4186 CLOUDY (SCALE 8-10) 3
DPTR FM NORMAL -498
[CDD (BASE 65) ]
TOTAL THIS MO. 0
DPTR FM NORMAL 0 [PRESSURE DATA]
TOTAL FM JAN 1 0 HIGHEST SLP M ON M
DPTR FM NORMAL 0 LOWEST SLP 29.42 ON 28
[REMARKS]
#FINAL-03-21#