000
CXUS51 KOKX 011010
CF6BDR
PRELIMINARY LOCAL CLIMATOLOGICAL DATA (WS FORM: F-6)
STATION: BRIDGEPORT CT
MONTH: DECEMBER
YEAR: 2020
LATITUDE: 41 10 N
LONGITUDE: 73 8 W
TEMPERATURE IN F: :PCPN: SNOW: WIND :SUNSHINE: SKY :PK WND
================================================================================
1 2 3 4 5 6A 6B 7 8 9 10 11 12 13 14 15 16 17 18
12Z AVG MX 2MIN
DY MAX MIN AVG DEP HDD CDD WTR SNW DPTH SPD SPD DIR MIN PSBL S-S WX SPD DR
================================================================================
1 59 40 50 10 15 0 T 0.0 0 15.0 26 230 M M 5 36 230
2 44 36 40 0 25 0 0.00 0.0 0 12.5 18 260 M M 6 30 240
3 50 34 42 2 23 0 0.00 0.0 0 11.1 17 230 M M 0 23 230
4 53 46 50 11 15 0 0.12 0.0 0 11.4 21 200 M M 8 27 210
5 47 38 43 4 22 0 1.42 T 0 15.1 28 330 M M 9 1 41 320
6 44 31 38 -1 27 0 0.00 0.0 0 11.2 23 300 M M 0 29 300
7 41 27 34 -4 31 0 0.00 0.0 0 5.6 14 360 M M 0 18 230
8 34 26 30 -8 35 0 0.00 0.0 0 11.3 23 340 M M 6 32 330
9 40 24 32 -6 33 0 T T 0 7.4 14 270 M M 4 20 200
10 52 32 42 5 23 0 0.00 0.0 0 7.3 16 320 M M 3 23 290
11 53 28 41 4 24 0 0.00 0.0 0 4.5 15 220 M M 0 12 19 220
12 49 36 43 7 22 0 0.04 0.0 0 5.5 13 70 M M 7 12 16 70
13 61 41 51 15 14 0 T 0.0 0 5.3 17 280 M M 2 12 24 290
14 42 32 37 1 28 0 0.16 T 0 5.9 21 360 M M 6 27 360
15 40 28 34 -1 31 0 0.00 0.0 0 7.6 18 300 M M 1 24 310
16 28 24 26 -9 39 0 0.45 6.5 0 14.0 28 50 M M 4 12 39 40
17 35 23 29 -6 36 0 0.31 2.9 8 17.7 37 10 M M 8 128 47 10
18 29 20 25 -9 40 0 0.00 0.0 9 7.9 15 330 M M 5 8 19 340
19 32 17 25 -9 40 0 0.00 0.0 9 3.5 9 30 M M 0 12 350
20 36 27 32 -2 33 0 0.09 0.6 8 2.6 8 140 M M 7 1 11 140
21 44 32 38 4 27 0 0.00 0.0 8 3.0 13 230 M M 8 18 18 230
22 46 36 41 8 24 0 T 0.0 6 8.0 26 300 M M 5 18 38 310
23 41 27 34 1 31 0 0.00 0.0 5 4.6 14 270 M M 1 17 280
24 60 35 48 15 17 0 0.01 0.0 4 13.8 28 160 M M 7 39 160
25 61 33 47 15 18 0 1.10 0.0 0 19.5 39 160 M M 9 1 57 160
26 34 26 30 -2 35 0 0.00 0.0 0 12.9 23 230 M M 3 31 220
27 39 24 32 0 33 0 0.00 0.0 0 7.3 14 270 M M 0 22 220
28 50 32 41 9 24 0 0.00 0.0 0 7.0 14 210 M M 3 20 220
29 43 26 35 3 30 0 0.00 0.0 0 11.6 24 300 M M 1 30 310
30 44 24 34 3 31 0 0.00 0.0 0 8.5 20 220 M M 1 25 220
31 46 32 39 8 26 0 0.42 0.0 0 8.0 15 230 M M 8 1 20 350
================================================================================
SM 1377 937 852 0 4.12 10.0 286.6 M 127
================================================================================
AV 44.4 30.2 9.2 FASTST M M 4 MAX(MPH)
MISC ----> 39 160 57 160
================================================================================
NOTES:
# LAST OF SEVERAL OCCURRENCES
COLUMN 17 PEAK WIND IN M.P.H.
PRELIMINARY LOCAL CLIMATOLOGICAL DATA (WS FORM: F-6) , PAGE 2
STATION: BRIDGEPORT CT
MONTH: DECEMBER
YEAR: 2020
LATITUDE: 41 10 N
LONGITUDE: 73 8 W
[TEMPERATURE DATA] [PRECIPITATION DATA] SYMBOLS USED IN COLUMN 16
AVERAGE MONTHLY: 37.3 TOTAL FOR MONTH: 4.12 1 = FOG OR MIST
DPTR FM NORMAL: 1.9 DPTR FM NORMAL: 0.79 2 = FOG REDUCING VISIBILITY
HIGHEST: 61 ON 25,13 GRTST 24HR 1.42 ON 5- 5 TO 1/4 MILE OR LESS
LOWEST: 17 ON 19 3 = THUNDER
SNOW, ICE PELLETS, HAIL 4 = ICE PELLETS
TOTAL MONTH: 10.0 INCHES 5 = HAIL
GRTST 24HR 6.5 ON 16-16 6 = FREEZING RAIN OR DRIZZLE
GRTST DEPTH: 9 ON 19,18 7 = DUSTSTORM OR SANDSTORM:
VSBY 1/2 MILE OR LESS
8 = SMOKE OR HAZE
[NO. OF DAYS WITH] [WEATHER - DAYS WITH] 9 = BLOWING SNOW
X = TORNADO
MAX 32 OR BELOW: 3 0.01 INCH OR MORE: 10
MAX 90 OR ABOVE: 0 0.10 INCH OR MORE: 7
MIN 32 OR BELOW: 21 0.50 INCH OR MORE: 2
MIN 0 OR BELOW: 0 1.00 INCH OR MORE: 2
[HDD (BASE 65) ]
TOTAL THIS MO. 852 CLEAR (SCALE 0-3) 14
DPTR FM NORMAL -67 PTCLDY (SCALE 4-7) 15
TOTAL FM JUL 1 1597 CLOUDY (SCALE 8-10) 2
DPTR FM NORMAL -298
[CDD (BASE 65) ]
TOTAL THIS MO. 0
DPTR FM NORMAL 0 [PRESSURE DATA]
TOTAL FM JAN 1 1175 HIGHEST SLP M ON M
DPTR FM NORMAL 350 LOWEST SLP 29.41 ON 25
[REMARKS]
#FINAL-12-20#