000
CXUS56 KHNX 011146
CF6BFL
PRELIMINARY LOCAL CLIMATOLOGICAL DATA (WS FORM: F-6)
STATION: BAKERSFIELD CA
MONTH: MARCH
YEAR: 2020
LATITUDE: 35 25 N
LONGITUDE: 119 3 W
TEMPERATURE IN F: :PCPN: SNOW: WIND :SUNSHINE: SKY :PK WND
================================================================================
1 2 3 4 5 6A 6B 7 8 9 10 11 12 13 14 15 16 17 18
12Z AVG MX 2MIN
DY MAX MIN AVG DEP HDD CDD WTR SNW DPTH SPD SPD DIR MIN PSBL S-S WX SPD DR
================================================================================
1 63 43 53 -3 12 0 0.00 0.0 0 7.0 15 340 M M 3 19 320
2 63 41 52 -4 13 0 0.00 0.0 0 4.9 10 190 M M 0 16 210
3 74 43 59 3 6 0 0.00 0.0 0 4.7 10 300 M M 0 16 280
4 82 46 64 8 1 0 0.00 0.0 0 3.6 10 310 M M 0 14 310
5 85 50 68 12 0 3 0.00 0.0 0 5.1 15 330 M M 0 17 310
6 82 48 65 9 0 0 0.00 0.0 0 6.4 21 30 M M 0 8 26 20
7 66 51 59 2 6 0 T 0.0 0 10.1 20 340 M M 3 23 350
8 68 48 58 1 7 0 T 0.0 0 5.9 14 330 M M 3 17 310
9 69 48 59 2 6 0 0.00 0.0 0 5.1 14 340 M M 1 20 330
10 75 53 64 7 1 0 0.66 0.0 0 6.9 26 30 M M 8 138 31 30
11 67 54 61 4 4 0 0.01 0.0 0 5.3 14 290 M M 6 18 15 290
12 66 50 58 1 7 0 0.01 0.0 0 4.0 14 150 M M 3 18 16 150
13 73 55 64 7 1 0 T 0.0 0 9.3 18 330 M M 4 23 20
14 69 53 61 3 4 0 0.00 0.0 0 9.0 18 30 M M 8 23 40
15 69 47 58 0 7 0 0.00 0.0 0 7.9 20 310 M M 5 22 310
16 68 42 55 -3 10 0 0.55 0.0 0 10.2 33 150 M M 9 1 43 170
17 61 39 50 -8 15 0 T 0.0 0 4.9 24 310 M M 3 27 320
18 60 40 50 -8 15 0 0.00 0.0 0 4.8 14 290 M M 3 18 290
19 60 46 53 -5 12 0 0.02 0.0 0 3.6 20 290 M M 9 26 300
20 67 47 57 -1 8 0 T 0.0 0 3.8 17 230 M M 5 22 220
21 68 50 59 1 6 0 0.00 0.0 0 6.9 22 320 M M 5 25 330
22 74 46 60 2 5 0 0.12 0.0 0 5.3 30 170 M M 3 13 35 180
23 67 49 58 0 7 0 0.13 0.0 0 5.5 15 330 M M 5 1 19 320
24 63 51 57 -1 8 0 0.00 0.0 0 9.0 15 310 M M 10 18 310
25 61 45 53 -6 12 0 0.07 0.0 0 8.0 20 310 M M 8 1 25 330
26 59 42 51 -8 14 0 T 0.0 0 5.4 21 290 M M 6 23 300
27 63 40 52 -7 13 0 0.00 0.0 0 4.9 16 300 M M 3 22 300
28 63 40 52 -7 13 0 T 0.0 0 5.0 13 330 M M 2 8 18 330
29 66 49 58 -1 7 0 T 0.0 0 7.2 15 330 M M 6 18 330
30 70 45 58 -1 7 0 0.00 0.0 0 4.8 15 310 M M 1 20 310
31 73 48 61 2 4 0 0.00 0.0 0 3.8 12 310 M M 0 17 300
================================================================================
SM 2114 1449 231 3 1.57 0.0 188.3 M 122
================================================================================
AV 68.2 46.7 6.1 FASTST M M 4 MAX(MPH)
MISC ----> # 33 150 # 43 170
================================================================================
NOTES:
# LAST OF SEVERAL OCCURRENCES
COLUMN 17 PEAK WIND IN M.P.H.
PRELIMINARY LOCAL CLIMATOLOGICAL DATA (WS FORM: F-6) , PAGE 2
STATION: BAKERSFIELD CA
MONTH: MARCH
YEAR: 2020
LATITUDE: 35 25 N
LONGITUDE: 119 3 W
[TEMPERATURE DATA] [PRECIPITATION DATA] SYMBOLS USED IN COLUMN 16
AVERAGE MONTHLY: 57.5 TOTAL FOR MONTH: 1.57 1 = FOG OR MIST
DPTR FM NORMAL: -0.1 DPTR FM NORMAL: 0.36 2 = FOG REDUCING VISIBILITY
HIGHEST: 85 ON 5 GRTST 24HR 0.66 ON 10-10 TO 1/4 MILE OR LESS
LOWEST: 39 ON 17 3 = THUNDER
SNOW, ICE PELLETS, HAIL 4 = ICE PELLETS
TOTAL MONTH: 0.0 INCH 5 = HAIL
GRTST 24HR 0.0 6 = FREEZING RAIN OR DRIZZLE
GRTST DEPTH: 0 7 = DUSTSTORM OR SANDSTORM:
VSBY 1/2 MILE OR LESS
8 = SMOKE OR HAZE
[NO. OF DAYS WITH] [WEATHER - DAYS WITH] 9 = BLOWING SNOW
X = TORNADO
MAX 32 OR BELOW: 0 0.01 INCH OR MORE: 8
MAX 90 OR ABOVE: 0 0.10 INCH OR MORE: 4
MIN 32 OR BELOW: 0 0.50 INCH OR MORE: 2
MIN 0 OR BELOW: 0 1.00 INCH OR MORE: 0
[HDD (BASE 65) ]
TOTAL THIS MO. 231 CLEAR (SCALE 0-3) 12
DPTR FM NORMAL -8 PTCLDY (SCALE 4-7) 15
TOTAL FM JUL 1 1650 CLOUDY (SCALE 8-10) 4
DPTR FM NORMAL -363
[CDD (BASE 65) ]
TOTAL THIS MO. 3
DPTR FM NORMAL -6 [PRESSURE DATA]
TOTAL FM JAN 1 6 HIGHEST SLP 30.29 ON 30
DPTR FM NORMAL -3 LOWEST SLP 29.69 ON 13
[REMARKS]
#FINAL-03-20#