000
CXUS54 KAMA 010810
CF6BGD
PRELIMINARY LOCAL CLIMATOLOGICAL DATA (WS FORM: F-6)
STATION: BORGER
MONTH: FEBRUARY
YEAR: 2024
LATITUDE: 35 42 N
LONGITUDE: 101 24 W
TEMPERATURE IN F: :PCPN: SNOW: WIND :SUNSHINE: SKY :PK WND
================================================================================
1 2 3 4 5 6A 6B 7 8 9 10 11 12 13 14 15 16 17 18
12Z AVG MX 2MIN
DY MAX MIN AVG DEP HDD CDD WTR SNW DPTH SPD SPD DIR MIN PSBL S-S WX SPD DR
================================================================================
1 73 49 61 20 4 0 T M M 10.4 20 250 M M 2 30 220
2 60 42 51 10 14 0 0.07 M M 6.4 20 210 M M 4 13 29 200
3 57 37 47 6 18 0 0.05 M M 9.6 17 180 M M 4 24 180
4 52 39 46 4 19 0 T M M 12.0 24 10 M M 8 39 350
5 59 43 51 9 14 0 0.00 M M 5.7 16 20 M M 6 21 30
6 66 42 54 12 11 0 0.00 M M 12.6 24 190 M M 0 33 220
7 55 48 52 10 13 0 0.12 M M 14.2 28 230 M M 3 39 220
8 66 42 54 12 11 0 0.00 M M 19.1 31 250 M M 0 45 240
9 60 39 50 8 15 0 0.00 M M 13.2 31 250 M M 0 46 260
10 47 34 41 -1 24 0 0.01 M M 9.3 20 60 M M 7 1 28 60
11 36 29 33 -9 32 0 0.05 M M 14.0 25 10 M M 9 16 32 10
12 53 26 40 -2 25 0 0.00 M M 7.2 14 350 M M 0 22 310
13 65 30 48 6 17 0 0.00 M M 6.1 13 240 M M 0 18 210
14 70 33 52 9 13 0 0.00 M M 10.2 28 250 M M 0 36 260
15 66 30 48 5 17 0 0.00 M M 8.6 21 170 M M 0 30 170
16 47 29 38 -5 27 0 0.00 M M 14.6 26 10 M M 7 37 320
17 38 25 32 -11 33 0 0.00 M M 8.5 16 30 M M 6 23 50
18 60 24 42 -1 23 0 0.00 M M 11.4 21 190 M M 0 36 180
19 69 39 54 10 11 0 0.00 M M 10.2 20 360 M M 0 27 20
20 80 38 59 15 6 0 0.00 M M 7.3 16 240 M M 0 23 240
21 85 47 66 22 0 1 0.00 M M 10.6 32 220 M M 0 44 230
22 66 43 55 11 10 0 0.00 M M 11.5 23 350 M M 0 32 360
23 67 39 53 8 12 0 0.00 M M 5.5 16 280 M M 4 26 310
24 77 33 55 10 10 0 0.00 M M 10.1 29 220 M M 0 40 200
25 81 45 63 18 2 0 0.00 M M 8.0 15 240 M M 0 23 220
26 85 54 70 24 0 5 0.00 M M 15.0 37 250 M M 0 52 280
27 77 32 55 9 10 0 0.00 M M 23.5 45 250 M M 1 8 65 240
28 52 26 39 -7 26 0 0.00 M M 7.7 18 180 M M 0 26 190
29 45 33 39 -7 26 0 0.11 M M 13.7 25 180 M M 7 16 36 170
================================================================================
SM 1814 1070 443 6 0.41 M 316.2 M 68
================================================================================
AV 62.6 36.9 10.9 FASTST M M 2 MAX(MPH)
MISC ----> 45 250 65 240
================================================================================
NOTES:
# LAST OF SEVERAL OCCURRENCES
COLUMN 17 PEAK WIND IN M.P.H.
PRELIMINARY LOCAL CLIMATOLOGICAL DATA (WS FORM: F-6) , PAGE 2
STATION: BORGER
MONTH: FEBRUARY
YEAR: 2024
LATITUDE: 35 42 N
LONGITUDE: 101 24 W
[TEMPERATURE DATA] [PRECIPITATION DATA] SYMBOLS USED IN COLUMN 16
AVERAGE MONTHLY: 49.7 TOTAL FOR MONTH: 0.41 1 = FOG OR MIST
DPTR FM NORMAL: 6.6 DPTR FM NORMAL: -0.11 2 = FOG REDUCING VISIBILITY
HIGHEST: 85 ON 26,21 GRTST 24HR 0.12 ON 7- 7 TO 1/4 MILE OR LESS
LOWEST: 24 ON 18 3 = THUNDER
SNOW, ICE PELLETS, HAIL 4 = ICE PELLETS
TOTAL MONTH: M 5 = HAIL
GRTST 24HR M ON M 6 = FREEZING RAIN OR DRIZZLE
GRTST DEPTH: M ON M 7 = DUSTSTORM OR SANDSTORM:
VSBY 1/2 MILE OR LESS
8 = SMOKE OR HAZE
[NO. OF DAYS WITH] [WEATHER - DAYS WITH] 9 = BLOWING SNOW
X = TORNADO
MAX 32 OR BELOW: 0 0.01 INCH OR MORE: 6
MAX 90 OR ABOVE: 0 0.10 INCH OR MORE: 2
MIN 32 OR BELOW: 9 0.50 INCH OR MORE: 0
MIN 0 OR BELOW: 0 1.00 INCH OR MORE: 0
[HDD (BASE 65) ]
TOTAL THIS MO. 443 CLEAR (SCALE 0-3) 18
DPTR FM NORMAL -171 PTCLDY (SCALE 4-7) 9
TOTAL FM JUL 1 2429 CLOUDY (SCALE 8-10) 2
DPTR FM NORMAL -439
[CDD (BASE 65) ]
TOTAL THIS MO. 6
DPTR FM NORMAL 5 [PRESSURE DATA]
TOTAL FM JAN 1 6 HIGHEST SLP M ON M
DPTR FM NORMAL 5 LOWEST SLP 29.34 ON 3
[REMARKS]
#FINAL-02-24#