000
CXUS54 KAMA 010810
CF6BGD
PRELIMINARY LOCAL CLIMATOLOGICAL DATA (WS FORM: F-6)
STATION: BORGER
MONTH: JANUARY
YEAR: 2024
LATITUDE: 35 42 N
LONGITUDE: 101 24 W
TEMPERATURE IN F: :PCPN: SNOW: WIND :SUNSHINE: SKY :PK WND
================================================================================
1 2 3 4 5 6A 6B 7 8 9 10 11 12 13 14 15 16 17 18
12Z AVG MX 2MIN
DY MAX MIN AVG DEP HDD CDD WTR SNW DPTH SPD SPD DIR MIN PSBL S-S WX SPD DR
================================================================================
1 54 24 39 0 26 0 0.00 M M 7.1 15 180 M M 0 21 180
2 49 33 41 2 24 0 0.00 M M 6.7 15 10 M M 0 20 20
3 56 26 41 2 24 0 0.00 M M 6.4 16 170 M M 0 23 170
4 42 29 36 -3 29 0 0.50 M M 8.6 22 130 M M 7 18 33 140
5 38 31 35 -4 30 0 0.19 M M 7.1 18 340 M M 10 1 25 340
6 43 29 36 -3 29 0 0.00 M M 7.4 16 340 M M 1 25 280
7 49 32 41 2 24 0 0.00 M M 13.2 26 190 M M 0 40 140
8 46 26 36 -3 29 0 0.01 M M 20.6 46 340 M M 6 1 71 340
9 43 22 33 -7 32 0 0.00 M M 11.1 24 300 M M 1 38 310
10 55 31 43 3 22 0 0.00 M M 11.4 25 280 M M 0 41 270
11 59 19 39 -1 26 0 0.00 M M 18.8 38 250 M M 3 52 230
12 47 16 32 -8 33 0 0.00 M M 12.1 24 350 M M 1 35 340
13 38 4 21 -19 44 0 T M M 16.4 24 10 M M 3 8 31 220
14 18 2 10 -30 55 0 0.00 M M 8.2 17 60 M M 2 24 60
15 20 5 13 -27 52 0 0.00 M M 10.7 25 10 M M 3 34 10
16 34 5 20 -20 45 0 0.00 M M 8.7 15 220 M M 2 22 230
17 68 22 45 5 20 0 0.00 M M 14.9 25 220 M M 0 36 220
18 65 19 42 2 23 0 0.00 M M 10.5 36 10 M M 0 49 10
19 33 16 25 -15 40 0 0.00 M M 8.7 28 20 M M 0 35 10
20 35 17 26 -14 39 0 0.00 M M 10.1 23 160 M M 0 33 180
21 48 22 35 -5 30 0 0.00 M M 14.9 26 190 M M 3 41 190
22 59 36 48 8 17 0 T M M 8.9 18 140 M M 2 18 27 190
23 43 32 38 -3 27 0 0.00 M M 4.8 10 140 M M 9 12 14 140
24 46 33 40 -1 25 0 T M M 4.7 13 170 M M 9 128 18 160
25 52 39 46 5 19 0 0.00 M M 6.4 14 240 M M 7 128 18 250
26 45 39 42 1 23 0 0.36 M M 6.9 16 20 M M 10 12 21 20
27 56 34 45 4 20 0 0.00 M M 7.3 18 350 M M 1 1 25 340
28 67 31 49 8 16 0 0.00 M M 5.6 14 240 M M 0 18 250
29 71 31 51 10 14 0 0.00 M M 3.8 10 240 M M 0 13 140
30 68 33 51 10 14 0 0.00 M M 4.6 10 220 M M 0 12 180
31 71 33 52 11 13 0 0.00 M M 7.7 23 200 M M 1 34 200
================================================================================
SM 1518 771 864 0 1.06 M 294.3 M 81
================================================================================
AV 49.0 24.9 9.5 FASTST M M 3 MAX(MPH)
MISC ----> 46 340 71 340
================================================================================
NOTES:
# LAST OF SEVERAL OCCURRENCES
COLUMN 17 PEAK WIND IN M.P.H.
PRELIMINARY LOCAL CLIMATOLOGICAL DATA (WS FORM: F-6) , PAGE 2
STATION: BORGER
MONTH: JANUARY
YEAR: 2024
LATITUDE: 35 42 N
LONGITUDE: 101 24 W
[TEMPERATURE DATA] [PRECIPITATION DATA] SYMBOLS USED IN COLUMN 16
AVERAGE MONTHLY: 36.9 TOTAL FOR MONTH: 1.06 1 = FOG OR MIST
DPTR FM NORMAL: -3.2 DPTR FM NORMAL: 0.48 2 = FOG REDUCING VISIBILITY
HIGHEST: 71 ON 31,29 GRTST 24HR 0.59 ON 4- 5 TO 1/4 MILE OR LESS
LOWEST: 2 ON 14 3 = THUNDER
SNOW, ICE PELLETS, HAIL 4 = ICE PELLETS
TOTAL MONTH: M 5 = HAIL
GRTST 24HR M ON M 6 = FREEZING RAIN OR DRIZZLE
GRTST DEPTH: M ON M 7 = DUSTSTORM OR SANDSTORM:
VSBY 1/2 MILE OR LESS
8 = SMOKE OR HAZE
[NO. OF DAYS WITH] [WEATHER - DAYS WITH] 9 = BLOWING SNOW
X = TORNADO
MAX 32 OR BELOW: 2 0.01 INCH OR MORE: 4
MAX 90 OR ABOVE: 0 0.10 INCH OR MORE: 3
MIN 32 OR BELOW: 23 0.50 INCH OR MORE: 1
MIN 0 OR BELOW: 0 1.00 INCH OR MORE: 0
[HDD (BASE 65) ]
TOTAL THIS MO. 864 CLEAR (SCALE 0-3) 22
DPTR FM NORMAL 91 PTCLDY (SCALE 4-7) 5
TOTAL FM JUL 1 1986 CLOUDY (SCALE 8-10) 4
DPTR FM NORMAL -230
[CDD (BASE 65) ]
TOTAL THIS MO. 0
DPTR FM NORMAL 0 [PRESSURE DATA]
TOTAL FM JAN 1 0 HIGHEST SLP M ON M
DPTR FM NORMAL 0 LOWEST SLP 29.31 ON 8
[REMARKS]
#FINAL-01-24#