000
CXUS55 KBYZ 011100
CF6BHK
PRELIMINARY LOCAL CLIMATOLOGICAL DATA (WS FORM: F-6)
STATION: BAKER MT
MONTH: DECEMBER
YEAR: 2022
LATITUDE: 46 20 N
LONGITUDE: 104 15 W
TEMPERATURE IN F: :PCPN: SNOW: WIND :SUNSHINE: SKY :PK WND
================================================================================
1 2 3 4 5 6A 6B 7 8 9 10 11 12 13 14 15 16 17 18
12Z AVG MX 2MIN
DY MAX MIN AVG DEP HDD CDD WTR SNW DPTH SPD SPD DIR MIN PSBL S-S WX SPD DR
================================================================================
1 45 9 27 2 38 0 0.00 M M 6.5 18 320 M M M 23 330
2 14 -6 4 -20 61 0 T M M 4.0 29 300 M M M 37 300
3 30 -6 12 -12 53 0 0.00 M M 8.3 18 250 M M M 22 250
4 37 12 25 1 40 0 0.00 M M 11.6 22 270 M M M 27 290
5 22 18 20 -4 45 0 0.03 M M 6.9 17 140 M M 10 1 21 140
6 23 -1 11 -12 54 0 0.11 M M 9.7 18 320 M M 10 1 22 320
7 19 -4 8 -15 57 0 0.02 M M 7.6 20 150 M M 5 1 23 140
8 21 -7 7 -15 58 0 0.00 M M 2.0 12 130 M M 0 1 12 130
9 24 0 12 -10 53 0 0.00 M M 6.7 14 270 M M 1 16 260
10 22 -2 10 -12 55 0 0.00 M M 6.1 16 120 M M 0 18 120
11 24 2 13 -9 52 0 0.00 M M 8.9 17 90 M M 1 12 20 80
12 20 2 11 -10 54 0 0.00 M M 9.9 20 320 M M 10 12 24 320
13 17 14 16 -5 49 0 0.01 M M 17.4 24 320 M M 10 126 31 320
14 15 9 12 -9 53 0 0.01 M M 17.7 30 310 M M 10 1 36 320
15 14 9 12 -8 53 0 T M M 25.9 37 320 M M 10 12 42 320
16 13 5 9 -11 56 0 T M M 17.6 35 310 M M 5 189 42 300
17 16 5 11 -9 54 0 T M M 7.0 16 90 M M 10 1 18 90
18 12 -18 -3 -23 68 0 T M M 7.5 18 310 M M 6 1 22 310
19 -3 -17 -10 -30 75 0 T M M 9.0 20 310 M M 9 18 24 310
20 -7 -13 -10 -29 75 0 T M M 10.3 22 120 M M 9 18 24 120
21 -9 -24 -16 -35 81 0 0.07 M M 19.2 30 290 M M 10 18 37 300
22 -16 -21 -18 -37 83 0 T M M 22.9 35 290 M M 10 18 43 290
23 -4 -23 -13 -32 78 0 0.00 M M 8.9 17 280 M M 3 8 20 130
24 6 -5 1 -18 64 0 0.00 M M 14.3 20 140 M M 5 22 120
25 39 2 21 2 44 0 0.03 M M 20.2 40 320 M M 7 18 51 320
26 41 2 22 4 43 0 0.00 M M 7.7 20 220 M M 3 12 25 220
27 44 27 36 18 29 0 T M M 5.7 18 270 M M 5 23 270
28 42 20 31 13 34 0 T M M 13.8 22 290 M M 4 1 28 300
29 34 17 26 8 39 0 T M M 5.8 17 300 M M 7 1 22 290
30 36 7 22 4 43 0 0.00 M M 4.1 13 250 M M 2 15 250
31 38 15 27 9 38 0 0.00 M M 7.0 16 250 M M 1 18 240
================================================================================
SM 629 28 1679 0 0.28 M 330.2 M 163
================================================================================
AV 20.3 0.9 10.7 FASTST M M 6 MAX(MPH)
MISC ----> 40 320 51 320
================================================================================
NOTES:
# LAST OF SEVERAL OCCURRENCES
COLUMN 17 PEAK WIND IN M.P.H.
PRELIMINARY LOCAL CLIMATOLOGICAL DATA (WS FORM: F-6) , PAGE 2
STATION: BAKER MT
MONTH: DECEMBER
YEAR: 2022
LATITUDE: 46 20 N
LONGITUDE: 104 15 W
[TEMPERATURE DATA] [PRECIPITATION DATA] SYMBOLS USED IN COLUMN 16
AVERAGE MONTHLY: 10.6 TOTAL FOR MONTH: 0.28 1 = FOG OR MIST
DPTR FM NORMAL: -10.1 DPTR FM NORMAL: 0.10 2 = FOG REDUCING VISIBILITY
HIGHEST: 45 ON 1 GRTST 24HR 0.13 ON 5- 6 TO 1/4 MILE OR LESS
LOWEST: -24 ON 21 3 = THUNDER
SNOW, ICE PELLETS, HAIL 4 = ICE PELLETS
TOTAL MONTH: M 5 = HAIL
GRTST 24HR M ON M 6 = FREEZING RAIN OR DRIZZLE
GRTST DEPTH: M ON M 7 = DUSTSTORM OR SANDSTORM:
VSBY 1/2 MILE OR LESS
8 = SMOKE OR HAZE
[NO. OF DAYS WITH] [WEATHER - DAYS WITH] 9 = BLOWING SNOW
X = TORNADO
MAX 32 OR BELOW: 22 0.01 INCH OR MORE: 7
MAX 90 OR ABOVE: 0 0.10 INCH OR MORE: 1
MIN 32 OR BELOW: 31 0.50 INCH OR MORE: 0
MIN 0 OR BELOW: 14 1.00 INCH OR MORE: 0
[HDD (BASE 65) ]
TOTAL THIS MO. 1679 CLEAR (SCALE 0-3) 7
DPTR FM NORMAL 306 PTCLDY (SCALE 4-7) 9
TOTAL FM JUL 1 3618 CLOUDY (SCALE 8-10) 15
DPTR FM NORMAL 272
[CDD (BASE 65) ]
TOTAL THIS MO. 0
DPTR FM NORMAL 0 [PRESSURE DATA]
TOTAL FM JAN 1 613 HIGHEST SLP 30.88 ON 23
DPTR FM NORMAL 145 LOWEST SLP 29.19 ON 27
[REMARKS]
#FINAL-12-22#