000
CXUS54 KBMX 011010
CF6BHM
PRELIMINARY LOCAL CLIMATOLOGICAL DATA (WS FORM: F-6)
STATION: BIRMINGHAM
MONTH: MARCH
YEAR: 2021
LATITUDE: 33 34 N
LONGITUDE: 86 45 W
TEMPERATURE IN F: :PCPN: SNOW: WIND :SUNSHINE: SKY :PK WND
================================================================================
1 2 3 4 5 6A 6B 7 8 9 10 11 12 13 14 15 16 17 18
12Z AVG MX 2MIN
DY MAX MIN AVG DEP HDD CDD WTR SNW DPTH SPD SPD DIR MIN PSBL S-S WX SPD DR
================================================================================
1 73 46 60 9 5 0 0.52 0.0 0 8.8 32 340 M M 10 18 43 330
2 49 43 46 -6 19 0 0.29 0.0 0 6.4 14 50 M M 9 1 19 50
3 64 39 52 0 13 0 0.00 0.0 0 4.6 15 310 M M 3 1 23 320
4 72 35 54 2 11 0 0.00 0.0 0 4.0 16 360 M M 0 19 350
5 69 40 55 3 10 0 0.00 0.0 0 6.4 18 350 M M 6 22 360
6 61 37 49 -4 16 0 0.00 0.0 0 9.1 20 360 M M 2 23 40
7 65 31 48 -5 17 0 0.00 0.0 0 4.4 16 60 M M 1 23 50
8 71 33 52 -1 13 0 0.00 0.0 M 2.2 10 180 M M 0 14 200
9 71 39 55 1 10 0 0.00 0.0 M 3.8 14 180 M M 3 8 18 110
10 75 47 61 7 4 0 0.00 0.0 0 7.9 21 190 M M 3 25 210
11 74 51 63 9 2 0 0.00 0.0 0 6.3 18 190 M M 5 8 22 190
12 79 51 65 11 0 0 0.00 0.0 0 2.6 10 260 M M 6 1 13 220
13 83 56 70 15 0 5 0.00 0.0 0 1.7 12 340 M M 7 18 20
14 81 56 69 14 0 4 0.00 0.0 0 3.7 16 190 M M 5 20 210
15 78 62 70 15 0 5 0.98 0.0 0 7.2 24 180 M M 9 123 32 160
16 70 59 65 10 0 0 0.63 0.0 0 6.4 23 190 M M 10 138 31 190
17 70 58 64 8 1 0 2.37 0.0 0 10.7 33 210 M M 10 138 43 210
18 66 46 56 0 9 0 0.44 0.0 0 14.3 24 260 M M 9 13 33 280
19 54 45 50 -6 15 0 0.00 0.0 0 8.1 17 360 M M 10 20 360
20 62 41 52 -4 13 0 0.00 0.0 0 6.9 21 80 M M 3 33 60
21 66 39 53 -3 12 0 0.00 0.0 0 4.3 14 60 M M 3 17 50
22 74 47 61 4 4 0 0.00 0.0 0 5.3 14 150 M M 6 19 140
23 65 60 63 6 2 0 0.17 0.0 0 9.7 31 120 M M 9 18 43 150
24 78 56 67 10 0 2 0.00 0.0 M 6.2 17 140 M M 6 26 140
25 73 62 68 11 0 3 2.47 0.0 0 13.2 37 290 M M 10 123 47 280
26 77 59 68 10 0 3 0.00 0.0 0 4.0 15 310 M M 7 20 280
27 83 68 76 18 0 11 T 0.0 0 13.0 23 190 M M 8 3 32 190
28 74 47 61 3 4 0 0.41 0.0 0 12.8 31 230 M M 8 13 40 240
29 70 37 54 -4 11 0 0.00 0.0 0 2.6 12 40 M M 0 16 50
30 80 44 62 4 3 0 0.09 0.0 0 6.8 16 210 M M 5 1 22 130
31 70 40 55 -4 10 0 1.17 0.0 M 9.1 24 290 M M 9 138 30 290
================================================================================
SM 2197 1474 204 33 9.54 0.0 212.5 M 182
================================================================================
AV 70.9 47.5 6.9 FASTST M M 6 MAX(MPH)
MISC ----> 37 290 47 280
================================================================================
NOTES:
# LAST OF SEVERAL OCCURRENCES
COLUMN 17 PEAK WIND IN M.P.H.
PRELIMINARY LOCAL CLIMATOLOGICAL DATA (WS FORM: F-6) , PAGE 2
STATION: BIRMINGHAM
MONTH: MARCH
YEAR: 2021
LATITUDE: 33 34 N
LONGITUDE: 86 45 W
[TEMPERATURE DATA] [PRECIPITATION DATA] SYMBOLS USED IN COLUMN 16
AVERAGE MONTHLY: 59.2 TOTAL FOR MONTH: 9.54 1 = FOG OR MIST
DPTR FM NORMAL: 4.0 DPTR FM NORMAL: 4.31 2 = FOG REDUCING VISIBILITY
HIGHEST: 83 ON 27,13 GRTST 24HR 2.81 ON 17-18 TO 1/4 MILE OR LESS
LOWEST: 31 ON 7 3 = THUNDER
SNOW, ICE PELLETS, HAIL 4 = ICE PELLETS
TOTAL MONTH: 0.0 INCH 5 = HAIL
GRTST 24HR 0.0 6 = FREEZING RAIN OR DRIZZLE
GRTST DEPTH: 0 7 = DUSTSTORM OR SANDSTORM:
VSBY 1/2 MILE OR LESS
8 = SMOKE OR HAZE
[NO. OF DAYS WITH] [WEATHER - DAYS WITH] 9 = BLOWING SNOW
X = TORNADO
MAX 32 OR BELOW: 0 0.01 INCH OR MORE: 11
MAX 90 OR ABOVE: 0 0.10 INCH OR MORE: 10
MIN 32 OR BELOW: 1 0.50 INCH OR MORE: 6
MIN 0 OR BELOW: 0 1.00 INCH OR MORE: 3
[HDD (BASE 65) ]
TOTAL THIS MO. 204 CLEAR (SCALE 0-3) 8
DPTR FM NORMAL -118 PTCLDY (SCALE 4-7) 11
TOTAL FM JUL 1 2187 CLOUDY (SCALE 8-10) 12
DPTR FM NORMAL -325
[CDD (BASE 65) ]
TOTAL THIS MO. 33
DPTR FM NORMAL 15 [PRESSURE DATA]
TOTAL FM JAN 1 49 HIGHEST SLP 30.58 ON 8
DPTR FM NORMAL 27 LOWEST SLP 29.61 ON 25
[REMARKS]
#FINAL-03-21#