000
CXUS55 KVEF 020111
CF6BIH
PRELIMINARY LOCAL CLIMATOLOGICAL DATA (WS FORM: F-6)
STATION: BISHOP CA
MONTH: FEBRUARY
YEAR: 2022
LATITUDE: 37 22 N
LONGITUDE: 118 22 W
TEMPERATURE IN F: :PCPN: SNOW: WIND :SUNSHINE: SKY :PK WND
================================================================================
1 2 3 4 5 6A 6B 7 8 9 10 11 12 13 14 15 16 17 18
12Z AVG MX 2MIN
DY MAX MIN AVG DEP HDD CDD WTR SNW DPTH SPD SPD DIR MIN PSBL S-S WX SPD DR
================================================================================
1 48 26 37 -4 28 0 0.00 0.0 0 16.3 29 360 M M 0 37 350
2 46 30 38 -3 27 0 0.00 0.0 0 20.9 36 10 M M 0 45 20
3 58 29 44 3 21 0 0.00 0.0 0 12.9 25 360 M M 0 31 10
4 56 17 37 -4 28 0 0.00 0.0 0 5.8 14 340 M M 0 16 350
5 67 21 44 3 21 0 0.00 0.0 0 9.5 23 360 M M 0 30 10
6 69 28 49 7 16 0 0.00 0.0 0 10.8 22 350 M M 0 27 350
7 68 23 46 4 19 0 0.00 0.0 0 5.0 12 300 M M 0 12 290
8 71 29 50 8 15 0 0.00 0.0 0 8.4 15 10 M M 0 22 340
9 70 30 50 8 15 0 0.00 0.0 0 10.8 20 360 M M 0 25 360
10 74 32 53 11 12 0 0.00 0.0 0 9.4 15 350 M M 0 18 340
11 77 31 54 12 11 0 0.00 0.0 0 8.2 22 350 M M 0 27 350
12 70 26 48 6 17 0 0.00 0.0 0 6.5 15 160 M M 0 19 170
13 70 27 49 7 16 0 0.00 0.0 0 5.7 10 320 M M 0 13 180
14 69 27 48 6 17 0 0.00 0.0 0 6.5 15 250 M M 0 23 270
15 59 34 47 4 18 0 T 0.0 0 15.9 36 240 M M 5 48 240
16 61 31 46 3 19 0 0.00 0.0 0 17.5 39 340 M M 0 50 360
17 61 26 44 1 21 0 0.00 0.0 0 6.1 14 330 M M 0 18 20
18 67 22 45 2 20 0 0.00 0.0 0 4.3 13 300 M M 0 13 300
19 65 23 44 1 21 0 0.00 0.0 0 4.9 12 320 M M 0 12 160
20 61 22 42 -2 23 0 0.00 0.0 0 4.7 15 360 M M 0 19 10
21 60 31 46 2 19 0 0.00 0.0 0 15.9 37 360 M M 0 51 30
22 51 20 36 -8 29 0 0.00 0.0 0 11.0 30 250 M M 2 37 250
23 41 21 31 -13 34 0 0.00 0.0 0 17.1 30 360 M M 4 38 360
24 47 8 28 -16 37 0 0.00 0.0 0 5.6 13 340 M M 0 16 170
25 52 11 32 -13 33 0 0.00 0.0 0 6.6 14 330 M M 0 17 340
26 58 15 37 -8 28 0 0.00 0.0 0 8.2 18 160 M M 0 23 150
27 67 28 48 3 17 0 0.00 0.0 0 3.9 10 310 M M 1 11 310
28 74 23 49 3 16 0 0.00 0.0 0 5.8 13 330 M M 0 13 330
================================================================================
SM 1737 691 598 0 T 0.0 264.2 M 12
================================================================================
AV 62.0 24.7 9.4 FASTST M M 0 MAX(MPH)
MISC ----> 39 340 51 30
================================================================================
NOTES:
# LAST OF SEVERAL OCCURRENCES
COLUMN 17 PEAK WIND IN M.P.H.
PRELIMINARY LOCAL CLIMATOLOGICAL DATA (WS FORM: F-6) , PAGE 2
STATION: BISHOP CA
MONTH: FEBRUARY
YEAR: 2022
LATITUDE: 37 22 N
LONGITUDE: 118 22 W
[TEMPERATURE DATA] [PRECIPITATION DATA] SYMBOLS USED IN COLUMN 16
AVERAGE MONTHLY: 43.4 TOTAL FOR MONTH: T 1 = FOG OR MIST
DPTR FM NORMAL: 0.5 DPTR FM NORMAL: -0.89 2 = FOG REDUCING VISIBILITY
HIGHEST: 77 ON 11 GRTST 24HR 0.45 ON 4- 4 TO 1/4 MILE OR LESS
LOWEST: 8 ON 24 3 = THUNDER
SNOW, ICE PELLETS, HAIL 4 = ICE PELLETS
TOTAL MONTH: 0.0 INCH 5 = HAIL
GRTST 24HR 0.0 6 = FREEZING RAIN OR DRIZZLE
GRTST DEPTH: 0 7 = DUSTSTORM OR SANDSTORM:
VSBY 1/2 MILE OR LESS
8 = SMOKE OR HAZE
[NO. OF DAYS WITH] [WEATHER - DAYS WITH] 9 = BLOWING SNOW
X = TORNADO
MAX 32 OR BELOW: 0 0.01 INCH OR MORE: 0
MAX 90 OR ABOVE: 0 0.10 INCH OR MORE: 0
MIN 32 OR BELOW: 27 0.50 INCH OR MORE: 0
MIN 0 OR BELOW: 0 1.00 INCH OR MORE: 0
[HDD (BASE 65) ]
TOTAL THIS MO. 598 CLEAR (SCALE 0-3) 26
DPTR FM NORMAL -22 PTCLDY (SCALE 4-7) 2
TOTAL FM JUL 1 2805 CLOUDY (SCALE 8-10) 0
DPTR FM NORMAL -279
[CDD (BASE 65) ]
TOTAL THIS MO. 0
DPTR FM NORMAL 0 [PRESSURE DATA]
TOTAL FM JAN 1 0 HIGHEST SLP 30.57 ON 4
DPTR FM NORMAL 0 LOWEST SLP 29.49 ON 15
[REMARKS]
#FINAL-02-22#