000
CXUS53 KBIS 011557
CF6BIS
PRELIMINARY LOCAL CLIMATOLOGICAL DATA (WS FORM: F-6)
STATION: BISMARCK ND
MONTH: NOVEMBER
YEAR: 2022
LATITUDE: 46 46 N
LONGITUDE: 100 45 W
TEMPERATURE IN F: :PCPN: SNOW: WIND :SUNSHINE: SKY :PK WND
================================================================================
1 2 3 4 5 6A 6B 7 8 9 10 11 12 13 14 15 16 17 18
12Z AVG MX 2MIN
DY MAX MIN AVG DEP HDD CDD WTR SNW DPTH SPD SPD DIR MIN PSBL S-S WX SPD DR
================================================================================
1 74 32 53 17 12 0 0.00 0.0 0 7.8 22 160 M M 0 29 170
2 77 43 60 24 5 0 0.00 0.0 0 12.7 31 310 M M 0 47 310
3 43 26 35 -1 30 0 0.00 0.0 0 15.0 28 320 M M 2 39 330
4 47 14 31 -4 34 0 0.00 0.0 0 7.3 16 200 M M 0 23 190
5 48 26 37 2 28 0 0.01 0.0 0 13.7 38 280 M M 5 53 280
6 41 21 31 -3 34 0 0.00 0.0 0 24.9 44 290 M M 6 67 290
7 33 12 23 -11 42 0 0.08 1.4 0 12.0 29 120 M M 6 1 38 120
8 43 29 36 3 29 0 0.00 0.0 1 10.8 22 120 M M 1 8 32 120
9 29 23 26 -7 39 0 T T T 12.2 22 20 M M 10 16 30 10
10 22 14 18 -14 47 0 1.23 17.0 3 15.3 25 340 M M 10 1268 37 330
11 17 -3 7 -25 58 0 T 0.1 17 10.6 21 290 M M 7 31 310
12 9 -6 2 -29 63 0 T T 15 4.6 10 70 M M 10 128 12 70
13 16 3 10 -21 55 0 0.08 1.2 14 5.5 12 100 M M 10 18 14 70
14 17 2 10 -20 55 0 T 0.3 14 3.2 8 320 M M 10 18 10 320
15 19 5 12 -18 53 0 T 0.2 13 8.2 17 330 M M 8 18 22 320
16 30 6 18 -12 47 0 0.01 0.5 13 11.5 28 310 M M 10 18 37 310
17 24 6 15 -14 50 0 T T 13 19.5 31 320 M M 9 89 41 320
18 21 3 12 -17 53 0 T T 10 16.1 30 280 M M 7 43 290
19 22 7 15 -13 50 0 0.02 0.5 9 10.1 23 310 M M 7 8 31 320
20 30 3 17 -11 48 0 0.00 0.0 9 9.0 18 280 M M 0 25 280
21 30 13 22 -5 43 0 0.00 0.0 9 5.6 15 310 M M 2 22 310
22 37 10 24 -3 41 0 0.00 0.0 9 3.9 12 220 M M 0 18 14 240
23 37 15 26 0 39 0 0.00 0.0 9 5.9 18 320 M M 0 24 320
24 39 22 31 5 34 0 0.00 0.0 9 7.8 22 310 M M 0 30 320
25 47 16 32 6 33 0 0.00 0.0 9 4.3 12 350 M M 0 14 250
26 40 22 31 6 34 0 0.00 0.0 9 9.6 21 330 M M 1 32 340
27 36 11 24 -1 41 0 0.00 0.0 9 6.7 16 170 M M 1 18 21 160
28 35 16 26 2 39 0 T T 9 14.7 32 280 M M 5 48 280
29 19 12 16 -8 49 0 T T 9 20.5 35 280 M M 5 49 270
30 17 4 11 -13 54 0 0.01 0.1 9 11.6 30 290 M M 5 38 310
================================================================================
SM 999 407 1239 0 1.44 21.3 320.6 M 137
================================================================================
AV 33.3 13.6 10.7 FASTST M M 5 MAX(MPH)
MISC ----> 44 290 67 290
================================================================================
NOTES:
# LAST OF SEVERAL OCCURRENCES
COLUMN 17 PEAK WIND IN M.P.H.
PRELIMINARY LOCAL CLIMATOLOGICAL DATA (WS FORM: F-6) , PAGE 2
STATION: BISMARCK ND
MONTH: NOVEMBER
YEAR: 2022
LATITUDE: 46 46 N
LONGITUDE: 100 45 W
[TEMPERATURE DATA] [PRECIPITATION DATA] SYMBOLS USED IN COLUMN 16
AVERAGE MONTHLY: 23.4 TOTAL FOR MONTH: 1.44 1 = FOG OR MIST
DPTR FM NORMAL: -6.5 DPTR FM NORMAL: 0.75 2 = FOG REDUCING VISIBILITY
HIGHEST: 77 ON 2 GRTST 24HR 1.23 ON 10-10 TO 1/4 MILE OR LESS
LOWEST: -6 ON 12 3 = THUNDER
SNOW, ICE PELLETS, HAIL 4 = ICE PELLETS
TOTAL MONTH: 21.3 INCHES 5 = HAIL
GRTST 24HR 17.0 ON 10-10 6 = FREEZING RAIN OR DRIZZLE
GRTST DEPTH: 17 ON 11 7 = DUSTSTORM OR SANDSTORM:
VSBY 1/2 MILE OR LESS
8 = SMOKE OR HAZE
[NO. OF DAYS WITH] [WEATHER - DAYS WITH] 9 = BLOWING SNOW
X = TORNADO
MAX 32 OR BELOW: 15 0.01 INCH OR MORE: 7
MAX 90 OR ABOVE: 0 0.10 INCH OR MORE: 1
MIN 32 OR BELOW: 29 0.50 INCH OR MORE: 1
MIN 0 OR BELOW: 2 1.00 INCH OR MORE: 1
[HDD (BASE 65) ]
TOTAL THIS MO. 1239 CLEAR (SCALE 0-3) 13
DPTR FM NORMAL 185 PTCLDY (SCALE 4-7) 9
TOTAL FM JUL 1 1874 CLOUDY (SCALE 8-10) 8
DPTR FM NORMAL -57
[CDD (BASE 65) ]
TOTAL THIS MO. 0
DPTR FM NORMAL 0 [PRESSURE DATA]
TOTAL FM JAN 1 755 HIGHEST SLP 30.58 ON 7
DPTR FM NORMAL 219 LOWEST SLP 29.21 ON 5
[REMARKS]
#FINAL-11-22#
PRECIPITATION VALUES WERE TAKEN FROM THE NWS COOP SITE ON 11/10