000
CXUS53 KGRR 011010
CF6BIV
PRELIMINARY LOCAL CLIMATOLOGICAL DATA (WS FORM: F-6)
STATION: HOLLAND
MONTH: NOVEMBER
YEAR: 2022
LATITUDE: 42 49 N
LONGITUDE: 86 10 W
TEMPERATURE IN F: :PCPN: SNOW: WIND :SUNSHINE: SKY :PK WND
================================================================================
1 2 3 4 5 6A 6B 7 8 9 10 11 12 13 14 15 16 17 18
12Z AVG MX 2MIN
DY MAX MIN AVG DEP HDD CDD WTR SNW DPTH SPD SPD DIR MIN PSBL S-S WX SPD DR
================================================================================
1 64 43 54 8 11 0 0.00 M M 5.4 12 220 M M 5 18 17 220
2 69 40 55 10 10 0 0.00 M M 5.6 13 180 M M 0 20 230
3 71 49 60 15 5 0 0.00 M M 10.1 22 220 M M 0 30 230
4 70 60 65 20 0 0 0.03 M M 13.2 25 200 M M 6 1 36 200
5 68 49 59 15 6 0 0.28 M M 20.2 39 230 M M 8 13 54 220
6 64 43 54 10 11 0 0.00 M M 15.0 28 240 M M 0 36 240
7 53 37 45 1 20 0 0.00 M M 10.5 21 280 M M 0 34 290
8 55 37 46 3 19 0 0.00 M M 9.6 17 110 M M 0 24 110
9 61 39 50 7 15 0 T M M 7.9 13 170 M M 5 20 160
10 75 56 66 23 0 1 0.00 M M 11.5 28 220 M M 1 41 210
11 59 36 48 6 17 0 0.00 M M 10.4 18 310 M M 6 29 320
12 39 32 36 -6 29 0 0.15 M M 6.9 17 310 M M 10 1 26 340
13 35 31 33 -9 32 0 0.11 M M 4.5 14 320 M M 10 1 21 310
14 36 29 33 -8 32 0 0.00 M M 5.0 13 180 M M 9 16 190
15 34 30 32 -9 33 0 0.21 M M 6.0 18 100 M M 9 1 26 100
16 39 26 33 -7 32 0 0.12 M M 3.1 8 330 M M 9 12 13 340
17 36 25 31 -9 34 0 0.31 M M 13.9 33 250 M M 10 128 45 260
18 31 25 28 -12 37 0 0.10 M M 16.2 26 250 M M 10 18 37 260
19 28 21 25 -14 40 0 0.03 M M 19.4 29 300 M M 10 128 43 290
20 29 22 26 -13 39 0 0.01 M M 13.9 21 260 M M 7 34 290
21 42 25 34 -5 31 0 0.00 M M 13.8 32 250 M M 0 50 250
22 44 23 34 -4 31 0 0.00 M M 4.6 20 250 M M 0 1 26 250
23 51 28 40 2 25 0 0.00 M M 4.6 15 230 M M 0 18 21 230
24 51 34 43 5 22 0 0.01 M M 7.3 18 260 M M 5 1 28 270
25 47 34 41 4 24 0 0.00 M M 10.0 20 300 M M 5 31 300
26 52 38 45 8 20 0 0.00 M M 11.5 24 220 M M 0 30 220
27 46 37 42 5 23 0 0.35 M M 6.8 17 340 M M 7 1 25 340
28 44 29 37 1 28 0 0.00 M M 3.9 10 200 M M 7 17 350
29 56 35 46 10 19 0 0.16 M M 12.7 28 230 M M 8 1 41 250
30 52 28 40 4 25 0 T M M 19.9 32 260 M M 10 46 270
================================================================================
SM 1501 1041 670 1 1.87 M 303.4 M 157
================================================================================
AV 50.0 34.7 10.1 FASTST M M 5 MAX(MPH)
MISC ----> 39 230 54 220
================================================================================
NOTES:
# LAST OF SEVERAL OCCURRENCES
COLUMN 17 PEAK WIND IN M.P.H.
PRELIMINARY LOCAL CLIMATOLOGICAL DATA (WS FORM: F-6) , PAGE 2
STATION: HOLLAND
MONTH: NOVEMBER
YEAR: 2022
LATITUDE: 42 49 N
LONGITUDE: 86 10 W
[TEMPERATURE DATA] [PRECIPITATION DATA] SYMBOLS USED IN COLUMN 16
AVERAGE MONTHLY: 42.4 TOTAL FOR MONTH: 1.87 1 = FOG OR MIST
DPTR FM NORMAL: 1.7 DPTR FM NORMAL: -1.33 2 = FOG REDUCING VISIBILITY
HIGHEST: 75 ON 10 GRTST 24HR 0.35 ON 27-27 TO 1/4 MILE OR LESS
LOWEST: 21 ON 19 3 = THUNDER
SNOW, ICE PELLETS, HAIL 4 = ICE PELLETS
TOTAL MONTH: M 5 = HAIL
GRTST 24HR M ON M 6 = FREEZING RAIN OR DRIZZLE
GRTST DEPTH: M ON M 7 = DUSTSTORM OR SANDSTORM:
VSBY 1/2 MILE OR LESS
8 = SMOKE OR HAZE
[NO. OF DAYS WITH] [WEATHER - DAYS WITH] 9 = BLOWING SNOW
X = TORNADO
MAX 32 OR BELOW: 3 0.01 INCH OR MORE: 13
MAX 90 OR ABOVE: 0 0.10 INCH OR MORE: 9
MIN 32 OR BELOW: 14 0.50 INCH OR MORE: 0
MIN 0 OR BELOW: 0 1.00 INCH OR MORE: 0
[HDD (BASE 65) ]
TOTAL THIS MO. 670 CLEAR (SCALE 0-3) 10
DPTR FM NORMAL -59 PTCLDY (SCALE 4-7) 11
TOTAL FM JUL 1 1183 CLOUDY (SCALE 8-10) 9
DPTR FM NORMAL -113
[CDD (BASE 65) ]
TOTAL THIS MO. 1
DPTR FM NORMAL 1 [PRESSURE DATA]
TOTAL FM JAN 1 740 HIGHEST SLP 30.74 ON 8
DPTR FM NORMAL 109 LOWEST SLP 29.39 ON 29
[REMARKS]
#FINAL-11-22#