000
CXUS56 KBOI 011002
CF6BKE
PRELIMINARY LOCAL CLIMATOLOGICAL DATA (WS FORM: F-6)
STATION: BAKER OR
MONTH: APRIL
YEAR: 2023
LATITUDE: 44 50 N
LONGITUDE: 117 49 W
TEMPERATURE IN F: :PCPN: SNOW: WIND :SUNSHINE: SKY :PK WND
================================================================================
1 2 3 4 5 6A 6B 7 8 9 10 11 12 13 14 15 16 17 18
12Z AVG MX 2MIN
DY MAX MIN AVG DEP HDD CDD WTR SNW DPTH SPD SPD DIR MIN PSBL S-S WX SPD DR
================================================================================
1 47 26 37 -6 28 0 0.03 M M 9.1 30 310 M M 7 1 38 300
2 40 26 33 -10 32 0 0.11 M M 5.8 18 190 M M 7 12 24 190
3 41 19 30 -14 35 0 T M M 10.2 29 320 M M 4 12 36 320
4 43 22 33 -11 32 0 T M M 12.2 24 340 M M 2 35 330
5 46 15 31 -13 34 0 0.00 M M 7.1 18 160 M M 0 23 170
6 53 28 41 -3 24 0 0.00 M M 15.8 25 150 M M 5 8 37 130
7 46 35 41 -3 24 0 0.02 M M 12.6 22 90 M M 10 33 130
8 55 27 41 -3 24 0 0.00 M M 7.5 18 160 M M 5 12 23 170
9 61 25 43 -1 22 0 T M M 9.2 25 110 M M 6 33 110
10 74 42 58 14 7 0 0.00 M M 12.3 23 160 M M 0 35 140
11 55 34 45 0 20 0 0.05 M M 10.9 26 340 M M 8 35 340
12 41 30 36 -9 29 0 T M M 11.9 29 330 M M 10 1 39 320
13 47 26 37 -8 28 0 T M M 8.0 18 340 M M 6 1 26 300
14 51 25 38 -7 27 0 0.00 M M 3.8 13 330 M M 6 17 330
15 59 20 40 -5 25 0 0.00 M M 7.6 22 170 M M 1 29 110
16 65 37 51 5 14 0 0.01 M M 12.5 36 350 M M 3 8 47 340
17 52 34 43 -3 22 0 0.02 M M 7.8 28 170 M M 7 1 36 170
18 43 19 31 -15 34 0 0.02 M M 9.5 28 330 M M 6 1 35 330
19 43 16 30 -16 35 0 T M M 4.2 22 310 M M 4 1 28 310
20 49 18 34 -13 31 0 0.02 M M 6.2 17 140 M M 4 12 33 170
21 46 33 40 -7 25 0 0.06 M M 7.7 22 20 M M 9 1 27 30
22 56 34 45 -2 20 0 T M M 1.9 8 360 M M 8 14 360
23 51 33 42 -5 23 0 0.28 M M 6.5 16 90 M M 8 1 21 80
24 51 32 42 -6 23 0 0.03 M M 14.3 30 340 M M 7 39 320
25 62 29 46 -2 19 0 0.00 M M 6.3 15 340 M M 1 24 310
26 70 27 49 1 16 0 0.00 M M 2.7 9 320 M M 0 1 11 340
27 70 38 54 5 11 0 0.00 M M 10.7 25 340 M M 0 8 35 350
28 72 30 51 2 14 0 0.00 M M 6.3 17 110 M M 0 27 110
29 80 34 57 8 8 0 0.00 M M 5.0 16 120 M M 0 23 110
30 81 36 59 9 6 0 0.00 M M 7.8 22 160 M M 0 32 320
================================================================================
SM 1650 850 692 0 0.65 M 253.4 M 134
================================================================================
AV 55.0 28.3 8.4 FASTST M M 4 MAX(MPH)
MISC ----> 36 350 47 340
================================================================================
NOTES:
# LAST OF SEVERAL OCCURRENCES
COLUMN 17 PEAK WIND IN M.P.H.
PRELIMINARY LOCAL CLIMATOLOGICAL DATA (WS FORM: F-6) , PAGE 2
STATION: BAKER OR
MONTH: APRIL
YEAR: 2023
LATITUDE: 44 50 N
LONGITUDE: 117 49 W
[TEMPERATURE DATA] [PRECIPITATION DATA] SYMBOLS USED IN COLUMN 16
AVERAGE MONTHLY: 41.7 TOTAL FOR MONTH: 0.65 1 = FOG OR MIST
DPTR FM NORMAL: -4.2 DPTR FM NORMAL: -0.17 2 = FOG REDUCING VISIBILITY
HIGHEST: 81 ON 30 GRTST 24HR 0.29 ON 23-24 TO 1/4 MILE OR LESS
LOWEST: 15 ON 5 3 = THUNDER
SNOW, ICE PELLETS, HAIL 4 = ICE PELLETS
TOTAL MONTH: M 5 = HAIL
GRTST 24HR M ON M 6 = FREEZING RAIN OR DRIZZLE
GRTST DEPTH: M ON M 7 = DUSTSTORM OR SANDSTORM:
VSBY 1/2 MILE OR LESS
8 = SMOKE OR HAZE
[NO. OF DAYS WITH] [WEATHER - DAYS WITH] 9 = BLOWING SNOW
X = TORNADO
MAX 32 OR BELOW: 0 0.01 INCH OR MORE: 11
MAX 90 OR ABOVE: 0 0.10 INCH OR MORE: 2
MIN 32 OR BELOW: 19 0.50 INCH OR MORE: 0
MIN 0 OR BELOW: 0 1.00 INCH OR MORE: 0
[HDD (BASE 65) ]
TOTAL THIS MO. 692 CLEAR (SCALE 0-3) 11
DPTR FM NORMAL 118 PTCLDY (SCALE 4-7) 15
TOTAL FM JUL 1 6947 CLOUDY (SCALE 8-10) 4
DPTR FM NORMAL 793
[CDD (BASE 65) ]
TOTAL THIS MO. 0
DPTR FM NORMAL 0 [PRESSURE DATA]
TOTAL FM JAN 1 0 HIGHEST SLP 30.44 ON 20
DPTR FM NORMAL 0 LOWEST SLP 29.63 ON 30
[REMARKS]
#FINAL-04-23#