000
CXUS51 KRNK 010803
CLSBLF
CLIMATE REPORT
NATIONAL WEATHER SERVICE BLACKSBURG, VA
403 AM EDT WED SEP 01 2021
...................................
...THE BLUEFIELD WV CLIMATE SUMMARY FOR THE SEASON, FROM
6/1/2021 TO 8/31/2021...
CLIMATE NORMAL PERIOD: 1991 TO 2020
CLIMATE RECORD PERIOD: 1909 TO 2021
WEATHER OBSERVED NORMAL DEPART LAST YEAR`S
VALUE DATE(S) VALUE FROM VALUE
NORMAL
..............................................................
TEMPERATURE (F)
RECORD
HIGH 99 08/09/1957
07/28/1952
LOW 31 06/17/1917
HIGHEST 87 08/12 87
08/13
LOWEST 45 06/23 43
AVG. MAXIMUM 78.9 77.6 1.3 77.3
AVG. MINIMUM 61.0 60.3 0.7 61.1
MEAN 70.0 68.9 1.1 69.2
DAYS MAX >= 90 0 2.0 -2.0 0
DAYS MAX <= 32 0 0.0 0.0 0
DAYS MIN <= 32 0 0.0 0.0 0
DAYS MIN <= 0 0 0.0 0.0 0
PRECIPITATION (INCHES)
RECORD
MAXIMUM 19.16 2006
MINIMUM 6.12 1997
TOTALS 8.87 11.64 -2.77 14.40
DAYS >= .01 34 38.7 -4.7 46
DAYS >= .10 25 23.6 1.4 30
DAYS >= .50 5 7.5 -2.5 9
DAYS >= 1.00 0 2.1 -2.1 3
GREATEST
24 HR. TOTAL 1.05 2.18
SNOWFALL (INCHES)
TOTALS 0.0 0.0
DAYS >= TRACE 0 0
DAYS >= 1.0 0 0
GREATEST
24 HR TOTAL 0.0 0.0
DEGREE DAYS
HEATING TOTAL 36 62 -26 56
COOLING TOTAL 514 426 88 477
..............................................................
WIND (MPH)
AVERAGE WIND SPEED 4.6
RESULTANT WIND SPEED/DIRECTION 2/260
HIGHEST WIND SPEED/DIRECTION 24/280 DATE 08/14
HIGHEST GUST SPEED/DIRECTION 32/270 DATE 08/14
SKY COVER
AVERAGE SKY COVER 0.35
AVERAGE RH (PERCENT) 73
WEATHER CONDITIONS. NUMBER OF DAYS WITH
THUNDERSTORM 30 MIXED PRECIP 0
HEAVY RAIN 16 RAIN 21
LIGHT RAIN 49 FREEZING RAIN 0
LT FREEZING RAIN 0 HAIL 0
HEAVY SNOW 0 SNOW 0
LIGHT SNOW 0 SLEET 0
FOG 47 FOG W/VIS <= 1/4 MILE 11
HAZE 2
- INDICATES NEGATIVE NUMBERS.
R INDICATES RECORD WAS SET OR TIED.
MM INDICATES DATA IS MISSING.
T INDICATES TRACE AMOUNT.
$$
RAB