685
CXUS53 KIND 010600
CF6BMG
PRELIMINARY LOCAL CLIMATOLOGICAL DATA (WS FORM: F-6)
STATION: BLOOMINGTON IN
MONTH: AUGUST
YEAR: 2020
LATITUDE: 39 7 N
LONGITUDE: 86 37 W
TEMPERATURE IN F: :PCPN: SNOW: WIND :SUNSHINE: SKY :PK WND
================================================================================
1 2 3 4 5 6A 6B 7 8 9 10 11 12 13 14 15 16 17 18
12Z AVG MX 2MIN
DY MAX MIN AVG DEP HDD CDD WTR SNW DPTH SPD SPD DIR MIN PSBL S-S WX SPD DR
================================================================================
1 75 67 71 -3 0 6 1.03 M M 5.7 10 60 M M 10 1 14 290
2 82 61 72 -2 0 7 0.10 M M 5.9 13 240 M M 7 1 20 220
3 81 64 73 -1 0 8 0.15 M M 2.7 10 20 M M 4 13 18 320
4 78 58 68 -6 0 3 T M M 4.9 13 360 M M 5 17 360
5 78 54 66 -8 0 1 0.00 M M 2.1 9 40 M M 2 1 13 340
6 80 57 69 -5 0 4 0.00 M M 2.8 10 20 M M 4 15 50
7 83 55 69 -5 0 4 0.00 M M 3.4 14 60 M M 1 1 19 70
8 85 55 70 -4 0 5 0.00 M M 1.4 7 150 M M 0 1 10 160
9 86 63 75 1 0 10 0.00 M M 4.4 16 240 M M 1 1 22 210
10 90 69 80 6 0 15 1.92 M M 8.3 17 350 M M 6 13 37 360
11 85 69 77 3 0 12 T M M 3.3 12 180 M M 5 1 16 180
12 86 68 77 4 0 12 0.00 M M 1.7 7 190 M M 3 1 11 130
13 88 70 79 6 0 14 0.00 M M 2.3 12 20 M M 2 1 16 10
14 89 70 80 7 0 15 0.00 M M 2.1 9 10 M M 2 1 13 10
15 89 66 78 5 0 13 0.00 M M 1.6 9 40 M M 1 1 12 40
16 84 65 75 2 0 10 0.00 M M 4.7 17 10 M M 2 18 24 360
17 85 63 74 1 0 9 0.00 M M 2.2 13 220 M M 1 18 220
18 77 63 70 -3 0 5 0.18 M M 5.1 15 60 M M 7 1 19 60
19 80 56 68 -5 0 3 0.00 M M 5.2 15 30 M M 0 20 30
20 82 53 68 -5 0 3 0.00 M M 3.3 12 130 M M 0 1 17 130
21 84 57 71 -2 0 6 0.00 M M 2.2 10 110 M M 0 1 16 150
22 86 60 73 0 0 8 0.01 M M 1.9 10 140 M M 2 1 14 170
23 87 63 75 2 0 10 0.00 M M 2.6 9 230 M M 2 1 17 230
24 91 68 80 8 0 15 0.00 M M 5.3 14 220 M M 1 1 22 220
25 91 71 81 9 0 16 0.00 M M 3.7 9 260 M M 1 1 14 250
26 88 67 78 6 0 13 0.00 M M 4.7 13 200 M M 1 1 19 180
27 84 73 79 7 0 14 T M M 5.1 10 230 M M 1 16 240
28 90 69 80 8 0 15 T M M 5.6 17 160 M M 3 25 150
29 88 62 75 3 0 10 0.00 M M 4.5 15 300 M M 5 1 23 290
30 82 55 69 -2 0 4 0.00 M M 3.5 15 120 M M 0 1 20 120
31 82 60 71 0 0 6 T M M 3.5 9 180 M M 7 1 13 150
================================================================================
SM 2616 1951 0 276 3.39 M 115.7 M 86
================================================================================
AV 84.4 62.9 3.7 FASTST M M 3 MAX(MPH)
MISC ----> # 17 350 37 360
================================================================================
NOTES:
# LAST OF SEVERAL OCCURRENCES
COLUMN 17 PEAK WIND IN M.P.H.
PRELIMINARY LOCAL CLIMATOLOGICAL DATA (WS FORM: F-6) , PAGE 2
STATION: BLOOMINGTON IN
MONTH: AUGUST
YEAR: 2020
LATITUDE: 39 7 N
LONGITUDE: 86 37 W
[TEMPERATURE DATA] [PRECIPITATION DATA] SYMBOLS USED IN COLUMN 16
AVERAGE MONTHLY: 73.7 TOTAL FOR MONTH: 3.39 1 = FOG OR MIST
DPTR FM NORMAL: 0.7 DPTR FM NORMAL: -0.13 2 = FOG REDUCING VISIBILITY
HIGHEST: 91 ON 25,24 GRTST 24HR 1.92 ON 10-10 TO 1/4 MILE OR LESS
LOWEST: 53 ON 20 3 = THUNDER
SNOW, ICE PELLETS, HAIL 4 = ICE PELLETS
TOTAL MONTH: M 5 = HAIL
GRTST 24HR M ON M 6 = FREEZING RAIN OR DRIZZLE
GRTST DEPTH: M ON M 7 = DUSTSTORM OR SANDSTORM:
VSBY 1/2 MILE OR LESS
8 = SMOKE OR HAZE
[NO. OF DAYS WITH] [WEATHER - DAYS WITH] 9 = BLOWING SNOW
X = TORNADO
MAX 32 OR BELOW: 0 0.01 INCH OR MORE: 6
MAX 90 OR ABOVE: 4 0.10 INCH OR MORE: 5
MIN 32 OR BELOW: 0 0.50 INCH OR MORE: 2
MIN 0 OR BELOW: 0 1.00 INCH OR MORE: 2
[HDD (BASE 65) ]
TOTAL THIS MO. 0 CLEAR (SCALE 0-3) 21
DPTR FM NORMAL -5 PTCLDY (SCALE 4-7) 9
TOTAL FM JUL 1 0 CLOUDY (SCALE 8-10) 1
DPTR FM NORMAL -2
[CDD (BASE 65) ]
TOTAL THIS MO. 276
DPTR FM NORMAL 25 [PRESSURE DATA]
TOTAL FM JAN 1 1063 HIGHEST SLP M ON M
DPTR FM NORMAL 246 LOWEST SLP 29.68 ON 29
[REMARKS]
#FINAL-08-20#