000
CXUS56 KBOI 011002
CF6BNO
PRELIMINARY LOCAL CLIMATOLOGICAL DATA (WS FORM: F-6)
STATION: BURNS OR
MONTH: APRIL
YEAR: 2021
LATITUDE: 43 34 N
LONGITUDE: 118 57 W
TEMPERATURE IN F: :PCPN: SNOW: WIND :SUNSHINE: SKY :PK WND
================================================================================
1 2 3 4 5 6A 6B 7 8 9 10 11 12 13 14 15 16 17 18
12Z AVG MX 2MIN
DY MAX MIN AVG DEP HDD CDD WTR SNW DPTH SPD SPD DIR MIN PSBL S-S WX SPD DR
================================================================================
1 73 17 45 4 20 0 0.00 M M 6.9 22 250 M M 0 32 230
2 73 25 49 8 16 0 0.00 M M 5.7 21 240 M M 0 31 210
3 71 30 51 10 14 0 0.00 M M 4.1 15 250 M M 0 23 260
4 69 25 47 6 18 0 0.00 M M 8.4 23 320 M M 0 32 310
5 49 21 35 -6 30 0 0.00 M M 13.8 30 330 M M 3 39 350
6 61 13 37 -4 28 0 0.00 M M 3.9 10 210 M M 0 13 190
7 69 19 44 3 21 0 0.00 M M 10.0 24 260 M M 1 33 230
8 53 20 37 -5 28 0 0.00 M M 12.6 28 290 M M 3 44 270
9 66 14 40 -2 25 0 0.00 M M 5.5 14 300 M M 0 19 210
10 57 27 42 0 23 0 0.00 M M 14.3 26 300 M M 1 37 320
11 54 15 35 -7 30 0 0.00 M M 6.2 16 360 M M 0 23 360
12 54 11 33 -9 32 0 0.00 M M 5.4 16 90 M M 0 24 110
13 55 27 41 -1 24 0 T M M 12.8 28 360 M M 6 8 37 10
14 55 26 41 -1 24 0 0.00 M M 11.3 22 350 M M 3 33 340
15 62 19 41 -2 24 0 0.00 M M 6.9 15 10 M M 4 23 310
16 63 30 47 4 18 0 0.00 M M 9.6 23 80 M M 1 31 60
17 69 23 46 3 19 0 0.00 M M 5.3 15 70 M M 0 26 90
18 76 22 49 6 16 0 0.00 M M 6.5 20 320 M M 0 26 360
19 66 28 47 3 18 0 0.00 M M 9.2 22 350 M M 0 31 330
20 61 25 43 -1 22 0 0.00 M M 8.8 21 70 M M 0 30 80
21 67 28 48 4 17 0 0.00 M M 6.9 16 10 M M 0 22 10
22 69 23 46 2 19 0 0.00 M M 9.7 25 300 M M 0 47 300
23 69 23 46 1 19 0 0.00 M M 6.9 24 340 M M 1 32 340
24 57 40 49 4 16 0 0.07 M M 9.9 28 240 M M 9 13 36 240
25 50 33 42 -3 23 0 0.27 M M 5.8 22 210 M M 9 1 27 200
26 46 33 40 -6 25 0 0.19 M M 6.9 22 340 M M 8 1 31 340
27 61 33 47 1 18 0 0.00 M M 7.3 16 220 M M 1 22 210
28 71 28 50 4 15 0 0.00 M M 5.0 15 180 M M 0 20 190
29 83 35 59 13 6 0 0.00 M M 2.9 12 320 M M 0 16 210
30 80 39 60 13 5 0 0.00 M M 7.7 18 250 M M 0 25 250
================================================================================
SM 1909 752 613 0 0.53 M 236.2 M 50
================================================================================
AV 63.6 25.1 7.9 FASTST M M 2 MAX(MPH)
MISC ----> 30 330 47 300
================================================================================
NOTES:
# LAST OF SEVERAL OCCURRENCES
COLUMN 17 PEAK WIND IN M.P.H.
PRELIMINARY LOCAL CLIMATOLOGICAL DATA (WS FORM: F-6) , PAGE 2
STATION: BURNS OR
MONTH: APRIL
YEAR: 2021
LATITUDE: 43 34 N
LONGITUDE: 118 57 W
[TEMPERATURE DATA] [PRECIPITATION DATA] SYMBOLS USED IN COLUMN 16
AVERAGE MONTHLY: 44.4 TOTAL FOR MONTH: 0.53 1 = FOG OR MIST
DPTR FM NORMAL: 1.2 DPTR FM NORMAL: -0.40 2 = FOG REDUCING VISIBILITY
HIGHEST: 83 ON 29 GRTST 24HR 0.30 ON 24-25 TO 1/4 MILE OR LESS
LOWEST: 11 ON 12 3 = THUNDER
SNOW, ICE PELLETS, HAIL 4 = ICE PELLETS
TOTAL MONTH: M 5 = HAIL
GRTST 24HR M ON M 6 = FREEZING RAIN OR DRIZZLE
GRTST DEPTH: M ON M 7 = DUSTSTORM OR SANDSTORM:
VSBY 1/2 MILE OR LESS
8 = SMOKE OR HAZE
[NO. OF DAYS WITH] [WEATHER - DAYS WITH] 9 = BLOWING SNOW
X = TORNADO
MAX 32 OR BELOW: 0 0.01 INCH OR MORE: 3
MAX 90 OR ABOVE: 0 0.10 INCH OR MORE: 2
MIN 32 OR BELOW: 24 0.50 INCH OR MORE: 0
MIN 0 OR BELOW: 0 1.00 INCH OR MORE: 0
[HDD (BASE 65) ]
TOTAL THIS MO. 613 CLEAR (SCALE 0-3) 25
DPTR FM NORMAL -42 PTCLDY (SCALE 4-7) 3
TOTAL FM JUL 1 6375 CLOUDY (SCALE 8-10) 2
DPTR FM NORMAL -664
[CDD (BASE 65) ]
TOTAL THIS MO. 0
DPTR FM NORMAL 0 [PRESSURE DATA]
TOTAL FM JAN 1 0 HIGHEST SLP 30.34 ON 29
DPTR FM NORMAL 0 LOWEST SLP 29.66 ON 24
[REMARKS]
#FINAL-04-21#