000
CXUS56 KBOI 011740
CLMBNO
CLIMATE REPORT
NATIONAL WEATHER SERVICE BOISE ID
1140 AM MDT FRI SEP 01 2023
...................................
...THE BURNS OR CLIMATE SUMMARY FOR THE MONTH OF AUGUST 2023...
CLIMATE NORMAL PERIOD 1991 TO 2020
CLIMATE RECORD PERIOD 1938 TO 2023
WEATHER OBSERVED NORMAL DEPART
VALUE DATE(S) VALUE FROM
NORMAL
................................................
TEMPERATURE (F)
HIGHEST 100 08/15
08/16
LOWEST 38 08/31
AVG. MAXIMUM 86.5 87.2 -0.7
AVG. MINIMUM 50.0 45.8 4.2
MEAN 68.3 66.5 1.8
DAYS MAX >= 90 12
DAYS MAX <= 32 0
DAYS MIN <= 32 0
DAYS MIN <= 0 0
PRECIPITATION (INCHES)
RECORD
MAXIMUM 1.73 1968
TOTALS 0.99 0.25 0.74
DAYS >= .01 6
DAYS >= .10 2
DAYS >= .50 1
DAYS >= 1.00 0
GREATEST
24 HR. TOTAL 0.61 08/21 TO 08/21
DEGREE DAYS
HEATING TOTAL 23 55 -32
SINCE 7/1 23 93 -70
COOLING TOTAL 131 102 29
SINCE 1/1 352 286 66
................................................
WIND (MPH)
AVERAGE WIND SPEED 6.3
HIGHEST WIND SPEED/DIRECTION 32/210 DATE 08/17
32/150 08/26
HIGHEST GUST SPEED/DIRECTION 45/150 DATE 08/26
AVERAGE RH (PERCENT) 51
- INDICATES NEGATIVE NUMBERS.
R INDICATES RECORD WAS SET OR TIED.
MM INDICATES DATA IS MISSING.
T INDICATES TRACE AMOUNT.
$$