000
CXUS54 KMAF 011110
CF6BPG
PRELIMINARY LOCAL CLIMATOLOGICAL DATA (WS FORM: F-6)
STATION: BIG SPRING MCMAHON-WRINKLE FI
MONTH: AUGUST
YEAR: 2021
LATITUDE: 32 12 N
LONGITUDE: 101 31 W
TEMPERATURE IN F: :PCPN: SNOW: WIND :SUNSHINE: SKY :PK WND
================================================================================
1 2 3 4 5 6A 6B 7 8 9 10 11 12 13 14 15 16 17 18
12Z AVG MX 2MIN
DY MAX MIN AVG DEP HDD CDD WTR SNW DPTH SPD SPD DIR MIN PSBL S-S WX SPD DR
================================================================================
1 82 69 76 M 0 11 0.47 M M 10.5 18 70 M M 3 138 23 70
2 84 68 76 M 0 11 0.01 M M 9.8 16 50 M M 4 1 22 20
3 86 61 74 M 0 9 M M M 4.3 10 110 M M 0 8 M M
4 90 61 76 M 0 11 M M M 6.6 10 80 M M 3 M M
5 88 71 80 M 0 15 M M M 7.7 13 140 M M 5 M M
6 95 67 81 M 0 16 M M M 8.3 14 210 M M 1 M M
7 96 71 84 M 0 19 M M M 14.0 21 180 M M 1 25 180
8 100 74 87 M 0 22 M M M 16.8 24 180 M M 0 32 170
9 100 74 87 M 0 22 M M M 13.4 17 180 M M 0 24 180
10 98 74 86 M 0 21 M M M 15.2 20 190 M M 0 25 180
11 97 74 86 M 0 21 M M M 12.7 17 190 M M 1 21 190
12 98 75 87 M 0 22 M M M 12.4 20 190 M M 1 28 250
13 96 70 83 M 0 18 M M M 10.4 22 360 M M 3 31 360
14 88 67 78 M 0 13 1.62 M M 12.9 26 350 M M 3 3 35 350
15 87 70 79 M 0 14 M M M 4.5 13 220 M M 5 3 18 220
16 89 67 78 M 0 13 M M M 6.9 18 170 M M 3 3 30 170
17 79 67 73 M 0 8 0.22 M M 8.6 16 40 M M 8 M M
18 89 68 79 M 0 14 M M M 7.3 13 160 M M 5 1 21 160
19 94 74 84 M 0 19 M M M 12.9 21 190 M M 0 22 160
20 93 73 83 M 0 18 M M M 12.0 21 210 M M 2 39 180
21 91 74 83 M 0 18 M M M 12.4 20 180 M M 1 23 180
22 93 71 82 M 0 17 M M M 13.8 21 170 M M 0 32 160
23 95 70 83 M 0 18 M M M 12.7 17 150 M M 0 21 190
24 96 67 82 M 0 17 M M M 11.0 18 190 M M 0 21 180
25 94 67 81 M 0 16 M M M 10.2 16 140 M M 0 21 140
26 93 71 82 M 0 17 M M M 9.2 20 130 M M 0 26 130
27 95 68 82 M 0 17 M M M 7.1 16 140 M M 2 24 140
28 91 70 81 M 0 16 M M M 10.2 15 150 M M 1 23 130
29 93 67 80 M 0 15 M M M 7.2 14 150 M M 2 20 100
30 93 68 81 M 0 16 M M M 4.9 13 170 M M 2 17 160
31 96 67 82 M 0 17 M M M 7.5 15 140 M M 1 17 150
================================================================================
SM 2859 2155 0 501 2.32 M 313.1 M 57
================================================================================
AV 92.2 69.5 10.1 FASTST M M 2 MAX(MPH)
MISC ----> 26 350 39 180
================================================================================
NOTES:
# LAST OF SEVERAL OCCURRENCES
COLUMN 17 PEAK WIND IN M.P.H.
PRELIMINARY LOCAL CLIMATOLOGICAL DATA (WS FORM: F-6) , PAGE 2
STATION: BIG SPRING MCMAHON-WRINKLE FI
MONTH: AUGUST
YEAR: 2021
LATITUDE: 32 12 N
LONGITUDE: 101 31 W
[TEMPERATURE DATA] [PRECIPITATION DATA] SYMBOLS USED IN COLUMN 16
AVERAGE MONTHLY: 80.9 TOTAL FOR MONTH: 2.32 1 = FOG OR MIST
DPTR FM NORMAL: 0.0 DPTR FM NORMAL: M 2 = FOG REDUCING VISIBILITY
HIGHEST: 100 ON 9, 8 GRTST 24HR 1.62 ON 14-14 TO 1/4 MILE OR LESS
LOWEST: 61 ON 4, 3 3 = THUNDER
SNOW, ICE PELLETS, HAIL 4 = ICE PELLETS
TOTAL MONTH: M 5 = HAIL
GRTST 24HR M ON M 6 = FREEZING RAIN OR DRIZZLE
GRTST DEPTH: M ON M 7 = DUSTSTORM OR SANDSTORM:
VSBY 1/2 MILE OR LESS
8 = SMOKE OR HAZE
[NO. OF DAYS WITH] [WEATHER - DAYS WITH] 9 = BLOWING SNOW
X = TORNADO
MAX 32 OR BELOW: 0 0.01 INCH OR MORE: 4
MAX 90 OR ABOVE: 22 0.10 INCH OR MORE: 3
MIN 32 OR BELOW: 0 0.50 INCH OR MORE: 1
MIN 0 OR BELOW: 0 1.00 INCH OR MORE: 1
[HDD (BASE 65) ]
TOTAL THIS MO. 0 CLEAR (SCALE 0-3) 24
DPTR FM NORMAL M PTCLDY (SCALE 4-7) 7
TOTAL FM JUL 1 0 CLOUDY (SCALE 8-10) 0
DPTR FM NORMAL M
[CDD (BASE 65) ]
TOTAL THIS MO. 501
DPTR FM NORMAL M [PRESSURE DATA]
TOTAL FM JAN 1 1740 HIGHEST SLP M ON M
DPTR FM NORMAL M LOWEST SLP M ON M
[REMARKS]
#FINAL-08-21#