000
CXUS54 KLCH 010830
CF6BPT
PRELIMINARY LOCAL CLIMATOLOGICAL DATA (WS FORM: F-6)
STATION: BEAUMONT PORT ARTHUR
MONTH: JULY
YEAR: 2023
LATITUDE: 29 57 N
LONGITUDE: 94 1 W
TEMPERATURE IN F: :PCPN: SNOW: WIND :SUNSHINE: SKY :PK WND
================================================================================
1 2 3 4 5 6A 6B 7 8 9 10 11 12 13 14 15 16 17 18
12Z AVG MX 2MIN
DY MAX MIN AVG DEP HDD CDD WTR SNW DPTH SPD SPD DIR MIN PSBL S-S WX SPD DR
================================================================================
1 98 76 87 4 0 22 0.00 0.0 M 5.1 14 200 M M 0 1 18 180
2 97 77 87 4 0 22 0.00 0.0 M 4.7 15 100 M M 1 13 19 190
3 98 77 88 5 0 23 T 0.0 M 5.8 15 160 M M 1 138 20 160
4 97 77 87 4 0 22 0.01 0.0 M 6.2 18 190 M M 2 38 24 190
5 98 77 88 5 0 23 T 0.0 M 6.5 22 170 M M 2 3 33 180
6 97 73 85 2 0 20 0.58 0.0 M 5.2 18 80 M M 3 138 25 250
7 96 76 86 3 0 21 T 0.0 M 5.8 18 190 M M 1 24 200
8 94 74 84 1 0 19 0.34 0.0 M 6.4 20 180 M M 3 13 26 170
9 97 80 89 6 0 24 T 0.0 M 9.3 20 190 M M 1 27 190
10 100 78 89 6 0 24 0.00 0.0 M 8.2 21 180 M M 1 13 26 180
11 100 79 90 7 0 25 T 0.0 M 8.8 21 190 M M 2 3 29 190
12 98 79 89 5 0 24 0.00 0.0 M 9.7 20 170 M M 2 27 170
13 99 79 89 5 0 24 0.00 0.0 M 8.4 20 180 M M 2 8 27 170
14 98 77 88 4 0 23 0.00 0.0 M 8.5 20 190 M M 2 1 28 170
15 100 78 89 5 0 24 0.00 0.0 M 8.9 20 190 M M 1 1 25 180
16 101 79 90 6 0 25 0.00 0.0 M 8.2 22 90 M M 1 18 29 90
17 99 76 88 4 0 23 T 0.0 M 7.7 29 70 M M 0 138 39 80
18 98 76 87 3 0 22 0.00 0.0 M 7.4 16 180 M M 1 1 25 190
19 99 77 88 4 0 23 0.00 0.0 M 8.0 17 180 M M 1 1 24 180
20 99 76 88 4 0 23 0.00 0.0 M 6.7 18 170 M M 1 1 25 160
21 100 77 89 5 0 24 0.00 0.0 0 6.2 22 80 M M 3 13 31 80
22 100 74 87 3 0 22 1.10 0.0 M 7.7 23 80 M M 1 138 30 80
23 97 74 86 2 0 21 0.00 0.0 M 3.5 14 190 M M 3 3 18 160
24 98 74 86 2 0 21 T 0.0 M 6.1 16 170 M M 2 25 170
25 97 73 85 1 0 20 0.00 0.0 M 5.1 18 130 M M 1 1 23 130
26 98 74 86 2 0 21 0.00 0.0 M 4.2 15 140 M M 1 1 22 140
27 98 75 87 3 0 22 0.00 0.0 M 4.8 15 140 M M 1 8 23 140
28 97 74 86 2 0 21 0.00 0.0 M 5.0 17 160 M M 1 22 140
29 98 74 86 2 0 21 0.00 0.0 M 4.5 16 170 M M 1 1 25 190
30 101 74 88 4 0 23 0.00 0.0 M 5.5 16 170 M M 1 21 180
31 101 76 89 5 0 24 T 0.0 M 5.9 24 10 M M 1 13 37 10
================================================================================
SM 3048 2360 0 696 2.03 0.0 204.0 M 44
================================================================================
AV 98.3 76.1 6.6 FASTST M M 1 MAX(MPH)
MISC ----> 29 70 39 80
================================================================================
NOTES:
# LAST OF SEVERAL OCCURRENCES
COLUMN 17 PEAK WIND IN M.P.H.
PRELIMINARY LOCAL CLIMATOLOGICAL DATA (WS FORM: F-6) , PAGE 2
STATION: BEAUMONT PORT ARTHUR
MONTH: JULY
YEAR: 2023
LATITUDE: 29 57 N
LONGITUDE: 94 1 W
[TEMPERATURE DATA] [PRECIPITATION DATA] SYMBOLS USED IN COLUMN 16
AVERAGE MONTHLY: 87.2 TOTAL FOR MONTH: 2.03 1 = FOG OR MIST
DPTR FM NORMAL: 3.6 DPTR FM NORMAL: -4.82 2 = FOG REDUCING VISIBILITY
HIGHEST: 101 ON 31,30 GRTST 24HR 1.10 ON 22-22 TO 1/4 MILE OR LESS
LOWEST: 73 ON 25, 6 3 = THUNDER
SNOW, ICE PELLETS, HAIL 4 = ICE PELLETS
TOTAL MONTH: 0.0 INCH 5 = HAIL
GRTST 24HR 0.0 6 = FREEZING RAIN OR DRIZZLE
GRTST DEPTH: 0 7 = DUSTSTORM OR SANDSTORM:
VSBY 1/2 MILE OR LESS
8 = SMOKE OR HAZE
[NO. OF DAYS WITH] [WEATHER - DAYS WITH] 9 = BLOWING SNOW
X = TORNADO
MAX 32 OR BELOW: 0 0.01 INCH OR MORE: 4
MAX 90 OR ABOVE: 31 0.10 INCH OR MORE: 3
MIN 32 OR BELOW: 0 0.50 INCH OR MORE: 2
MIN 0 OR BELOW: 0 1.00 INCH OR MORE: 1
[HDD (BASE 65) ]
TOTAL THIS MO. 0 CLEAR (SCALE 0-3) 31
DPTR FM NORMAL 0 PTCLDY (SCALE 4-7) 0
TOTAL FM JUL 1 0 CLOUDY (SCALE 8-10) 0
DPTR FM NORMAL 0
[CDD (BASE 65) ]
TOTAL THIS MO. 696
DPTR FM NORMAL 119 [PRESSURE DATA]
TOTAL FM JAN 1 2109 HIGHEST SLP 30.16 ON 25
DPTR FM NORMAL 389 LOWEST SLP 29.83 ON 22
[REMARKS]
#FINAL-07-23#