000
CXUS54 KLCH 051717
CF6BPT
PRELIMINARY LOCAL CLIMATOLOGICAL DATA (WS FORM: F-6)
STATION: BEAUMONT PORT ARTHUR
MONTH: DECEMBER
YEAR: 2022
LATITUDE: 29 57 N
LONGITUDE: 94 1 W
TEMPERATURE IN F: :PCPN: SNOW: WIND :SUNSHINE: SKY :PK WND
================================================================================
1 2 3 4 5 6A 6B 7 8 9 10 11 12 13 14 15 16 17 18
12Z AVG MX 2MIN
DY MAX MIN AVG DEP HDD CDD WTR SNW DPTH SPD SPD DIR MIN PSBL S-S WX SPD DR
================================================================================
1 60 41 51 -7 14 0 0.00 0.0 M 9.7 18 80 M M 0 25 80
2 79 51 65 7 0 0 0.00 0.0 M 10.6 21 140 M M 8 27 140
3 85 68 77 19 0 12 T 0.0 M 4.1 9 350 M M 8 12 14 260
4 71 62 67 9 0 2 0.00 0.0 M 5.7 13 160 M M 9 18 17 160
5 80 65 73 16 0 8 T 0.0 M 9.1 17 200 M M 8 12 28 190
6 81 65 73 16 0 8 0.00 0.0 M 8.3 21 200 M M 4 1 29 220
7 83 65 74 17 0 9 T 0.0 M 4.9 15 190 M M 8 128 21 190
8 81 65 73 16 0 8 T 0.0 M 4.3 12 190 M M 6 12 15 200
9 83 62 73 16 0 8 0.00 0.0 M 4.6 14 170 M M 6 12 19 190
10 82 60 71 15 0 6 0.05 0.0 M 6.3 15 180 M M 8 12 21 160
11 76 64 70 14 0 5 0.75 0.0 M 5.5 13 110 M M 8 13 17 330
12 70 63 67 11 0 2 0.00 0.0 M 9.6 15 120 M M 8 1 20 110
13 80 66 73 17 0 8 0.08 0.0 M 15.0 28 180 M M 9 1 37 180
14 73 50 62 6 3 0 0.53 M M 10.3 24 360 M M 6 13 41 300
15 64 39 52 -4 13 0 0.00 0.0 M 4.1 14 350 M M 0 8 19 360
16 66 41 54 -2 11 0 0.06 M M 10.5 24 360 M M 4 1 30 360
17 58 37 48 -7 17 0 0.00 0.0 M 8.1 16 360 M M 4 20 30
18 57 33 45 -10 20 0 0.00 0.0 M 8.6 18 60 M M 2 25 80
19 54 44 49 -6 16 0 0.51 M M 13.7 26 60 M M 10 13 35 70
20 62 47 55 0 10 0 0.05 M M 12.8 21 360 M M 8 1 28 20
21 48 42 45 -10 20 0 0.00 0.0 M 3.8 15 30 M M 8 1 23 40
22 64 23 44 -11 21 0 T M M 11.8 31 310 M M 8 12 47 320
23 33 17 25 -29 40 0 0.00 0.0 M 17.3 26 340 M M 0 39 340
24 43 23 33 -21 32 0 0.00 0.0 M 8.6 22 360 M M 0 28 360
25 51 25 38 -16 27 0 0.00 0.0 M 4.4 15 30 M M 0 19 30
26 59 27 43 -11 22 0 0.00 0.0 M 3.1 12 20 M M 2 1 14 20
27 57 31 44 -10 21 0 0.00 0.0 M 5.3 14 360 M M 0 1 18 10
28 75 34 55 1 10 0 0.00 0.0 M 10.4 23 150 M M 2 1 32 140
29 79 66 73 19 0 8 0.11 0.0 M 16.6 25 140 M M 7 13 36 170
30 72 60 66 12 0 1 3.57 0.0 M 7.2 28 240 M M 8 13 45 240
31 74 53 64 10 1 0 0.00 0.0 M 6.0 14 170 M M 7 12 18 170
================================================================================
SM 2100 1489 298 85 5.71 0.0 260.3 M 166
================================================================================
AV 67.7 48.0 8.4 FASTST M M 5 MAX(MPH)
MISC ----> 31 310 47 320
================================================================================
NOTES:
# LAST OF SEVERAL OCCURRENCES
COLUMN 17 PEAK WIND IN M.P.H.
PRELIMINARY LOCAL CLIMATOLOGICAL DATA (WS FORM: F-6) , PAGE 2
STATION: BEAUMONT PORT ARTHUR
MONTH: DECEMBER
YEAR: 2022
LATITUDE: 29 57 N
LONGITUDE: 94 1 W
[TEMPERATURE DATA] [PRECIPITATION DATA] SYMBOLS USED IN COLUMN 16
AVERAGE MONTHLY: 57.9 TOTAL FOR MONTH: 5.71 1 = FOG OR MIST
DPTR FM NORMAL: 2.3 DPTR FM NORMAL: 0.73 2 = FOG REDUCING VISIBILITY
HIGHEST: 85 ON 3 GRTST 24HR 3.67 ON 29-30 TO 1/4 MILE OR LESS
LOWEST: 17 ON 23 3 = THUNDER
SNOW, ICE PELLETS, HAIL 4 = ICE PELLETS
TOTAL MONTH: 0.0 INCH 5 = HAIL
GRTST 24HR 0.0 6 = FREEZING RAIN OR DRIZZLE
GRTST DEPTH: M ON M 7 = DUSTSTORM OR SANDSTORM:
VSBY 1/2 MILE OR LESS
8 = SMOKE OR HAZE
[NO. OF DAYS WITH] [WEATHER - DAYS WITH] 9 = BLOWING SNOW
X = TORNADO
MAX 32 OR BELOW: 0 0.01 INCH OR MORE: 9
MAX 90 OR ABOVE: 0 0.10 INCH OR MORE: 5
MIN 32 OR BELOW: 6 0.50 INCH OR MORE: 4
MIN 0 OR BELOW: 0 1.00 INCH OR MORE: 1
[HDD (BASE 65) ]
TOTAL THIS MO. 298 CLEAR (SCALE 0-3) 9
DPTR FM NORMAL -19 PTCLDY (SCALE 4-7) 18
TOTAL FM JUL 1 542 CLOUDY (SCALE 8-10) 4
DPTR FM NORMAL 41
[CDD (BASE 65) ]
TOTAL THIS MO. 85
DPTR FM NORMAL 58 [PRESSURE DATA]
TOTAL FM JAN 1 3315 HIGHEST SLP 30.65 ON 23
DPTR FM NORMAL 239 LOWEST SLP 29.64 ON 14
[REMARKS]
#FINAL-12-22#