000
CXUS55 KDVN 011000
CF6BRL
PRELIMINARY LOCAL CLIMATOLOGICAL DATA (WS FORM: F-6)
STATION: BURLINGTON IA
MONTH: JUNE
YEAR: 2022
LATITUDE: 40 46 N
LONGITUDE: 91 7 W
TEMPERATURE IN F: :PCPN: SNOW: WIND :SUNSHINE: SKY :PK WND
================================================================================
1 2 3 4 5 6A 6B 7 8 9 10 11 12 13 14 15 16 17 18
12Z AVG MX 2MIN
DY MAX MIN AVG DEP HDD CDD WTR SNW DPTH SPD SPD DIR MIN PSBL S-S WX SPD DR
================================================================================
1 74 62 68 0 0 3 0.01 M M 7.6 15 350 M M 6 1 20 360
2 76 54 65 -4 0 0 0.00 M M 7.8 17 360 M M 0 8 24 360
3 82 56 69 0 0 4 0.00 M M 6.8 14 270 M M 0 22 270
4 79 53 66 -4 0 1 0.00 M M 2.8 15 40 M M 2 8 18 50
5 83 60 72 2 0 7 0.00 M M 7.9 16 170 M M 2 23 200
6 83 66 75 5 0 10 0.30 M M 6.5 14 270 M M 6 13 20 290
7 80 64 72 2 0 7 0.00 M M 5.3 12 80 M M 6 1 15 140
8 75 55 65 -6 0 0 0.24 M M 7.4 22 140 M M 4 13 30 140
9 80 54 67 -4 0 2 0.00 M M 3.6 12 280 M M 1 8 17 330
10 71 60 66 -5 0 1 0.30 M M 3.7 8 130 M M 7 1 11 140
11 79 58 69 -3 0 4 0.01 M M 3.6 10 210 M M 2 1 14 180
12 86 68 77 5 0 12 0.00 M M 5.8 14 40 M M 3 18 40
13 92 71 82 10 0 17 0.00 M M 11.5 22 190 M M 1 1 31 210
14 94 78 86 14 0 21 0.00 M M 13.6 22 190 M M 0 32 190
15 94 73 84 11 0 19 1.64 M M 12.7 26 220 M M 1 138 38 220
16 91 68 80 7 0 15 T M M 5.7 15 250 M M 3 123 21 240
17 88 71 80 7 0 15 0.00 M M 6.6 18 260 M M 1 29 250
18 83 66 75 2 0 10 0.00 M M 8.5 15 100 M M 0 20 70
19 84 58 71 -3 0 6 0.00 M M 8.6 14 170 M M 0 21 170
20 91 61 76 2 0 11 0.00 M M 9.4 17 210 M M 0 8 23 200
21 95 67 81 7 0 16 T M M 9.5 18 220 M M 0 38 26 310
22 87 67 77 3 0 12 0.00 M M 6.0 14 340 M M 0 8 24 300
23 88 62 75 1 0 10 0.00 M M 3.2 10 220 M M 0 18 13 220
24 81 65 73 -1 0 8 T M M 4.5 10 130 M M 2 18 15 140
25 87 69 78 3 0 13 0.17 M M 8.6 18 190 M M 4 13 27 170
26 77 60 69 -6 0 4 0.00 M M 10.0 20 340 M M 1 30 340
27 81 55 68 -7 0 3 0.00 M M 6.0 16 10 M M 0 8 28 350
28 83 56 70 -5 0 5 0.00 M M 6.8 16 210 M M 0 18 23 180
29 90 63 77 2 0 12 0.00 M M 7.8 14 200 M M 0 8 19 190
30 90 66 78 3 0 13 0.00 M M 10.6 22 200 M M 0 8 31 210
================================================================================
SM 2524 1886 0 261 2.67 M 218.4 M 52
================================================================================
AV 84.1 62.9 7.3 FASTST M M 2 MAX(MPH)
MISC ----> 26 220 38 220
================================================================================
NOTES:
# LAST OF SEVERAL OCCURRENCES
COLUMN 17 PEAK WIND IN M.P.H.
PRELIMINARY LOCAL CLIMATOLOGICAL DATA (WS FORM: F-6) , PAGE 2
STATION: BURLINGTON IA
MONTH: JUNE
YEAR: 2022
LATITUDE: 40 46 N
LONGITUDE: 91 7 W
[TEMPERATURE DATA] [PRECIPITATION DATA] SYMBOLS USED IN COLUMN 16
AVERAGE MONTHLY: 73.5 TOTAL FOR MONTH: 2.67 1 = FOG OR MIST
DPTR FM NORMAL: 1.0 DPTR FM NORMAL: -2.20 2 = FOG REDUCING VISIBILITY
HIGHEST: 95 ON 21 GRTST 24HR 1.64 ON 15-15 TO 1/4 MILE OR LESS
LOWEST: 53 ON 4 3 = THUNDER
SNOW, ICE PELLETS, HAIL 4 = ICE PELLETS
TOTAL MONTH: M 5 = HAIL
GRTST 24HR M ON M 6 = FREEZING RAIN OR DRIZZLE
GRTST DEPTH: M ON M 7 = DUSTSTORM OR SANDSTORM:
VSBY 1/2 MILE OR LESS
8 = SMOKE OR HAZE
[NO. OF DAYS WITH] [WEATHER - DAYS WITH] 9 = BLOWING SNOW
X = TORNADO
MAX 32 OR BELOW: 0 0.01 INCH OR MORE: 7
MAX 90 OR ABOVE: 8 0.10 INCH OR MORE: 5
MIN 32 OR BELOW: 0 0.50 INCH OR MORE: 1
MIN 0 OR BELOW: 0 1.00 INCH OR MORE: 1
[HDD (BASE 65) ]
TOTAL THIS MO. 0 CLEAR (SCALE 0-3) 24
DPTR FM NORMAL -14 PTCLDY (SCALE 4-7) 6
TOTAL FM JUL 1 5711 CLOUDY (SCALE 8-10) 0
DPTR FM NORMAL -107
[CDD (BASE 65) ]
TOTAL THIS MO. 261
DPTR FM NORMAL 23 [PRESSURE DATA]
TOTAL FM JAN 1 402 HIGHEST SLP 30.31 ON 27
DPTR FM NORMAL 71 LOWEST SLP 29.59 ON 6
[REMARKS]
#FINAL-06-22#