000
CXUS53 KDVN 011548
CLSBRL
CLIMATE REPORT
NATIONAL WEATHER SERVICE QUAD CITIES IA IL
1000 AM CST THU DEC 01 2022
...................................
...THE BURLINGTON IA CLIMATE SUMMARY FOR THE SEASON, FROM
9/1/2022 TO 11/30/2022...
CLIMATE NORMAL PERIOD 1991 TO 2020
CLIMATE RECORD PERIOD 1897 TO 2022
WEATHER OBSERVED NORMAL DEPART LAST YEAR`S
VALUE DATE(S) VALUE FROM VALUE
NORMAL
..............................................................
TEMPERATURE (F)
RECORD
HIGH 103 09/01/1913
09/05/1899
LOW -2 11/08/1991
11/26/1977
11/29/1976
HIGHEST 95 09/20 83 12
LOWEST 12 11/20 26 -14
AVG. MAXIMUM 64.5 63.9 0.6
AVG. MINIMUM 42.0 44.0 -2.0
MEAN 53.3 54.0 -0.7
DAYS MAX >= 90 1
DAYS MAX <= 32 5
DAYS MIN <= 32 26
DAYS MIN <= 0 0
PRECIPITATION (INCHES)
TOTALS 8.31 8.91 -0.60
DAILY AVG. 0.09 0.10 -0.01
DAYS >= .01 22
DAYS >= .10 18
DAYS >= .50 6
DAYS >= 1.00 2
GREATEST
24 HR. TOTAL 1.40 09/03 TO 09/03
DEGREE DAYS
HEATING TOTAL 1185 1149 36
SINCE 7/1 1185 1155 30
COOLING TOTAL 140 147 -7
SINCE 1/1 1140 1083 57
..............................................................
WIND (MPH)
AVERAGE WIND SPEED 8.2
HIGHEST WIND SPEED/DIRECTION 35/010 DATE 10/25
35/220 11/05
HIGHEST GUST SPEED/DIRECTION 50/010 DATE 10/25
50/220 11/05
SKY COVER
POSSIBLE SUNSHINE (PERCENT) MM
AVERAGE SKY COVER 0.27
NUMBER OF DAYS FAIR 59
NUMBER OF DAYS PC 23
NUMBER OF DAYS CLOUDY 9
AVERAGE RH (PERCENT) 67
WEATHER CONDITIONS. NUMBER OF DAYS WITH
THUNDERSTORM 7 HAIL 0
SLEET 0 FOG 38
FOG W/VIS <= 1/4 MILE 4 HAZE 23
- INDICATES NEGATIVE NUMBERS.
R INDICATES RECORD WAS SET OR TIED.
MM INDICATES DATA IS MISSING.
T INDICATES TRACE AMOUNT.
$$