000
CXUS54 KBRO 010800
CF6BRO
PRELIMINARY LOCAL CLIMATOLOGICAL DATA (WS FORM: F-6)
STATION: BROWNSVILLE
MONTH: JULY
YEAR: 2022
LATITUDE: 25 53 N
LONGITUDE: 97 26 W
TEMPERATURE IN F: :PCPN: SNOW: WIND :SUNSHINE: SKY :PK WND
================================================================================
1 2 3 4 5 6A 6B 7 8 9 10 11 12 13 14 15 16 17 18
12Z AVG MX 2MIN
DY MAX MIN AVG DEP HDD CDD WTR SNW DPTH SPD SPD DIR MIN PSBL S-S WX SPD DR
================================================================================
1 98 82 90 4 0 25 0.00 0.0 0 15.4 25 170 M M 1 33 160
2 96 81 89 3 0 24 0.00 0.0 0 14.0 25 150 M M 2 33 130
3 96 79 88 2 0 23 0.00 0.0 0 12.7 22 130 M M 2 30 150
4 97 80 89 3 0 24 0.00 0.0 0 13.6 25 160 M M 2 34 170
5 97 79 88 2 0 23 0.00 0.0 0 11.8 21 140 M M 2 32 150
6 97 78 88 2 0 23 0.00 0.0 0 10.6 22 140 M M 2 30 160
7 97 78 88 2 0 23 0.00 0.0 0 12.4 23 160 M M 2 32 160
8 97 78 88 2 0 23 0.00 0.0 0 10.6 20 130 M M 1 33 140
9 98 76 87 1 0 22 0.00 0.0 0 8.4 20 130 M M 1 24 120
10 100 77 89 3 0 24 0.00 0.0 0 10.1 20 140 M M 1 26 140
11 98 79 89 3 0 24 0.00 0.0 0 12.6 22 120 M M 0 28 150
12 98 79 89 3 0 24 0.00 0.0 0 12.1 22 150 M M 1 38 160
13 99 79 89 3 0 24 0.00 0.0 0 10.3 22 110 M M 1 31 120
14 94 78 86 0 0 21 T 0.0 0 9.4 20 150 M M 5 27 140
15 98 79 89 3 0 24 T 0.0 0 9.9 24 140 M M 3 31 150
16 98 78 88 2 0 23 0.00 0.0 0 11.6 20 150 M M 0 35 170
17 97 75 86 0 0 21 0.00 0.0 0 9.9 20 150 M M 1 28 110
18 97 78 88 2 0 23 0.00 0.0 0 10.9 21 140 M M 2 30 140
19 98 79 89 3 0 24 0.00 0.0 0 16.4 30 150 M M 1 8 40 160
20 97 81 89 3 0 24 0.00 0.0 0 18.1 30 160 M M 3 40 140
21 97 80 89 2 0 24 0.00 0.0 0 15.0 26 150 M M 3 38 160
22 97 80 89 2 0 24 0.00 0.0 0 11.9 23 130 M M 1 31 150
23 97 80 89 2 0 24 0.20 0.0 0 12.6 24 140 M M 2 34 130
24 98 78 88 1 0 23 0.00 0.0 0 13.3 24 130 M M 1 34 130
25 97 80 89 2 0 24 0.05 0.0 0 10.4 21 150 M M 1 1 29 120
26 97 78 88 1 0 23 0.00 0.0 0 10.2 21 130 M M 2 29 150
27 97 80 89 2 0 24 T 0.0 0 11.0 25 170 M M 1 37 150
28 98 78 88 1 0 23 0.00 0.0 0 12.3 23 150 M M 1 32 150
29 98 80 89 2 0 24 T 0.0 0 12.3 26 150 M M 2 37 130
30 98 77 88 1 0 23 0.00 0.0 0 8.5 20 110 M M 1 27 110
31 97 77 87 0 0 22 T 0.0 0 6.7 20 80 M M 2 3 27 100
================================================================================
SM 3018 2441 0 724 0.25 0.0 365.0 M 50
================================================================================
AV 97.4 78.7 11.8 FASTST M M 2 MAX(MPH)
MISC ----> # 30 150 # 40 160
================================================================================
NOTES:
# LAST OF SEVERAL OCCURRENCES
COLUMN 17 PEAK WIND IN M.P.H.
PRELIMINARY LOCAL CLIMATOLOGICAL DATA (WS FORM: F-6) , PAGE 2
STATION: BROWNSVILLE
MONTH: JULY
YEAR: 2022
LATITUDE: 25 53 N
LONGITUDE: 97 26 W
[TEMPERATURE DATA] [PRECIPITATION DATA] SYMBOLS USED IN COLUMN 16
AVERAGE MONTHLY: 88.0 TOTAL FOR MONTH: 0.25 1 = FOG OR MIST
DPTR FM NORMAL: 1.6 DPTR FM NORMAL: -1.73 2 = FOG REDUCING VISIBILITY
HIGHEST: 100 ON 10 GRTST 24HR 0.21 ON 22-23 TO 1/4 MILE OR LESS
LOWEST: 75 ON 17 3 = THUNDER
SNOW, ICE PELLETS, HAIL 4 = ICE PELLETS
TOTAL MONTH: 0.0 INCH 5 = HAIL
GRTST 24HR 0.0 6 = FREEZING RAIN OR DRIZZLE
GRTST DEPTH: 0 7 = DUSTSTORM OR SANDSTORM:
VSBY 1/2 MILE OR LESS
8 = SMOKE OR HAZE
[NO. OF DAYS WITH] [WEATHER - DAYS WITH] 9 = BLOWING SNOW
X = TORNADO
MAX 32 OR BELOW: 0 0.01 INCH OR MORE: 2
MAX 90 OR ABOVE: 31 0.10 INCH OR MORE: 1
MIN 32 OR BELOW: 0 0.50 INCH OR MORE: 0
MIN 0 OR BELOW: 0 1.00 INCH OR MORE: 0
[HDD (BASE 65) ]
TOTAL THIS MO. 0 CLEAR (SCALE 0-3) 30
DPTR FM NORMAL 0 PTCLDY (SCALE 4-7) 1
TOTAL FM JUL 1 0 CLOUDY (SCALE 8-10) 0
DPTR FM NORMAL 0
[CDD (BASE 65) ]
TOTAL THIS MO. 724
DPTR FM NORMAL 60 [PRESSURE DATA]
TOTAL FM JAN 1 2694 HIGHEST SLP M ON M
DPTR FM NORMAL 109 LOWEST SLP 29.79 ON 11
[REMARKS]
#FINAL-07-22#