000
CXUS54 KBRO 010900
CF6BRO
PRELIMINARY LOCAL CLIMATOLOGICAL DATA (WS FORM: F-6)
STATION: BROWNSVILLE
MONTH: FEBRUARY
YEAR: 2022
LATITUDE: 25 53 N
LONGITUDE: 97 26 W
TEMPERATURE IN F: :PCPN: SNOW: WIND :SUNSHINE: SKY :PK WND
================================================================================
1 2 3 4 5 6A 6B 7 8 9 10 11 12 13 14 15 16 17 18
12Z AVG MX 2MIN
DY MAX MIN AVG DEP HDD CDD WTR SNW DPTH SPD SPD DIR MIN PSBL S-S WX SPD DR
================================================================================
1 72 57 65 1 0 0 0.00 0.0 0 6.5 14 50 M M 4 128 17 40
2 81 66 74 9 0 9 0.00 0.0 0 12.3 25 150 M M 9 18 33 180
3 73 39 56 -9 9 0 T 0.0 0 15.9 24 320 M M 10 18 37 330
4 46 35 41 -24 24 0 T 0.0 0 15.2 26 320 M M 10 37 340
5 57 35 46 -19 19 0 0.00 0.0 0 7.8 17 340 M M 2 25 360
6 66 41 54 -11 11 0 0.28 0.0 0 5.4 12 320 M M 8 18 310
7 61 52 57 -8 8 0 1.51 0.0 0 9.7 18 360 M M 10 18 29 10
8 70 46 58 -8 7 0 0.00 0.0 0 6.0 14 60 M M 0 19 20
9 73 42 58 -8 7 0 0.00 0.0 0 3.4 15 110 M M 0 21 100
10 73 50 62 -4 3 0 0.00 0.0 0 5.0 14 50 M M 5 18 40
11 76 59 68 2 0 3 0.00 0.0 0 4.4 18 150 M M 9 23 150
12 79 48 64 -2 1 0 0.04 0.0 0 9.0 26 10 M M 7 3 46 360
13 64 41 53 -13 12 0 0.00 0.0 0 8.7 16 20 M M 0 27 30
14 71 42 57 -9 8 0 0.00 0.0 0 5.9 18 150 M M 0 24 150
15 79 49 64 -3 1 0 0.00 0.0 0 9.3 25 160 M M 2 1 32 150
16 80 64 72 5 0 7 0.00 0.0 0 22.7 40 160 M M 7 53 160
17 85 59 72 5 0 7 0.00 0.0 0 16.9 32 150 M M 1 45 170
18 62 44 53 -14 12 0 0.00 0.0 0 11.4 22 320 M M 3 36 360
19 71 50 61 -6 4 0 0.00 0.0 0 8.2 17 10 M M 6 23 20
20 77 56 67 0 0 2 0.02 0.0 0 6.6 15 130 M M 9 1 21 100
21 83 69 76 8 0 11 0.00 0.0 0 19.0 31 140 M M 6 1 41 130
22 87 71 79 11 0 14 0.00 0.0 0 21.4 31 150 M M 6 8 39 160
23 83 49 66 -2 0 1 0.00 0.0 0 12.7 23 330 M M 10 1 33 330
24 54 41 48 -20 17 0 0.02 0.0 0 10.1 16 310 M M 10 18 26 310
25 50 42 46 -22 19 0 T 0.0 0 13.3 20 300 M M 10 1 29 290
26 50 42 46 -22 19 0 T 0.0 0 10.5 17 290 M M 10 18 25 310
27 54 46 50 -18 15 0 0.01 0.0 0 9.3 17 310 M M 10 18 26 310
28 68 46 57 -12 8 0 0.00 0.0 0 7.3 15 20 M M 3 21 20
================================================================================
SM 1945 1381 204 54 1.88 0.0 293.9 M 167
================================================================================
AV 69.5 49.3 10.5 FASTST M M 6 MAX(MPH)
MISC ----> 40 160 53 160
================================================================================
NOTES:
# LAST OF SEVERAL OCCURRENCES
COLUMN 17 PEAK WIND IN M.P.H.
PRELIMINARY LOCAL CLIMATOLOGICAL DATA (WS FORM: F-6) , PAGE 2
STATION: BROWNSVILLE
MONTH: FEBRUARY
YEAR: 2022
LATITUDE: 25 53 N
LONGITUDE: 97 26 W
[TEMPERATURE DATA] [PRECIPITATION DATA] SYMBOLS USED IN COLUMN 16
AVERAGE MONTHLY: 59.4 TOTAL FOR MONTH: 1.88 1 = FOG OR MIST
DPTR FM NORMAL: -7.1 DPTR FM NORMAL: 0.85 2 = FOG REDUCING VISIBILITY
HIGHEST: 87 ON 22 GRTST 24HR 1.79 ON 6- 7 TO 1/4 MILE OR LESS
LOWEST: 35 ON 5, 4 3 = THUNDER
SNOW, ICE PELLETS, HAIL 4 = ICE PELLETS
TOTAL MONTH: 0.0 INCH 5 = HAIL
GRTST 24HR 0.0 6 = FREEZING RAIN OR DRIZZLE
GRTST DEPTH: 0 7 = DUSTSTORM OR SANDSTORM:
VSBY 1/2 MILE OR LESS
8 = SMOKE OR HAZE
[NO. OF DAYS WITH] [WEATHER - DAYS WITH] 9 = BLOWING SNOW
X = TORNADO
MAX 32 OR BELOW: 0 0.01 INCH OR MORE: 6
MAX 90 OR ABOVE: 0 0.10 INCH OR MORE: 2
MIN 32 OR BELOW: 0 0.50 INCH OR MORE: 1
MIN 0 OR BELOW: 0 1.00 INCH OR MORE: 1
[HDD (BASE 65) ]
TOTAL THIS MO. 204 CLEAR (SCALE 0-3) 8
DPTR FM NORMAL 128 PTCLDY (SCALE 4-7) 9
TOTAL FM JUL 1 395 CLOUDY (SCALE 8-10) 11
DPTR FM NORMAL 7
[CDD (BASE 65) ]
TOTAL THIS MO. 54
DPTR FM NORMAL -65 [PRESSURE DATA]
TOTAL FM JAN 1 117 HIGHEST SLP 30.64 ON 4
DPTR FM NORMAL -77 LOWEST SLP 29.66 ON 2
[REMARKS]
#FINAL-02-22#