000
CXUS55 KMSO 010900
CF6BTM
PRELIMINARY LOCAL CLIMATOLOGICAL DATA (WS FORM: F-6)
STATION: BUTTE MT
MONTH: AUGUST
YEAR: 2023
LATITUDE: 45 57 N
LONGITUDE: 112 30 W
TEMPERATURE IN F: :PCPN: SNOW: WIND :SUNSHINE: SKY :PK WND
================================================================================
1 2 3 4 5 6A 6B 7 8 9 10 11 12 13 14 15 16 17 18
12Z AVG MX 2MIN
DY MAX MIN AVG DEP HDD CDD WTR SNW DPTH SPD SPD DIR MIN PSBL S-S WX SPD DR
================================================================================
1 88 47 68 3 0 3 0.00 M M 4.5 13 320 M M 0 8 17 360
2 80 52 66 1 0 1 0.00 M M 6.1 22 190 M M 0 28 190
3 74 49 62 -3 3 0 T M M 4.6 23 120 M M 3 8 31 140
4 68 55 62 -3 3 0 0.19 M M 3.2 13 110 M M 8 18 18 110
5 64 53 59 -5 6 0 0.48 M M 2.5 13 170 M M 10 13 16 270
6 71 51 61 -3 4 0 0.13 M M 3.4 17 280 M M 7 13 25 270
7 73 44 59 -5 6 0 M M M 4.0 12 260 M M 6 3 23 280
8 76 44 60 -4 5 0 T M M 5.2 17 20 M M 5 13 24 240
9 79 48 64 0 1 0 0.06 M M 4.8 25 330 M M 3 13 32 330
10 77 45 61 -3 4 0 0.00 M M 6.9 20 280 M M 1 1 31 310
11 81 41 61 -2 4 0 0.00 M M 4.9 15 330 M M 0 20 320
12 79 45 62 -1 3 0 0.00 M M 6.1 21 340 M M 1 26 330
13 77 43 60 -3 5 0 0.00 M M 5.4 14 130 M M 0 19 130
14 87 42 65 2 0 0 0.00 M M 3.6 12 160 M M 0 14 160
15 94 46 70 8 0 5 0.00 M M 4.0 16 320 M M 0 27 210
16 90 51 71 9 0 6 0.00 M M 5.8 15 310 M M 0 8 23 270
17 93 47 70 8 0 5 0.00 M M 4.8 18 310 M M 1 8 27 300
18 85 55 70 8 0 5 T M M 7.6 28 340 M M 3 41 220
19 79 49 64 3 1 0 0.12 M M 5.5 26 160 M M 3 13 33 160
20 61 55 58 -3 7 0 0.48 M M 7.7 23 170 M M 9 1 31 160
21 81 55 68 7 0 3 0.31 M M 10.9 33 180 M M 6 1 46 180
22 78 53 66 6 0 1 0.03 M M 9.5 26 160 M M 2 35 180
23 75 50 63 3 2 0 0.21 M M 5.5 17 270 M M 4 13 25 250
24 79 43 61 1 4 0 0.00 M M 5.1 17 280 M M 1 28 310
25 79 46 63 3 2 0 0.17 M M 6.9 24 320 M M 3 13 39 320
26 80 47 64 5 1 0 0.00 M M 3.8 13 320 M M 1 19 330
27 81 46 64 5 1 0 0.00 M M 4.3 13 140 M M 3 19 150
28 81 47 64 5 1 0 0.00 M M 5.8 20 60 M M 2 3 27 50
29 88 49 69 11 0 4 0.04 M M 7.8 26 240 M M 3 3 41 250
30 64 48 56 -2 9 0 0.00 M M 7.5 23 260 M M 6 36 270
31 76 44 60 2 5 0 0.00 M M 4.7 16 210 M M 1 28 280
================================================================================
SM 2438 1490 77 33 2.22 M 172.4 M 92
================================================================================
AV 78.6 48.1 5.6 FASTST M M 3 MAX(MPH)
MISC ----> 33 180 46 180
================================================================================
NOTES:
# LAST OF SEVERAL OCCURRENCES
COLUMN 17 PEAK WIND IN M.P.H.
PRELIMINARY LOCAL CLIMATOLOGICAL DATA (WS FORM: F-6) , PAGE 2
STATION: BUTTE MT
MONTH: AUGUST
YEAR: 2023
LATITUDE: 45 57 N
LONGITUDE: 112 30 W
[TEMPERATURE DATA] [PRECIPITATION DATA] SYMBOLS USED IN COLUMN 16
AVERAGE MONTHLY: 63.4 TOTAL FOR MONTH: 2.22 1 = FOG OR MIST
DPTR FM NORMAL: 1.6 DPTR FM NORMAL: 0.94 2 = FOG REDUCING VISIBILITY
HIGHEST: 94 ON 15 GRTST 24HR 0.79 ON 20-21 TO 1/4 MILE OR LESS
LOWEST: 41 ON 11 3 = THUNDER
SNOW, ICE PELLETS, HAIL 4 = ICE PELLETS
TOTAL MONTH: M 5 = HAIL
GRTST 24HR M ON M 6 = FREEZING RAIN OR DRIZZLE
GRTST DEPTH: M ON M 7 = DUSTSTORM OR SANDSTORM:
VSBY 1/2 MILE OR LESS
8 = SMOKE OR HAZE
[NO. OF DAYS WITH] [WEATHER - DAYS WITH] 9 = BLOWING SNOW
X = TORNADO
MAX 32 OR BELOW: 0 0.01 INCH OR MORE: 11
MAX 90 OR ABOVE: 3 0.10 INCH OR MORE: 8
MIN 32 OR BELOW: 0 0.50 INCH OR MORE: 0
MIN 0 OR BELOW: 0 1.00 INCH OR MORE: 0
[HDD (BASE 65) ]
TOTAL THIS MO. 77 CLEAR (SCALE 0-3) 20
DPTR FM NORMAL -47 PTCLDY (SCALE 4-7) 9
TOTAL FM JUL 1 138 CLOUDY (SCALE 8-10) 2
DPTR FM NORMAL -77
[CDD (BASE 65) ]
TOTAL THIS MO. 33
DPTR FM NORMAL 6 [PRESSURE DATA]
TOTAL FM JAN 1 70 HIGHEST SLP M ON M
DPTR FM NORMAL -11 LOWEST SLP 29.63 ON 18
[REMARKS]
#FINAL-08-23#