000
CXUS54 KLIX 010910
CF6BTR
PRELIMINARY LOCAL CLIMATOLOGICAL DATA (WS FORM: F-6)
STATION: BATON ROUGE
MONTH: NOVEMBER
YEAR: 2021
LATITUDE: 30 31 N
LONGITUDE: 91 9 W
TEMPERATURE IN F: :PCPN: SNOW: WIND :SUNSHINE: SKY :PK WND
================================================================================
1 2 3 4 5 6A 6B 7 8 9 10 11 12 13 14 15 16 17 18
12Z AVG MX 2MIN
DY MAX MIN AVG DEP HDD CDD WTR SNW DPTH SPD SPD DIR MIN PSBL S-S WX SPD DR
================================================================================
1 78 50 64 0 1 0 0.00 0.0 M 2.6 9 80 M M 0 14 110
2 76 52 64 1 1 0 0.00 0.0 M 5.5 12 30 M M 0 15 50
3 71 49 60 -3 5 0 0.00 0.0 M 6.2 13 60 M M 2 17 40
4 64 49 57 -5 8 0 0.00 0.0 M 6.9 13 350 M M 5 28 340
5 57 46 52 -10 13 0 0.00 0.0 M 5.6 13 30 M M 9 16 40
6 64 46 55 -7 10 0 0.00 0.0 M 4.4 12 30 M M 6 1 17 30
7 70 41 56 -6 9 0 0.00 0.0 M 2.5 10 50 M M 0 1 14 50
8 75 42 59 -2 6 0 0.00 0.0 M 1.0 8 80 M M 0 1 12 80
9 74 42 58 -3 7 0 0.00 0.0 M 1.7 7 80 M M 0 10 120
10 77 48 63 2 2 0 0.00 0.0 M 6.3 14 110 M M 3 1 18 130
11 72 51 62 2 3 0 0.21 0.0 M 4.7 21 300 M M 4 1 27 300
12 75 48 62 2 3 0 0.00 0.0 M 5.0 14 340 M M 1 12 22 350
13 60 38 49 -11 16 0 0.00 0.0 M 5.6 15 280 M M 0 21 350
14 68 35 52 -8 13 0 0.00 0.0 M 3.0 10 220 M M 0 12 220
15 74 44 59 0 6 0 0.00 0.0 M 3.1 9 260 M M 4 11 230
16 78 48 63 4 2 0 0.00 0.0 M 5.6 17 180 M M 0 18 26 180
17 80 55 68 9 0 3 T 0.0 M 6.9 20 150 M M 5 1 24 150
18 79 49 64 6 1 0 0.02 0.0 M 7.0 18 10 M M 7 13 25 360
19 67 42 55 -3 10 0 0.00 0.0 M 7.9 18 60 M M 0 24 50
20 75 40 58 0 7 0 0.00 0.0 M 4.8 10 120 M M 1 1 14 110
21 78 59 69 11 0 4 0.00 0.0 M 4.6 13 140 M M 6 12 22 190
22 69 44 57 -1 8 0 0.40 M M 6.7 15 10 M M 5 1 21 360
23 65 37 51 -6 14 0 0.00 0.0 M 3.5 10 110 M M 0 15 60
24 72 39 56 -1 9 0 0.00 0.0 M 7.4 14 140 M M 1 18 110
25 75 54 65 8 0 0 T 0.0 M 5.7 17 360 M M 7 25 360
26 61 42 52 -5 13 0 0.00 0.0 M 6.4 17 360 M M 2 21 360
27 59 34 47 -10 18 0 0.01 M M 2.6 8 110 M M 4 8 10 90
28 65 44 55 -1 10 0 0.04 M M 3.0 9 350 M M 6 1 14 360
29 67 40 54 -2 11 0 0.00 0.0 M 2.6 9 70 M M 0 1 16 30
30 72 37 55 -1 10 0 0.00 0.0 M 1.2 7 120 M M 0 1 17 150
================================================================================
SM 2117 1345 216 7 0.68 0.0 140.0 M 78
================================================================================
AV 70.6 44.8 4.7 FASTST M M 3 MAX(MPH)
MISC ----> 21 300 28 340
================================================================================
NOTES:
# LAST OF SEVERAL OCCURRENCES
COLUMN 17 PEAK WIND IN M.P.H.
PRELIMINARY LOCAL CLIMATOLOGICAL DATA (WS FORM: F-6) , PAGE 2
STATION: BATON ROUGE
MONTH: NOVEMBER
YEAR: 2021
LATITUDE: 30 31 N
LONGITUDE: 91 9 W
[TEMPERATURE DATA] [PRECIPITATION DATA] SYMBOLS USED IN COLUMN 16
AVERAGE MONTHLY: 57.7 TOTAL FOR MONTH: 0.68 1 = FOG OR MIST
DPTR FM NORMAL: -1.7 DPTR FM NORMAL: -3.22 2 = FOG REDUCING VISIBILITY
HIGHEST: 80 ON 17 GRTST 24HR 0.40 ON 22-22 TO 1/4 MILE OR LESS
LOWEST: 34 ON 27 3 = THUNDER
SNOW, ICE PELLETS, HAIL 4 = ICE PELLETS
TOTAL MONTH: 0.0 INCH 5 = HAIL
GRTST 24HR 0.0 6 = FREEZING RAIN OR DRIZZLE
GRTST DEPTH: M ON M 7 = DUSTSTORM OR SANDSTORM:
VSBY 1/2 MILE OR LESS
8 = SMOKE OR HAZE
[NO. OF DAYS WITH] [WEATHER - DAYS WITH] 9 = BLOWING SNOW
X = TORNADO
MAX 32 OR BELOW: 0 0.01 INCH OR MORE: 5
MAX 90 OR ABOVE: 0 0.10 INCH OR MORE: 2
MIN 32 OR BELOW: 0 0.50 INCH OR MORE: 0
MIN 0 OR BELOW: 0 1.00 INCH OR MORE: 0
[HDD (BASE 65) ]
TOTAL THIS MO. 216 CLEAR (SCALE 0-3) 17
DPTR FM NORMAL 6 PTCLDY (SCALE 4-7) 12
TOTAL FM JUL 1 242 CLOUDY (SCALE 8-10) 1
DPTR FM NORMAL -13
[CDD (BASE 65) ]
TOTAL THIS MO. 7
DPTR FM NORMAL -35 [PRESSURE DATA]
TOTAL FM JAN 1 2704 HIGHEST SLP 30.40 ON 19
DPTR FM NORMAL -92 LOWEST SLP 29.92 ON 11
[REMARKS]
#FINAL-11-21#