000
CXAK56 PAFG 010949
CF6BTT
PRELIMINARY LOCAL CLIMATOLOGICAL DATA (WS FORM: F-6)
STATION: BETTLES AK
MONTH: JULY
YEAR: 2023
LATITUDE: 66 55 N
LONGITUDE: 151 31 W
TEMPERATURE IN F: :PCPN: SNOW: WIND :SUNSHINE: SKY :PK WND
================================================================================
1 2 3 4 5 6A 6B 7 8 9 10 11 12 13 14 15 16 17 18
12Z AVG MX 2MIN
DY MAX MIN AVG DEP HDD CDD WTR SNW DPTH SPD SPD DIR MIN PSBL S-S WX SPD DR
================================================================================
1 76 42 59 -3 6 0 0.00 M M 2.3 13 310 M M 4 14 310
2 81 52 67 5 0 2 T M M 2.8 12 110 M M 6 16 80
3 81 60 71 9 0 6 T M M 4.4 18 220 M M 7 3 26 220
4 64 50 57 -5 8 0 0.04 M M 5.5 16 220 M M 8 1 25 230
5 68 40 54 -8 11 0 0.02 0.0 0 3.4 15 220 M M 8 1 21 230
6 64 53 59 -3 6 0 0.05 0.0 0 1.6 8 180 M M 10 10 190
7 69 55 62 1 3 0 0.05 0.0 0 3.3 15 320 M M 8 1 21 310
8 65 52 59 -2 6 0 0.15 0.0 0 9.1 18 230 M M 9 1 27 260
9 59 49 54 -7 11 0 0.10 M M 3.0 8 240 M M 10 1 13 180
10 66 52 59 -2 6 0 0.01 0.0 0 4.6 12 230 M M 9 1 19 180
11 60 52 56 -5 9 0 0.14 0.0 0 1.6 9 220 M M 9 1 12 210
12 69 50 60 -1 5 0 0.00 M M 4.0 12 260 M M 7 128 15 220
13 70 46 58 -3 7 0 0.01 M M 3.9 9 220 M M 6 M M
14 61 49 55 -5 10 0 0.32 M M 5.7 16 240 M M 10 1 21 240
15 65 48 57 -3 8 0 T M M 1.1 8 280 M M 9 1 10 280
16 62 52 57 -3 8 0 0.15 M M 2.4 8 320 M M 10 1 11 320
17 73 54 64 4 1 0 0.01 M M 1.2 7 290 M M 8 10 320
18 M 47 M M M M 0.00 M M 3.0 8 220 M M 3 1 13 210
19 82 53 68 8 0 3 T M M 2.6 13 40 M M 2 19 40
20 80 49 65 6 0 0 0.00 M M 3.1 10 230 M M 5 1 14 200
21 79 61 70 11 0 5 0.02 M M 4.1 8 200 M M 7 M M
22 83 50 67 8 0 2 T M M 1.4 13 260 M M 2 18 250
23 87 55 71 12 0 6 0.00 M M 2.5 8 20 M M 3 M M
24 82 62 72 14 0 7 0.00 M M 5.8 12 30 M M 5 21 50
25 82 62 72 14 0 7 0.03 M M 3.1 15 290 M M 4 3 21 280
26 82 58 70 12 0 5 0.00 M M 4.0 9 220 M M 2 13 160
27 75 53 64 6 1 0 0.04 M M 2.3 6 240 M M 5 3 M M
28 78 56 67 9 0 2 0.24 M M 1.8 12 220 M M 8 12 18 220
29 69 59 64 7 1 0 0.07 M M 3.3 7 250 M M 9 12 M M
30 72 50 61 4 4 0 0.00 M M 5.2 9 230 M M 3 M M
31 72 52 62 5 3 0 0.00 M M 3.0 9 220 M M 7 M M
================================================================================
SM 2176 1623 114 45 1.45 0.0 105.1 M 203
================================================================================
AV 72.5 52.4 3.4 FASTST M M 7 MAX(MPH)
MISC ----> # 18 220 27 260
================================================================================
NOTES:
# LAST OF SEVERAL OCCURRENCES
COLUMN 17 PEAK WIND IN M.P.H.
PRELIMINARY LOCAL CLIMATOLOGICAL DATA (WS FORM: F-6) , PAGE 2
STATION: BETTLES AK
MONTH: JULY
YEAR: 2023
LATITUDE: 66 55 N
LONGITUDE: 151 31 W
[TEMPERATURE DATA] [PRECIPITATION DATA] SYMBOLS USED IN COLUMN 16
AVERAGE MONTHLY: 62.4 TOTAL FOR MONTH: 1.45 1 = FOG OR MIST
DPTR FM NORMAL: 2.6 DPTR FM NORMAL: -0.87 2 = FOG REDUCING VISIBILITY
HIGHEST: 87 ON 23 GRTST 24HR 0.32 ON 14-14 TO 1/4 MILE OR LESS
LOWEST: 40 ON 5 3 = THUNDER
SNOW, ICE PELLETS, HAIL 4 = ICE PELLETS
TOTAL MONTH: 0.0 INCH 5 = HAIL
GRTST 24HR 0.0 6 = FREEZING RAIN OR DRIZZLE
GRTST DEPTH: 0 7 = DUSTSTORM OR SANDSTORM:
VSBY 1/2 MILE OR LESS
8 = SMOKE OR HAZE
[NO. OF DAYS WITH] [WEATHER - DAYS WITH] 9 = BLOWING SNOW
X = TORNADO
MAX 32 OR BELOW: 0 0.01 INCH OR MORE: 17
MAX 90 OR ABOVE: 0 0.10 INCH OR MORE: 6
MIN 32 OR BELOW: 0 0.50 INCH OR MORE: 0
MIN 0 OR BELOW: 0 1.00 INCH OR MORE: 0
[HDD (BASE 65) ]
TOTAL THIS MO. 114 CLEAR (SCALE 0-3) 5
DPTR FM NORMAL -65 PTCLDY (SCALE 4-7) 16
TOTAL FM JUL 1 114 CLOUDY (SCALE 8-10) 10
DPTR FM NORMAL -62
[CDD (BASE 65) ]
TOTAL THIS MO. 45
DPTR FM NORMAL 27 [PRESSURE DATA]
TOTAL FM JAN 1 48 HIGHEST SLP M ON M
DPTR FM NORMAL 15 LOWEST SLP 29.32 ON 18
[REMARKS]
#FINAL-07-23#