000
CXAK56 PAFG 011300
CF6BTT
PRELIMINARY LOCAL CLIMATOLOGICAL DATA (WS FORM: F-6)
STATION: BETTLES AK
MONTH: DECEMBER
YEAR: 2023
LATITUDE: 66 55 N
LONGITUDE: 151 31 W
TEMPERATURE IN F: :PCPN: SNOW: WIND :SUNSHINE: SKY :PK WND
================================================================================
1 2 3 4 5 6A 6B 7 8 9 10 11 12 13 14 15 16 17 18
12Z AVG MX 2MIN
DY MAX MIN AVG DEP HDD CDD WTR SNW DPTH SPD SPD DIR MIN PSBL S-S WX SPD DR
================================================================================
1 24 9 17 21 48 0 0.00 M 16 4.8 8 360 M M 6 1 M M
2 10 -3 4 8 61 0 0.00 M 16 5.5 10 350 M M 3 M M
3 -2 -17 -9 -5 74 0 0.00 M 15 1.6 5 320 M M 2 M M
4 0 -13 -6 -2 71 0 0.00 M 15 3.5 6 350 M M 4 M M
5 -4 -12 -8 -4 73 0 T M 15 1.6 6 340 M M 7 1 M M
6 1 -4 -1 3 66 0 T M 15 3.4 6 360 M M 10 1 M M
7 2 -12 -5 -1 70 0 0.00 M 15 6.2 9 10 M M 5 M M
8 0 -15 -7 -3 72 0 0.03 M 15 3.7 8 320 M M 6 1 M M
9 1 -12 -5 -1 70 0 0.02 M 16 2.3 6 99 M M 8 1 M M
10 -9 -19 -14 -9 79 0 T M 16 5.2 9 10 M M 3 M M
11 8 -15 -3 2 68 0 0.06 M 16 7.3 10 350 M M 9 1 M M
12 5 2 4 9 61 0 0.03 M 17 11.9 17 10 M M 10 1 31 360
13 6 2 4 9 61 0 T M 16 8.1 14 360 M M 10 1 25 360
14 5 -19 -7 -2 72 0 0.00 M 16 4.3 8 350 M M 5 M M
15 1 -27 -13 -8 78 0 0.01 M 16 4.7 8 10 M M 5 1 M M
16 2 -14 -6 0 71 0 0.01 M 16 5.6 8 10 M M 7 1 M M
17 9 -2 4 10 61 0 0.14 M 16 5.3 10 350 M M 9 1 M M
18 4 -7 -1 5 66 0 T M 18 0.9 6 240 M M 9 1 M M
19 -6 -19 -12 -6 77 0 0.00 M 18 4.8 9 320 M M 3 1 M M
20 6 -12 -3 3 68 0 0.14 M 18 5.7 8 300 M M 10 1 M M
21 6 -5 1 8 64 0 0.04 M 22 1.9 5 99 M M 9 1 M M
22 4 -17 -6 1 71 0 0.04 0.8 23 1.1 6 350 M M 8 1 M M
23 22 -4 9 16 56 0 T T 22 7.1 12 40 M M 6 24 40
24 28 3 16 24 49 0 0.09 1.7 22 8.4 15 50 M M 8 1 33 30
25 4 -3 1 9 64 0 0.25 5.7 22 6.0 10 150 M M 9 1 M M
26 -3 -34 -18 -10 83 0 0.09 1.3 26 4.2 8 170 M M 5 1 M M
27 -11 -30 -20 -12 85 0 0.00 0.0 25 5.6 9 310 M M 2 M M
28 -9 -34 -21 -12 86 0 0.00 M 25 4.1 8 310 M M 2 M M
29 -31 -36 -33 -24 98 0 0.00 M 24 2.4 6 99 M M 1 M M
30 12 -35 -11 -2 76 0 T M 23 4.2 7 290 M M 7 1 M M
31 3 -13 -5 5 70 0 T M 23 3.1 9 350 M M 4 1 M M
================================================================================
SM 88 -417 2169 0 0.95 9.5 144.5 M 192
================================================================================
AV 2.8-13.5 4.7 FASTST M M 6 MAX(MPH)
MISC ----> 17 10 33 30
================================================================================
NOTES:
# LAST OF SEVERAL OCCURRENCES
COLUMN 17 PEAK WIND IN M.P.H.
PRELIMINARY LOCAL CLIMATOLOGICAL DATA (WS FORM: F-6) , PAGE 2
STATION: BETTLES AK
MONTH: DECEMBER
YEAR: 2023
LATITUDE: 66 55 N
LONGITUDE: 151 31 W
[TEMPERATURE DATA] [PRECIPITATION DATA] SYMBOLS USED IN COLUMN 16
AVERAGE MONTHLY: -5.3 TOTAL FOR MONTH: 0.95 1 = FOG OR MIST
DPTR FM NORMAL: 0.7 DPTR FM NORMAL: -0.19 2 = FOG REDUCING VISIBILITY
HIGHEST: 28 ON 24 GRTST 24HR 0.25 ON 25-25 TO 1/4 MILE OR LESS
LOWEST: -36 ON 29 3 = THUNDER
SNOW, ICE PELLETS, HAIL 4 = ICE PELLETS
TOTAL MONTH: 9.7 INCHES 5 = HAIL
GRTST 24HR 5.7 ON 25-25 6 = FREEZING RAIN OR DRIZZLE
GRTST DEPTH: 26 ON 26 7 = DUSTSTORM OR SANDSTORM:
VSBY 1/2 MILE OR LESS
8 = SMOKE OR HAZE
[NO. OF DAYS WITH] [WEATHER - DAYS WITH] 9 = BLOWING SNOW
X = TORNADO
MAX 32 OR BELOW: 31 0.01 INCH OR MORE: 13
MAX 90 OR ABOVE: 0 0.10 INCH OR MORE: 3
MIN 32 OR BELOW: 31 0.50 INCH OR MORE: 0
MIN 0 OR BELOW: 27 1.00 INCH OR MORE: 0
[HDD (BASE 65) ]
TOTAL THIS MO. 2169 CLEAR (SCALE 0-3) 7
DPTR FM NORMAL -32 PTCLDY (SCALE 4-7) 14
TOTAL FM JUL 1 6051 CLOUDY (SCALE 8-10) 10
DPTR FM NORMAL -722
[CDD (BASE 65) ]
TOTAL THIS MO. 0
DPTR FM NORMAL 0 [PRESSURE DATA]
TOTAL FM JAN 1 62 HIGHEST SLP M ON M
DPTR FM NORMAL 27 LOWEST SLP M ON M
[REMARKS]
#FINAL-12-23#