000
CXUS55 KRIW 251010
CF6BYG
PRELIMINARY LOCAL CLIMATOLOGICAL DATA (WS FORM: F-6)
STATION: BUFFALO WY
MONTH: APRIL
YEAR: 2024
LATITUDE: 44 22 N
LONGITUDE: 106 43 W
TEMPERATURE IN F: :PCPN: SNOW: WIND :SUNSHINE: SKY :PK WND
================================================================================
1 2 3 4 5 6A 6B 7 8 9 10 11 12 13 14 15 16 17 18
12Z AVG MX 2MIN
DY MAX MIN AVG DEP HDD CDD WTR SNW DPTH SPD SPD DIR MIN PSBL S-S WX SPD DR
================================================================================
1 46 22 34 -6 31 0 T M M 9.4 24 320 M M 6 1 35 310
2 59 29 44 4 21 0 0.00 M M 12.2 28 350 M M 0 36 350
3 69 39 54 14 11 0 0.00 M M 7.4 18 10 M M 0 8 26 10
4 72 38 55 14 10 0 0.00 M M 12.9 24 190 M M 0 39 210
5 72 43 58 17 7 0 T M M 16.0 35 180 M M 2 57 130
6 47 30 39 -2 26 0 T M M 27.8 39 340 M M 8 1 64 340
7 36 31 34 -7 31 0 T M M 23.0 37 340 M M 10 1 54 340
8 45 30 38 -3 27 0 0.04 M M 14.8 30 350 M M 8 1 44 340
9 54 27 41 0 24 0 0.02 M M 7.5 29 310 M M 4 1 38 310
10 48 27 38 -4 27 0 0.01 M M 17.4 38 350 M M 4 1 53 340
11 55 25 40 -2 25 0 0.00 M M 6.6 16 160 M M 0 20 160
12 76 33 55 13 10 0 0.00 M M 7.8 23 280 M M 0 38 240
13 75 49 62 20 3 0 0.00 M M 7.9 20 360 M M 0 27 360
14 76 49 63 21 2 0 0.00 M M 11.4 28 180 M M 0 34 190
15 61 47 54 12 11 0 T M M 18.9 32 350 M M 1 49 320
16 59 38 49 6 16 0 0.01 M M 23.5 39 350 M M 4 56 320
17 38 24 31 -12 34 0 0.31 M M 17.3 29 320 M M 10 128 39 330
18 34 19 27 -16 38 0 T M M 14.0 31 340 M M 1 19 41 340
19 36 20 28 -15 37 0 0.00 M M 12.3 24 340 M M 6 31 350
20 44 19 32 -12 33 0 0.00 M M 5.1 13 160 M M 4 17 110
21 66 25 46 2 19 0 0.00 M M 10.1 21 330 M M 0 29 330
22 55 35 45 1 20 0 0.00 M M 15.7 31 320 M M 1 50 320
23 58 31 45 1 20 0 0.00 M M 7.9 17 180 M M 0 23 310
24 71 32 52 7 13 0 0.00 M M 7.4 21 160 M M 0 26 160
================================================================================
SM 1352 762 496 0 0.39 M 314.3 M 69
================================================================================
AV 56.3 31.8 13.1 FASTST M M 3 MAX(MPH)
MISC ----> # 39 340 64 340
================================================================================
NOTES:
# LAST OF SEVERAL OCCURRENCES
COLUMN 17 PEAK WIND IN M.P.H.
PRELIMINARY LOCAL CLIMATOLOGICAL DATA (WS FORM: F-6) , PAGE 2
STATION: BUFFALO WY
MONTH: APRIL
YEAR: 2024
LATITUDE: 44 22 N
LONGITUDE: 106 43 W
[TEMPERATURE DATA] [PRECIPITATION DATA] SYMBOLS USED IN COLUMN 16
AVERAGE MONTHLY: 44.0 TOTAL FOR MONTH: 0.39 1 = FOG OR MIST
DPTR FM NORMAL: 1.9 DPTR FM NORMAL: -0.66 2 = FOG REDUCING VISIBILITY
HIGHEST: 76 ON 14,12 GRTST 24HR 0.32 ON 16-17 TO 1/4 MILE OR LESS
LOWEST: 19 ON 20,18 3 = THUNDER
SNOW, ICE PELLETS, HAIL 4 = ICE PELLETS
TOTAL MONTH: M 5 = HAIL
GRTST 24HR M ON M 6 = FREEZING RAIN OR DRIZZLE
GRTST DEPTH: M ON M 7 = DUSTSTORM OR SANDSTORM:
VSBY 1/2 MILE OR LESS
8 = SMOKE OR HAZE
[NO. OF DAYS WITH] [WEATHER - DAYS WITH] 9 = BLOWING SNOW
X = TORNADO
MAX 32 OR BELOW: 0 0.01 INCH OR MORE: 5
MAX 90 OR ABOVE: 0 0.10 INCH OR MORE: 1
MIN 32 OR BELOW: 15 0.50 INCH OR MORE: 0
MIN 0 OR BELOW: 0 1.00 INCH OR MORE: 0
[HDD (BASE 65) ]
TOTAL THIS MO. 496 CLEAR (SCALE 0-3) 14
DPTR FM NORMAL -53 PTCLDY (SCALE 4-7) 7
TOTAL FM JUL 1 6020 CLOUDY (SCALE 8-10) 3
DPTR FM NORMAL -589
[CDD (BASE 65) ]
TOTAL THIS MO. 0
DPTR FM NORMAL 0 [PRESSURE DATA]
TOTAL FM JAN 1 0 HIGHEST SLP M ON M
DPTR FM NORMAL 0 LOWEST SLP 29.33 ON 6
[REMARKS]