000
CXUS55 KRIW 011110
CF6BYG
PRELIMINARY LOCAL CLIMATOLOGICAL DATA (WS FORM: F-6)
STATION: BUFFALO WY
MONTH: DECEMBER
YEAR: 2021
LATITUDE: 44 22 N
LONGITUDE: 106 43 W
TEMPERATURE IN F: :PCPN: SNOW: WIND :SUNSHINE: SKY :PK WND
================================================================================
1 2 3 4 5 6A 6B 7 8 9 10 11 12 13 14 15 16 17 18
12Z AVG MX 2MIN
DY MAX MIN AVG DEP HDD CDD WTR SNW DPTH SPD SPD DIR MIN PSBL S-S WX SPD DR
================================================================================
1 78 43 61 32 4 0 0.00 M M 8.7 29 310 M M 0 39 330
2 72 43 58 29 7 0 0.00 M M 9.8 26 260 M M 1 32 260
3 48 31 40 12 25 0 0.00 M M 6.1 20 320 M M 5 31 300
4 60 29 45 17 20 0 0.00 M M 7.0 22 240 M M 6 12 30 240
5 41 14 28 0 37 0 0.04 M M 20.4 41 320 M M 9 129 64 310
6 23 3 13 -15 52 0 0.01 M M 7.4 24 330 M M 4 1 31 340
7 36 20 28 1 37 0 T M M 5.8 17 150 M M 4 22 150
8 49 24 37 10 28 0 T M M 7.6 37 340 M M 1 1 49 350
9 33 23 28 1 37 0 0.03 M M 9.0 25 340 M M 8 1 34 340
10 25 10 18 -9 47 0 0.18 M M 5.2 14 360 M M 5 1 18 350
11 37 12 25 -2 40 0 0.00 M M 4.8 16 300 M M 0 23 140
12 48 30 39 12 26 0 0.00 M M 10.1 32 190 M M 0 42 190
13 52 32 42 16 23 0 0.00 M M 6.1 23 180 M M 0 27 180
14 56 36 46 20 19 0 0.00 M M 18.6 44 220 M M 0 58 230
15 51 18 35 9 30 0 T M M 23.0 43 340 M M 7 1 59 340
16 34 16 25 -1 40 0 0.00 M M 5.0 13 190 M M 0 15 190
17 29 3 16 -10 49 0 T M M 11.6 38 330 M M 3 189 53 340
18 41 7 24 -2 41 0 0.00 M M 6.3 16 170 M M 1 20 180
19 57 20 39 13 26 0 T M M 9.1 23 340 M M 3 126 30 340
20 50 16 33 7 32 0 T M M 11.3 26 200 M M 6 168 46 230
21 49 29 39 13 26 0 0.00 M M 9.5 43 290 M M 2 56 280
22 58 38 48 22 17 0 0.00 M M 9.8 36 250 M M 1 48 250
23 53 38 46 20 19 0 T M M 22.1 46 220 M M 2 59 230
24 46 20 33 7 32 0 0.05 M M 7.7 26 330 M M 5 1 38 340
25 39 15 27 0 38 0 0.00 M M 9.8 23 250 M M 2 12 32 240
26 41 -3 19 -8 46 0 T M M 15.8 30 180 M M 4 12 46 170
27 34 -2 16 -11 49 0 0.09 M M 11.7 32 210 M M 5 189 43 210
28 16 2 9 -18 56 0 T M M 4.5 14 320 M M 2 1 19 320
29 13 -5 4 -23 61 0 0.00 M M 5.1 18 330 M M 5 128 24 340
30 29 -2 14 -13 51 0 T M M 7.0 17 330 M M 3 1 22 330
31 13 -5 4 -23 61 0 T M M 6.1 13 330 M M 10 18 15 340
================================================================================
SM 1311 555 1076 0 0.40 M 302.0 M 104
================================================================================
AV 42.3 17.9 9.7 FASTST M M 3 MAX(MPH)
MISC ----> 46 220 64 310
================================================================================
NOTES:
# LAST OF SEVERAL OCCURRENCES
COLUMN 17 PEAK WIND IN M.P.H.
PRELIMINARY LOCAL CLIMATOLOGICAL DATA (WS FORM: F-6) , PAGE 2
STATION: BUFFALO WY
MONTH: DECEMBER
YEAR: 2021
LATITUDE: 44 22 N
LONGITUDE: 106 43 W
[TEMPERATURE DATA] [PRECIPITATION DATA] SYMBOLS USED IN COLUMN 16
AVERAGE MONTHLY: 30.1 TOTAL FOR MONTH: 0.40 1 = FOG OR MIST
DPTR FM NORMAL: 3.1 DPTR FM NORMAL: 0.23 2 = FOG REDUCING VISIBILITY
HIGHEST: 78 ON 1 GRTST 24HR 0.21 ON 9-10 TO 1/4 MILE OR LESS
LOWEST: -5 ON 31,29 3 = THUNDER
SNOW, ICE PELLETS, HAIL 4 = ICE PELLETS
TOTAL MONTH: M 5 = HAIL
GRTST 24HR M ON M 6 = FREEZING RAIN OR DRIZZLE
GRTST DEPTH: M ON M 7 = DUSTSTORM OR SANDSTORM:
VSBY 1/2 MILE OR LESS
8 = SMOKE OR HAZE
[NO. OF DAYS WITH] [WEATHER - DAYS WITH] 9 = BLOWING SNOW
X = TORNADO
MAX 32 OR BELOW: 7 0.01 INCH OR MORE: 6
MAX 90 OR ABOVE: 0 0.10 INCH OR MORE: 1
MIN 32 OR BELOW: 26 0.50 INCH OR MORE: 0
MIN 0 OR BELOW: 5 1.00 INCH OR MORE: 0
[HDD (BASE 65) ]
TOTAL THIS MO. 1076 CLEAR (SCALE 0-3) 15
DPTR FM NORMAL -103 PTCLDY (SCALE 4-7) 14
TOTAL FM JUL 1 2381 CLOUDY (SCALE 8-10) 2
DPTR FM NORMAL -555
[CDD (BASE 65) ]
TOTAL THIS MO. 0
DPTR FM NORMAL 0 [PRESSURE DATA]
TOTAL FM JAN 1 798 HIGHEST SLP 30.42 ON 17
DPTR FM NORMAL 270 LOWEST SLP 29.13 ON 23
[REMARKS]
#FINAL-12-21#