214
CXUS56 KTFX 011110
CF6BZN
PRELIMINARY LOCAL CLIMATOLOGICAL DATA (WS FORM: F-6)
STATION: BOZEMAN/GALLATIN FIELD MT
MONTH: MARCH
YEAR: 2021
LATITUDE: 45 46 N
LONGITUDE: 111 9 W
TEMPERATURE IN F: :PCPN: SNOW: WIND :SUNSHINE: SKY :PK WND
================================================================================
1 2 3 4 5 6A 6B 7 8 9 10 11 12 13 14 15 16 17 18
12Z AVG MX 2MIN
DY MAX MIN AVG DEP HDD CDD WTR SNW DPTH SPD SPD DIR MIN PSBL S-S WX SPD DR
================================================================================
1 38 13 26 -5 39 0 0.00 0.0 3 3.4 10 150 M M 2 12 160
2 49 16 33 1 32 0 0.00 0.0 T 7.8 18 240 M M 5 25 230
3 51 24 38 6 27 0 0.00 0.0 0 3.4 10 150 M M 0 12 30
4 46 21 34 2 31 0 0.00 0.0 0 3.2 13 130 M M 0 13 130
5 53 21 37 4 28 0 0.00 0.0 0 2.9 12 110 M M 0 12 110
6 59 23 41 8 24 0 0.05 T 0 7.6 26 200 M M 3 1 33 190
7 51 28 40 7 25 0 0.01 T 0 4.9 16 230 M M 4 1 21 210
8 42 25 34 0 31 0 0.09 1.5 0 4.6 13 260 M M 6 1 15 260
9 43 25 34 0 31 0 0.01 0.2 2 3.9 15 30 M M 6 1 17 30
10 41 20 31 -3 34 0 T T 0 2.3 18 310 M M 1 24 320
11 42 18 30 -5 35 0 0.00 0.0 0 4.6 12 160 M M 1 13 160
12 46 17 32 -3 33 0 0.00 0.0 0 5.3 12 150 M M 0 12 150
13 51 17 34 -2 31 0 0.00 0.0 0 4.5 10 150 M M 0 12 150
14 55 22 39 3 26 0 0.00 0.0 0 3.1 12 150 M M 0 13 150
15 56 25 41 5 24 0 0.00 0.0 0 4.9 21 340 M M 2 25 340
16 50 25 38 1 27 0 0.00 0.0 0 5.3 12 170 M M 2 13 180
17 56 21 39 2 26 0 0.00 0.0 0 3.1 10 150 M M 0 13 40
18 62 22 42 5 23 0 0.00 0.0 0 5.8 18 240 M M 0 26 240
19 61 28 45 7 20 0 0.14 0.0 0 7.2 22 290 M M 4 1 32 290
20 42 28 35 -3 30 0 0.07 T 0 6.1 17 170 M M 9 18 20 330
21 45 25 35 -3 30 0 0.00 0.0 0 4.9 17 260 M M 9 20 260
22 43 26 35 -4 30 0 T T 0 6.4 23 10 M M 10 1 29 10
23 43 23 33 -6 32 0 0.00 0.0 T 6.3 20 340 M M 6 12 23 340
24 44 16 30 -9 35 0 0.00 0.0 0 4.9 18 230 M M 6 24 220
25 48 30 39 -1 26 0 T T T 7.0 15 360 M M 8 18 22 310
26 46 29 38 -2 27 0 0.00 0.0 0 7.8 25 280 M M 10 34 280
27 56 32 44 4 21 0 0.00 0.0 0 7.0 22 300 M M 7 31 260
28 66 36 51 11 14 0 0.00 0.0 0 19.0 38 210 M M 1 51 230
29 59 27 43 2 22 0 T T 0 20.9 36 270 M M 7 49 280
30 41 20 31 -10 34 0 T T 0 9.4 22 290 M M 7 27 350
31 53 17 35 -6 30 0 0.00 0.0 0 4.4 13 310 M M 2 15 200
================================================================================
SM 1538 720 878 0 0.37 1.7 191.9 M 118
================================================================================
AV 49.6 23.2 6.2 FASTST M M 4 MAX(MPH)
MISC ----> 38 210 51 230
================================================================================
NOTES:
# LAST OF SEVERAL OCCURRENCES
COLUMN 17 PEAK WIND IN M.P.H.
PRELIMINARY LOCAL CLIMATOLOGICAL DATA (WS FORM: F-6) , PAGE 2
STATION: BOZEMAN/GALLATIN FIELD MT
MONTH: MARCH
YEAR: 2021
LATITUDE: 45 46 N
LONGITUDE: 111 9 W
[TEMPERATURE DATA] [PRECIPITATION DATA] SYMBOLS USED IN COLUMN 16
AVERAGE MONTHLY: 36.4 TOTAL FOR MONTH: 0.37 1 = FOG OR MIST
DPTR FM NORMAL: -0.1 DPTR FM NORMAL: -0.57 2 = FOG REDUCING VISIBILITY
HIGHEST: 66 ON 28 GRTST 24HR 0.14 ON 19-19 TO 1/4 MILE OR LESS
LOWEST: 13 ON 1 3 = THUNDER
SNOW, ICE PELLETS, HAIL 4 = ICE PELLETS
TOTAL MONTH: 1.7 INCHES 5 = HAIL
GRTST 24HR 1.5 ON 8- 8 6 = FREEZING RAIN OR DRIZZLE
GRTST DEPTH: 4 ON M 7 = DUSTSTORM OR SANDSTORM:
VSBY 1/2 MILE OR LESS
8 = SMOKE OR HAZE
[NO. OF DAYS WITH] [WEATHER - DAYS WITH] 9 = BLOWING SNOW
X = TORNADO
MAX 32 OR BELOW: 0 0.01 INCH OR MORE: 6
MAX 90 OR ABOVE: 0 0.10 INCH OR MORE: 1
MIN 32 OR BELOW: 30 0.50 INCH OR MORE: 0
MIN 0 OR BELOW: 0 1.00 INCH OR MORE: 0
[HDD (BASE 65) ]
TOTAL THIS MO. 878 CLEAR (SCALE 0-3) 16
DPTR FM NORMAL -6 PTCLDY (SCALE 4-7) 11
TOTAL FM JUL 1 6703 CLOUDY (SCALE 8-10) 4
DPTR FM NORMAL 239
[CDD (BASE 65) ]
TOTAL THIS MO. 0
DPTR FM NORMAL 0 [PRESSURE DATA]
TOTAL FM JAN 1 0 HIGHEST SLP 30.56 ON 31
DPTR FM NORMAL 0 LOWEST SLP 29.18 ON 29
[REMARKS]
#FINAL-03-21#