000
CXUS52 KCAE 011400
CF6CAE
PRELIMINARY LOCAL CLIMATOLOGICAL DATA (WS FORM: F-6)
STATION: COLUMBIA METRO AIRPORT SC
MONTH: MAY
YEAR: 2022
LATITUDE: 33 57 N
LONGITUDE: 81 7 W
TEMPERATURE IN F: :PCPN: SNOW: WIND :SUNSHINE: SKY :PK WND
================================================================================
1 2 3 4 5 6A 6B 7 8 9 10 11 12 13 14 15 16 17 18
12Z AVG MX 2MIN
DY MAX MIN AVG DEP HDD CDD WTR SNW DPTH SPD SPD DIR MIN PSBL S-S WX SPD DR
================================================================================
1 84 60 72 4 0 7 0.16 0.0 0 7.2 21 170 M M 5 138 28 170
2 87 63 75 7 0 10 0.00 0.0 0 5.0 14 250 M M 5 1 18 240
3 90 68 79 10 0 14 T 0.0 0 6.5 17 200 M M 5 3 21 260
4 90 66 78 9 0 13 0.00 0.0 0 6.8 18 270 M M 5 23 280
5 89 64 77 8 0 12 0.00 0.0 0 5.9 14 290 M M 3 18 280
6 86 69 78 8 0 13 0.02 0.0 0 12.1 37 210 M M 7 138 49 210
7 78 61 70 0 0 5 0.08 0.0 0 10.8 24 270 M M 6 1 29 270
8 68 55 62 -8 3 0 0.00 0.0 0 9.3 15 60 M M 8 22 40
9 75 51 63 -7 2 0 0.00 0.0 0 7.6 15 20 M M 3 21 70
10 82 44 63 -8 2 0 0.00 0.0 0 7.1 17 10 M M 1 24 330
11 83 57 70 -1 0 5 0.00 0.0 0 8.2 17 20 M M 0 26 20
12 80 60 70 -1 0 5 0.22 0.0 0 8.9 20 90 M M 6 1 29 50
13 80 63 72 1 0 7 0.46 0.0 0 5.8 28 110 M M 8 13 35 110
14 83 60 72 0 0 7 0.00 0.0 0 2.3 9 270 M M 6 12 11 280
15 86 61 74 2 0 9 0.00 0.0 M 4.8 15 200 M M 6 19 190
16 91 67 79 7 0 14 0.00 0.0 M 7.7 21 270 M M 4 26 280
17 86 61 74 2 0 9 0.00 0.0 M 5.2 15 290 M M 1 20 70
18 90 55 73 0 0 8 0.00 0.0 M 4.9 15 160 M M 1 19 160
19 96 71 84 11 0 19 0.00 0.0 M 10.3 22 260 M M 2 31 260
20 95 71 83 10 0 18 0.00 0.0 0 7.9 21 180 M M 3 26 200
21 88 70 79 6 0 14 1.22 0.0 0 6.6 20 60 M M 8 13 27 60
22 88 70 79 5 0 14 T 0.0 0 6.9 20 200 M M 7 1 26 200
23 83 68 76 2 0 11 0.62 0.0 0 6.4 33 190 M M 6 138 42 200
24 88 68 78 4 0 13 0.00 0.0 0 6.5 16 50 M M 7 1 22 60
25 81 65 73 -1 0 8 0.00 0.0 0 8.6 14 110 M M 8 18 70
26 85 71 78 3 0 13 0.14 0.0 M 9.4 18 140 M M 8 138 26 110
27 86 72 79 4 0 14 T 0.0 0 8.2 18 190 M M 7 1 27 200
28 87 65 76 1 0 11 0.00 0.0 0 4.6 15 260 M M 2 20 280
29 90 62 76 1 0 11 0.00 0.0 0 4.4 16 130 M M 3 19 120
30 90 69 80 4 0 15 0.00 0.0 0 4.3 16 150 M M 6 21 150
31 92 65 79 3 0 14 0.00 0.0 0 2.5 16 310 M M 6 13 20 310
================================================================================
SM 2657 1972 7 313 2.92 0.0 212.7 M 153
================================================================================
AV 85.7 63.6 6.9 FASTST M M 5 MAX(MPH)
MISC ----> 37 210 49 210
================================================================================
NOTES:
# LAST OF SEVERAL OCCURRENCES
COLUMN 17 PEAK WIND IN M.P.H.
PRELIMINARY LOCAL CLIMATOLOGICAL DATA (WS FORM: F-6) , PAGE 2
STATION: COLUMBIA METRO AIRPORT SC
MONTH: MAY
YEAR: 2022
LATITUDE: 33 57 N
LONGITUDE: 81 7 W
[TEMPERATURE DATA] [PRECIPITATION DATA] SYMBOLS USED IN COLUMN 16
AVERAGE MONTHLY: 74.7 TOTAL FOR MONTH: 2.92 1 = FOG OR MIST
DPTR FM NORMAL: 2.5 DPTR FM NORMAL: -0.57 2 = FOG REDUCING VISIBILITY
HIGHEST: 96 ON 19 GRTST 24HR 1.22 ON 21-21 TO 1/4 MILE OR LESS
LOWEST: 44 ON 10 3 = THUNDER
SNOW, ICE PELLETS, HAIL 4 = ICE PELLETS
TOTAL MONTH: 0.0 INCH 5 = HAIL
GRTST 24HR 0.0 6 = FREEZING RAIN OR DRIZZLE
GRTST DEPTH: 0 7 = DUSTSTORM OR SANDSTORM:
VSBY 1/2 MILE OR LESS
8 = SMOKE OR HAZE
[NO. OF DAYS WITH] [WEATHER - DAYS WITH] 9 = BLOWING SNOW
X = TORNADO
MAX 32 OR BELOW: 0 0.01 INCH OR MORE: 8
MAX 90 OR ABOVE: 9 0.10 INCH OR MORE: 6
MIN 32 OR BELOW: 0 0.50 INCH OR MORE: 2
MIN 0 OR BELOW: 0 1.00 INCH OR MORE: 1
[HDD (BASE 65) ]
TOTAL THIS MO. 7 CLEAR (SCALE 0-3) 8
DPTR FM NORMAL -11 PTCLDY (SCALE 4-7) 19
TOTAL FM JUL 1 2093 CLOUDY (SCALE 8-10) 4
DPTR FM NORMAL -376
[CDD (BASE 65) ]
TOTAL THIS MO. 313
DPTR FM NORMAL 74 [PRESSURE DATA]
TOTAL FM JAN 1 421 HIGHEST SLP 30.25 ON 22
DPTR FM NORMAL 73 LOWEST SLP 29.58 ON 7
[REMARKS]
#FINAL-05-22#