000
CXUS52 KCAE 011723
CLMCAE
CLIMATE REPORT
NATIONAL WEATHER SERVICE COLUMBIA SC
123 PM EDT TUE AUG 01 2023
...................................
...THE COLUMBIA METRO AIRPORT SC CLIMATE SUMMARY FOR THE MONTH OF JULY 2023...
CLIMATE NORMAL PERIOD: 1991 TO 2020
CLIMATE RECORD PERIOD: 1887 TO 2023
WEATHER OBSERVED NORMAL DEPART LAST YEAR`S
VALUE DATE(S) VALUE FROM VALUE
NORMAL
..............................................................
TEMPERATURE (F)
RECORD
HIGH 107 07/29/1952
07/24/1952
07/23/1952
LOW 54 07/07/1951
07/08/1892
HIGHEST 96 07/20 MM MM
07/30
LOWEST 68 07/11 MM MM
AVG. MAXIMUM 92.5 92.7 -0.2
AVG. MINIMUM 73.5 72.0 1.5
MEAN 83.0 82.4 0.6
DAYS MAX >= 90 28 24.3 3.7
DAYS MAX <= 32 0 0.0 0.0
DAYS MIN <= 32 0 0.0 0.0
DAYS MIN <= 0 0 0.0 0.0
PRECIPITATION (INCHES)
RECORD
MAXIMUM 17.46 1991
MINIMUM 0.57 1977
TOTALS 5.57 5.35 0.22
DAILY AVG. 0.18 0.17 0.01
DAYS >= .01 8 11.8 -3.8
DAYS >= .10 5 7.4 -2.4
DAYS >= .50 4 3.5 0.5
DAYS >= 1.00 3 1.7 1.3
GREATEST
24 HR. TOTAL 1.93 07/05 TO 07/05
STORM TOTAL 1.93
(MM/DD(HH))
SNOWFALL (INCHES)
RECORDS
TOTAL MM MM
TOTALS 0.0 0.0 0.0
SINCE 7/1 0.0 0.0 0.0
DAYS >= TRACE 0 0.0 0.0
DAYS >= 1.0 0 0.0 0.0
GREATEST
SNOW DEPTH 0
DEGREE DAYS
HEATING TOTAL 0 0 0
SINCE 7/1 0 0 0
COOLING TOTAL 568 538 30
SINCE 1/1 1222 1311 -89
FREEZE DATES
RECORD
EARLIEST 10/15/1991
LATEST 04/03/1964
EARLIEST 11/17
LATEST 04/10
..............................................................
WIND (MPH)
AVERAGE WIND SPEED 4.7
RESULTANT WIND SPEED/DIRECTION 2/220
HIGHEST WIND SPEED/DIRECTION 28/310 DATE 07/07
28/290 07/20
HIGHEST GUST SPEED/DIRECTION 38/320 DATE 07/07
SKY COVER
POSSIBLE SUNSHINE (PERCENT) MM
AVERAGE SKY COVER 0.53
NUMBER OF DAYS FAIR 4
NUMBER OF DAYS PC 25
NUMBER OF DAYS CLOUDY 2
AVERAGE RH (PERCENT) 73
WEATHER CONDITIONS. NUMBER OF DAYS WITH
THUNDERSTORM 13 MIXED PRECIP 0
HEAVY RAIN 5 RAIN 4
LIGHT RAIN 10 FREEZING RAIN 0
LT FREEZING RAIN 0 HAIL 0
HEAVY SNOW 0 SNOW 0
LIGHT SNOW 0 SLEET 0
FOG 21 FOG W/VIS <= 1/4 MILE 0
HAZE 14
- INDICATES NEGATIVE NUMBERS.
R INDICATES RECORD WAS SET OR TIED.
MM INDICATES DATA IS MISSING.
T INDICATES TRACE AMOUNT.
$$