000
CXUS51 KCLE 010800
CF6CAK
PRELIMINARY LOCAL CLIMATOLOGICAL DATA (WS FORM: F-6)
STATION: AKRON CANTON OH
MONTH: JUNE
YEAR: 2022
LATITUDE: 40 55 N
LONGITUDE: 81 26 W
TEMPERATURE IN F: :PCPN: SNOW: WIND :SUNSHINE: SKY :PK WND
================================================================================
1 2 3 4 5 6A 6B 7 8 9 10 11 12 13 14 15 16 17 18
12Z AVG MX 2MIN
DY MAX MIN AVG DEP HDD CDD WTR SNW DPTH SPD SPD DIR MIN PSBL S-S WX SPD DR
================================================================================
1 88 68 78 12 0 13 0.50 0.0 0 6.9 24 270 M M 7 13 32 250
2 70 55 63 -3 2 0 T 0.0 0 5.4 15 330 M M 8 18 18 330
3 79 53 66 -1 0 1 0.00 0.0 0 5.5 14 310 M M 2 19 340
4 76 51 64 -3 1 0 0.00 0.0 0 7.2 13 10 M M 3 16 20
5 81 57 69 2 0 4 0.00 0.0 0 6.1 12 80 M M 6 14 120
6 80 62 71 3 0 6 T 0.0 0 13.6 25 200 M M 7 32 180
7 77 57 67 -1 0 2 0.95 0.0 0 9.9 23 310 M M 8 138 32 320
8 78 53 66 -2 0 1 0.27 0.0 0 4.9 16 50 M M 6 128 21 50
9 72 58 65 -3 0 0 T 0.0 0 8.7 20 350 M M 7 30 70
10 77 53 65 -4 0 0 0.00 0.0 0 4.2 13 260 M M 6 17 240
11 78 58 68 -1 0 3 0.00 0.0 0 8.3 15 190 M M 8 24 200
12 83 65 74 5 0 9 0.05 0.0 0 8.9 15 220 M M 8 3 19 220
13 89 66 78 9 0 13 0.01 0.0 0 3.0 13 110 M M 8 138 16 120
14 84 68 76 6 0 11 0.38 0.0 0 5.5 24 300 M M 7 138 34 310
15 94 72 83 13 0 18 0.00 0.0 0 8.2 17 220 M M 5 128 23 210
16 91 73 82 12 0 17 0.19 0.0 0 9.6 20 240 M M 5 38 26 210
17 83 65 74 4 0 9 0.00 0.0 0 12.3 24 320 M M 2 31 320
18 70 52 61 -10 4 0 0.00 0.0 0 13.9 24 330 M M 4 32 330
19 75 46 61 -10 4 0 0.00 0.0 0 6.6 17 10 M M 4 23 350
20 76 61 69 -2 0 4 T 0.0 0 6.9 16 210 M M 9 22 210
21 93 60 77 6 0 12 0.00 0.0 0 9.1 18 260 M M 3 27 260
22 94 72 83 11 0 18 0.00 0.0 0 8.8 22 340 M M 3 26 340
23 82 64 73 1 0 8 0.00 0.0 0 9.3 17 20 M M 1 21 20
24 87 56 72 0 0 7 0.00 0.0 0 3.5 12 30 M M 2 1 19 40
25 89 61 75 3 0 10 0.00 0.0 0 5.9 13 220 M M 4 17 230
26 88 72 80 8 0 15 0.01 0.0 0 8.6 20 220 M M 8 3 26 250
27 78 60 69 -4 0 4 0.00 0.0 0 8.4 17 310 M M 3 24 290
28 80 53 67 -6 0 2 0.00 0.0 0 4.7 10 230 M M 2 15 220
29 86 58 72 -1 0 7 0.00 0.0 0 6.2 14 280 M M 3 21 230
30 89 63 76 3 0 11 0.00 0.0 0 8.3 18 190 M M 2 24 180
================================================================================
SM 2467 1812 11 205 2.36 0.0 228.4 M 151
================================================================================
AV 82.2 60.4 7.6 FASTST M M 5 MAX(MPH)
MISC ----> 25 200 34 310
================================================================================
NOTES:
# LAST OF SEVERAL OCCURRENCES
COLUMN 17 PEAK WIND IN M.P.H.
PRELIMINARY LOCAL CLIMATOLOGICAL DATA (WS FORM: F-6) , PAGE 2
STATION: AKRON CANTON OH
MONTH: JUNE
YEAR: 2022
LATITUDE: 40 55 N
LONGITUDE: 81 26 W
[TEMPERATURE DATA] [PRECIPITATION DATA] SYMBOLS USED IN COLUMN 16
AVERAGE MONTHLY: 71.3 TOTAL FOR MONTH: 2.36 1 = FOG OR MIST
DPTR FM NORMAL: 1.4 DPTR FM NORMAL: -2.07 2 = FOG REDUCING VISIBILITY
HIGHEST: 94 ON 22,15 GRTST 24HR 0.95 ON 6- 7 TO 1/4 MILE OR LESS
LOWEST: 46 ON 19 3 = THUNDER
SNOW, ICE PELLETS, HAIL 4 = ICE PELLETS
TOTAL MONTH: 0.0 INCH 5 = HAIL
GRTST 24HR 0.0 6 = FREEZING RAIN OR DRIZZLE
GRTST DEPTH: 0 7 = DUSTSTORM OR SANDSTORM:
VSBY 1/2 MILE OR LESS
8 = SMOKE OR HAZE
[NO. OF DAYS WITH] [WEATHER - DAYS WITH] 9 = BLOWING SNOW
X = TORNADO
MAX 32 OR BELOW: 0 0.01 INCH OR MORE: 8
MAX 90 OR ABOVE: 4 0.10 INCH OR MORE: 5
MIN 32 OR BELOW: 0 0.50 INCH OR MORE: 2
MIN 0 OR BELOW: 0 1.00 INCH OR MORE: 0
[HDD (BASE 65) ]
TOTAL THIS MO. 11 CLEAR (SCALE 0-3) 10
DPTR FM NORMAL -19 PTCLDY (SCALE 4-7) 17
TOTAL FM JUL 1 5153 CLOUDY (SCALE 8-10) 3
DPTR FM NORMAL -545
[CDD (BASE 65) ]
TOTAL THIS MO. 205
DPTR FM NORMAL 28 [PRESSURE DATA]
TOTAL FM JAN 1 318 HIGHEST SLP 30.27 ON 20
DPTR FM NORMAL 68 LOWEST SLP 29.65 ON 8
[REMARKS]
#FINAL-06-22#