000
CXUS51 KCAR 010700
CF6CAR
PRELIMINARY LOCAL CLIMATOLOGICAL DATA (WS FORM: F-6)
STATION: CARIBOU ME
MONTH: NOVEMBER
YEAR: 2021
LATITUDE: 46 52 N
LONGITUDE: 68 1 W
TEMPERATURE IN F: :PCPN: SNOW: WIND :SUNSHINE: SKY :PK WND
================================================================================
1 2 3 4 5 6A 6B 7 8 9 10 11 12 13 14 15 16 17 18
12Z AVG MX 2MIN
DY MAX MIN AVG DEP HDD CDD WTR SNW DPTH SPD SPD DIR MIN PSBL S-S WX SPD DR
================================================================================
1 55 36 46 7 19 0 0.01 0.0 0 11.4 29 240 M M 6 1 39 260
2 49 34 42 4 23 0 T 0.0 0 6.2 15 220 M M 4 21 230
3 43 28 36 -2 29 0 0.00 0.0 0 2.4 9 300 M M 4 12 14 300
4 40 24 32 -6 33 0 T T 0 3.8 6 250 M M 5 13 310
5 41 23 32 -5 33 0 0.00 0.0 0 3.9 14 310 M M 3 22 310
6 50 25 38 1 27 0 0.00 0.0 0 6.9 17 240 M M 0 24 250
7 53 28 41 5 24 0 0.00 0.0 0 5.3 13 200 M M 0 19 210
8 54 32 43 7 22 0 0.00 0.0 0 2.8 8 340 M M 3 13 320
9 59 33 46 11 19 0 0.00 0.0 0 5.6 14 310 M M 1 20 320
10 45 30 38 3 27 0 T 0.0 0 3.0 8 360 M M 3 12 270
11 45 27 36 1 29 0 0.00 0.0 0 5.3 13 300 M M 3 20 340
12 43 27 35 1 30 0 0.48 T 0 6.9 22 160 M M 9 14 31 170
13 51 34 43 9 22 0 0.03 0.0 0 3.6 9 270 M M 5 12 14 270
14 44 36 40 7 25 0 0.12 0.0 0 5.1 14 250 M M 10 1 22 280
15 36 33 35 2 30 0 0.48 3.0 0 9.1 20 300 M M 10 1 26 320
16 36 28 32 0 33 0 0.02 0.1 2 9.0 21 300 M M 7 1 30 310
17 34 22 28 -4 37 0 T 0.1 2 4.8 14 170 M M 4 1 21 320
18 43 29 36 4 29 0 0.33 0.3 2 7.7 14 150 M M 10 1246 20 150
19 42 29 36 5 29 0 0.02 T 0 7.4 21 300 M M 7 29 310
20 37 27 32 1 33 0 T T 0 4.8 17 300 M M 3 27 300
21 40 28 34 4 31 0 0.00 0.0 0 4.7 10 220 M M 5 12 170
22 48 32 40 10 25 0 0.74 0.0 0 8.3 17 160 M M 10 16 25 150
23 33 24 29 0 36 0 T T 0 10.5 21 330 M M 3 29 330
24 35 25 30 1 35 0 T T 0 13.1 23 330 M M 4 32 330
25 45 24 35 7 30 0 0.00 0.0 0 5.7 13 330 M M 0 18 330
26 36 27 32 4 33 0 0.40 5.7 0 2.3 7 300 M M 9 1 11 330
27 32 22 27 -1 38 0 0.02 0.2 6 11.7 21 250 M M 9 18 30 240
28 26 11 19 -8 46 0 T T 5 8.6 20 240 M M 4 8 26 270
29 25 9 17 -10 48 0 T T 4 4.6 12 340 M M 6 17 360
30 26 13 20 -6 45 0 T T 3 7.7 17 310 M M 5 24 290
================================================================================
SM 1246 800 920 0 2.65 9.4 192.2 M 152
================================================================================
AV 41.5 26.7 6.4 FASTST M M 5 MAX(MPH)
MISC ----> 29 240 39 260
================================================================================
NOTES:
# LAST OF SEVERAL OCCURRENCES
COLUMN 17 PEAK WIND IN M.P.H.
PRELIMINARY LOCAL CLIMATOLOGICAL DATA (WS FORM: F-6) , PAGE 2
STATION: CARIBOU ME
MONTH: NOVEMBER
YEAR: 2021
LATITUDE: 46 52 N
LONGITUDE: 68 1 W
[TEMPERATURE DATA] [PRECIPITATION DATA] SYMBOLS USED IN COLUMN 16
AVERAGE MONTHLY: 34.1 TOTAL FOR MONTH: 2.65 1 = FOG OR MIST
DPTR FM NORMAL: 1.5 DPTR FM NORMAL: -0.70 2 = FOG REDUCING VISIBILITY
HIGHEST: 59 ON 9 GRTST 24HR 0.74 ON 22-22 TO 1/4 MILE OR LESS
LOWEST: 9 ON 29 3 = THUNDER
SNOW, ICE PELLETS, HAIL 4 = ICE PELLETS
TOTAL MONTH: 9.4 INCHES 5 = HAIL
GRTST 24HR 5.7 ON 26-26 6 = FREEZING RAIN OR DRIZZLE
GRTST DEPTH: 6 ON 27 7 = DUSTSTORM OR SANDSTORM:
VSBY 1/2 MILE OR LESS
8 = SMOKE OR HAZE
[NO. OF DAYS WITH] [WEATHER - DAYS WITH] 9 = BLOWING SNOW
X = TORNADO
MAX 32 OR BELOW: 4 0.01 INCH OR MORE: 11
MAX 90 OR ABOVE: 0 0.10 INCH OR MORE: 6
MIN 32 OR BELOW: 24 0.50 INCH OR MORE: 1
MIN 0 OR BELOW: 0 1.00 INCH OR MORE: 0
[HDD (BASE 65) ]
TOTAL THIS MO. 920 CLEAR (SCALE 0-3) 7
DPTR FM NORMAL -54 PTCLDY (SCALE 4-7) 16
TOTAL FM JUL 1 1680 CLOUDY (SCALE 8-10) 7
DPTR FM NORMAL -311
[CDD (BASE 65) ]
TOTAL THIS MO. 0
DPTR FM NORMAL 0 [PRESSURE DATA]
TOTAL FM JAN 1 351 HIGHEST SLP 30.48 ON 12
DPTR FM NORMAL 127 LOWEST SLP 29.17 ON 27
[REMARKS]
#FINAL-11-21#