000
CXUS51 KCAR 010600
CF6CAR
PRELIMINARY LOCAL CLIMATOLOGICAL DATA (WS FORM: F-6)
STATION: CARIBOU ME
MONTH: APRIL
YEAR: 2020
LATITUDE: 46 52 N
LONGITUDE: 68 1 W
TEMPERATURE IN F: :PCPN: SNOW: WIND :SUNSHINE: SKY :PK WND
================================================================================
1 2 3 4 5 6A 6B 7 8 9 10 11 12 13 14 15 16 17 18
12Z AVG MX 2MIN
DY MAX MIN AVG DEP HDD CDD WTR SNW DPTH SPD SPD DIR MIN PSBL S-S WX SPD DR
================================================================================
1 37 32 35 3 30 0 0.21 0.5 23 9.1 14 20 M M 10 1 20 10
2 45 35 40 8 25 0 0.33 0.0 22 14.2 24 70 M M 9 1 36 80
3 46 33 40 8 25 0 0.00 0.0 17 12.5 24 70 M M 10 41 70
4 47 30 39 6 26 0 0.00 0.0 14 4.1 13 40 M M 9 17 40
5 52 35 44 11 21 0 0.01 0.0 13 4.3 16 340 M M 9 22 340
6 45 29 37 3 28 0 0.00 0.0 9 12.1 23 300 M M 4 35 310
7 37 23 30 -4 35 0 0.00 0.0 9 6.4 16 320 M M 6 21 290
8 39 18 29 -6 36 0 0.00 0.0 9 4.8 15 360 M M 1 19 10
9 39 15 27 -8 38 0 0.24 2.4 8 7.3 17 140 M M 5 1 24 140
10 33 30 32 -4 33 0 0.66 10.9 17 16.1 29 360 M M 10 128 39 360
11 40 30 35 -1 30 0 T T 17 9.8 21 310 M M 8 30 320
12 49 23 36 -1 29 0 0.00 0.0 12 7.4 20 210 M M 5 25 240
13 49 36 43 5 22 0 0.73 0.0 8 12.6 29 170 M M 9 1 39 170
14 50 33 42 4 23 0 T 0.0 5 13.3 26 250 M M 4 1 38 260
15 43 28 36 -2 29 0 T T 1 8.2 22 250 M M 6 28 210
16 37 26 32 -7 33 0 T T 1 7.3 17 300 M M 6 27 290
17 40 23 32 -8 33 0 T T 1 8.1 25 240 M M 4 32 240
18 44 21 33 -7 32 0 0.00 0.0 1 4.0 14 150 M M 0 18 140
19 56 24 40 0 25 0 0.10 0.0 T 7.0 20 250 M M 3 1 26 250
20 42 23 33 -8 32 0 T T T 10.6 24 300 M M 4 1 35 300
21 50 19 35 -6 30 0 0.34 2.6 T 9.4 26 170 M M 3 1 36 160
22 34 22 28 -14 37 0 0.21 5.5 7 10.8 23 240 M M 9 128 31 230
23 40 21 31 -11 34 0 T T 6 9.5 23 250 M M 5 30 250
24 51 22 37 -6 28 0 0.00 0.0 4 5.7 12 330 M M 0 16 270
25 52 25 39 -4 26 0 0.00 0.0 T 7.1 18 300 M M 0 27 300
26 55 24 40 -4 25 0 0.00 0.0 T 5.6 17 20 M M 0 23 20
27 51 36 44 0 21 0 0.00 0.0 0 12.0 24 40 M M 4 32 20
28 55 34 45 0 20 0 0.00 0.0 0 11.0 23 70 M M 3 30 60
29 62 33 48 3 17 0 0.00 0.0 0 8.8 15 60 M M 0 22 40
30 55 35 45 -1 20 0 T 0.0 0 12.0 23 180 M M 7 30 170
================================================================================
SM 1375 818 843 0 2.83 21.9 271.1 M 153
================================================================================
AV 45.8 27.3 9.0 FASTST M M 5 MAX(MPH)
MISC ----> # 29 360 # 41 70
================================================================================
NOTES:
# LAST OF SEVERAL OCCURRENCES
COLUMN 17 PEAK WIND IN M.P.H.
PRELIMINARY LOCAL CLIMATOLOGICAL DATA (WS FORM: F-6) , PAGE 2
STATION: CARIBOU ME
MONTH: APRIL
YEAR: 2020
LATITUDE: 46 52 N
LONGITUDE: 68 1 W
[TEMPERATURE DATA] [PRECIPITATION DATA] SYMBOLS USED IN COLUMN 16
AVERAGE MONTHLY: 36.6 TOTAL FOR MONTH: 2.83 1 = FOG OR MIST
DPTR FM NORMAL: -2.0 DPTR FM NORMAL: 0.17 2 = FOG REDUCING VISIBILITY
HIGHEST: 62 ON 29 GRTST 24HR 0.73 ON 13-13 TO 1/4 MILE OR LESS
LOWEST: 15 ON 9 3 = THUNDER
SNOW, ICE PELLETS, HAIL 4 = ICE PELLETS
TOTAL MONTH: 21.9 INCHES 5 = HAIL
GRTST 24HR 10.9 ON 10-10 6 = FREEZING RAIN OR DRIZZLE
GRTST DEPTH: 23 ON 1 7 = DUSTSTORM OR SANDSTORM:
VSBY 1/2 MILE OR LESS
8 = SMOKE OR HAZE
[NO. OF DAYS WITH] [WEATHER - DAYS WITH] 9 = BLOWING SNOW
X = TORNADO
MAX 32 OR BELOW: 0 0.01 INCH OR MORE: 9
MAX 90 OR ABOVE: 0 0.10 INCH OR MORE: 8
MIN 32 OR BELOW: 21 0.50 INCH OR MORE: 2
MIN 0 OR BELOW: 0 1.00 INCH OR MORE: 0
[HDD (BASE 65) ]
TOTAL THIS MO. 843 CLEAR (SCALE 0-3) 8
DPTR FM NORMAL 52 PTCLDY (SCALE 4-7) 14
TOTAL FM JUL 1 8353 CLOUDY (SCALE 8-10) 8
DPTR FM NORMAL -413
[CDD (BASE 65) ]
TOTAL THIS MO. 0
DPTR FM NORMAL 0 [PRESSURE DATA]
TOTAL FM JAN 1 0 HIGHEST SLP 30.41 ON 29
DPTR FM NORMAL 0 LOWEST SLP 28.91 ON 10
[REMARKS]
#FINAL-04-20#