000
CXUS56 KSLC 011228
CF6CDC
PRELIMINARY LOCAL CLIMATOLOGICAL DATA (WS FORM: F-6)
STATION: CEDAR CITY UT
MONTH: APRIL
YEAR: 2020
LATITUDE: 37 42 N
LONGITUDE: 113 6 W
TEMPERATURE IN F: :PCPN: SNOW: WIND :SUNSHINE: SKY :PK WND
================================================================================
1 2 3 4 5 6A 6B 7 8 9 10 11 12 13 14 15 16 17 18
12Z AVG MX 2MIN
DY MAX MIN AVG DEP HDD CDD WTR SNW DPTH SPD SPD DIR MIN PSBL S-S WX SPD DR
================================================================================
1 65 35 50 7 15 0 0.00 0.0 0 14.8 26 210 M M 0 37 210
2 54 25 40 -3 25 0 0.00 0.0 0 8.7 23 350 M M 5 29 350
3 58 19 39 -4 26 0 0.00 0.0 0 4.5 17 210 M M 3 23 220
4 62 27 45 1 20 0 0.00 0.0 0 10.2 26 210 M M 0 35 210
5 63 43 53 9 12 0 0.00 0.0 0 17.2 33 180 M M 1 46 180
6 60 45 53 9 12 0 0.00 0.0 0 16.4 30 180 M M 2 46 200
7 63 35 49 5 16 0 0.00 0.0 0 6.9 20 220 M M 2 30 220
8 69 27 48 4 17 0 0.30 M 0 7.5 29 170 M M 4 1 35 180
9 55 35 45 0 20 0 0.07 M 0 9.5 24 340 M M 5 1 30 200
10 63 28 46 1 19 0 T M 0 3.0 18 220 M M 1 23 210
11 68 31 50 5 15 0 T M 0 7.2 22 240 M M 3 27 240
12 59 32 46 0 19 0 0.00 0.0 0 4.7 15 320 M M 1 23 320
13 54 24 39 -7 26 0 0.00 0.0 0 7.9 20 330 M M 2 30 300
14 54 19 37 -9 28 0 0.00 0.0 0 5.2 16 350 M M 0 8 22 10
15 65 24 45 -1 20 0 0.00 0.0 0 9.3 24 200 M M 2 29 230
16 63 35 49 3 16 0 0.00 0.0 0 7.0 16 360 M M 2 21 10
17 67 33 50 3 15 0 T M 0 5.7 18 340 M M 5 21 330
18 60 38 49 2 16 0 0.23 M 0 7.4 21 180 M M 7 3 26 190
19 M 39 M M M M 0.03 M 0 7.5 28 10 M M 6 35 20
20 M M M M M M 0.16 0.0 0 5.2 22 210 M M 7 27 210
21 M M M M M M 0.06 M 0 4.1 12 80 M M 7 1 M M
22 67 34 51 3 14 0 0.00 0.0 0 6.5 17 360 M M 1 22 360
23 70 43 57 8 8 0 0.00 0.0 0 6.6 15 300 M M 3 8 23 310
24 67 38 53 4 12 0 0.00 0.0 0 7.9 17 20 M M 0 23 20
25 74 35 55 6 10 0 0.00 0.0 0 4.7 13 210 M M 0 18 300
26 M 48 M M M M 0.00 0.0 0 8.6 22 210 M M 1 8 26 210
27 80 41 61 11 4 0 0.00 0.0 0 7.2 20 220 M M 0 25 210
28 76 45 61 11 4 0 0.00 0.0 0 7.1 20 350 M M 0 24 350
29 83 42 63 13 2 0 0.00 0.0 0 4.1 16 220 M M 0 25 300
30 82 55 69 18 0 4 0.00 0.0 0 11.5 26 200 M M 0 34 230
================================================================================
SM 1701 975 391 4 0.85 0.0 234.1 M 70
================================================================================
AV 65.4 34.8 7.8 FASTST M M 2 MAX(MPH)
MISC ----> # 33 180 # 46 180
================================================================================
NOTES:
# LAST OF SEVERAL OCCURRENCES
COLUMN 17 PEAK WIND IN M.P.H.
PRELIMINARY LOCAL CLIMATOLOGICAL DATA (WS FORM: F-6) , PAGE 2
STATION: CEDAR CITY UT
MONTH: APRIL
YEAR: 2020
LATITUDE: 37 42 N
LONGITUDE: 113 6 W
[TEMPERATURE DATA] [PRECIPITATION DATA] SYMBOLS USED IN COLUMN 16
AVERAGE MONTHLY: 50.1 TOTAL FOR MONTH: 0.85 1 = FOG OR MIST
DPTR FM NORMAL: 3.5 DPTR FM NORMAL: -0.21 2 = FOG REDUCING VISIBILITY
HIGHEST: 83 ON 29 GRTST 24HR 0.30 ON 8- 8 TO 1/4 MILE OR LESS
LOWEST: 19 ON 14, 3 3 = THUNDER
SNOW, ICE PELLETS, HAIL 4 = ICE PELLETS
TOTAL MONTH: 0.0 INCH 5 = HAIL
GRTST 24HR 0.0 6 = FREEZING RAIN OR DRIZZLE
GRTST DEPTH: 0 7 = DUSTSTORM OR SANDSTORM:
VSBY 1/2 MILE OR LESS
8 = SMOKE OR HAZE
[NO. OF DAYS WITH] [WEATHER - DAYS WITH] 9 = BLOWING SNOW
X = TORNADO
MAX 32 OR BELOW: 0 0.01 INCH OR MORE: 6
MAX 90 OR ABOVE: 0 0.10 INCH OR MORE: 3
MIN 32 OR BELOW: 10 0.50 INCH OR MORE: 0
MIN 0 OR BELOW: 0 1.00 INCH OR MORE: 0
[HDD (BASE 65) ]
TOTAL THIS MO. 391 CLEAR (SCALE 0-3) 21
DPTR FM NORMAL -161 PTCLDY (SCALE 4-7) 9
TOTAL FM JUL 1 5559 CLOUDY (SCALE 8-10) 0
DPTR FM NORMAL -327
[CDD (BASE 65) ]
TOTAL THIS MO. 4
DPTR FM NORMAL 4 [PRESSURE DATA]
TOTAL FM JAN 1 4 HIGHEST SLP 30.29 ON 14
DPTR FM NORMAL 4 LOWEST SLP 29.38 ON 20
[REMARKS]
#FINAL-04-20#