000
CXUS53 KEAX 010736
CF6CDJ
PRELIMINARY LOCAL CLIMATOLOGICAL DATA (WS FORM: F-6)
STATION: CHILLICOTHE
MONTH: JUNE
YEAR: 2021
LATITUDE: 39 49 N
LONGITUDE: 93 35 W
TEMPERATURE IN F: :PCPN: SNOW: WIND :SUNSHINE: SKY :PK WND
================================================================================
1 2 3 4 5 6A 6B 7 8 9 10 11 12 13 14 15 16 17 18
12Z AVG MX 2MIN
DY MAX MIN AVG DEP HDD CDD WTR SNW DPTH SPD SPD DIR MIN PSBL S-S WX SPD DR
================================================================================
1 75 53 64 -6 1 0 0.00 M M 2.3 9 110 M M 0 14 150
2 79 56 68 -2 0 3 0.00 M M 1.4 10 30 M M 0 14 20
3 85 52 69 -1 0 4 0.00 M M 0.5 7 200 M M 0 10 270
4 87 56 72 2 0 7 0.00 M M 4.6 13 200 M M 0 19 180
5 87 66 77 6 0 12 0.00 M M 5.3 15 190 M M 0 24 210
6 84 64 74 3 0 9 0.00 M M 5.3 15 200 M M 0 20 190
7 87 65 76 4 0 11 0.00 M M 3.2 10 160 M M 0 17 160
8 88 67 78 6 0 13 0.00 M M 2.3 12 50 M M 0 24 70
9 92 66 79 7 0 14 0.00 M M 2.0 9 110 M M 0 14 120
10 94 69 82 10 0 17 0.00 M M 1.0 7 180 M M 0 11 170
11 93 68 81 8 0 16 0.04 M M 3.5 16 150 M M 0 34 150
12 90 64 77 4 0 12 0.00 M M 3.0 13 20 M M 0 21 10
13 92 57 75 2 0 10 0.00 M M 1.8 9 40 M M 0 16 60
14 94 61 78 5 0 13 0.00 M M 2.1 9 360 M M 0 15 350
15 93 62 78 4 0 13 0.00 M M 1.2 9 40 M M 0 13 50
16 92 61 77 3 0 12 0.00 M M 2.8 10 110 M M 0 17 100
17 94 70 82 8 0 17 0.37 M M 4.7 22 40 M M 0 33 220
18 96 73 85 11 0 20 0.00 M M 4.9 13 180 M M 0 20 230
19 94 72 83 8 0 18 0.39 M M 3.1 16 110 M M 0 3 27 140
20 92 68 80 5 0 15 1.95 M M 5.7 20 10 M M 0 3 36 30
21 75 55 65 -10 0 0 0.00 M M 4.9 13 360 M M 0 23 310
22 84 52 68 -7 0 3 0.00 M M 7.3 16 200 M M 0 27 200
23 86 67 77 2 0 12 0.00 M M 10.2 17 180 M M 0 31 160
24 84 70 77 1 0 12 3.38 M M 6.8 20 160 M M 0 33 150
25 85 69 77 1 0 12 1.75 M M 7.1 18 200 M M 0 29 200
26 82 68 75 -1 0 10 0.86 M M 5.3 14 190 M M 0 22 180
27 82 66 74 -2 0 9 0.00 M M 1.2 7 310 M M 0 11 310
28 80 71 76 0 0 11 0.57 M M 1.0 6 150 M M 0 9 160
29 79 70 75 -1 0 10 2.00 M M 2.2 14 200 M M 0 21 210
30 81 71 76 0 0 11 1.13 M M 1.3 10 180 M M 0 14 180
================================================================================
SM 2606 1929 1 326 12.44 M 108.0 M 0
================================================================================
AV 86.9 64.3 3.6 FASTST M M 0 MAX(MPH)
MISC ----> 22 40 36 30
================================================================================
NOTES:
# LAST OF SEVERAL OCCURRENCES
COLUMN 17 PEAK WIND IN M.P.H.
PRELIMINARY LOCAL CLIMATOLOGICAL DATA (WS FORM: F-6) , PAGE 2
STATION: CHILLICOTHE
MONTH: JUNE
YEAR: 2021
LATITUDE: 39 49 N
LONGITUDE: 93 35 W
[TEMPERATURE DATA] [PRECIPITATION DATA] SYMBOLS USED IN COLUMN 16
AVERAGE MONTHLY: 75.6 TOTAL FOR MONTH: 12.44 1 = FOG OR MIST
DPTR FM NORMAL: 2.1 DPTR FM NORMAL: 7.15 2 = FOG REDUCING VISIBILITY
HIGHEST: 96 ON 18 GRTST 24HR 4.31 ON 24-25 TO 1/4 MILE OR LESS
LOWEST: 52 ON 22, 3 3 = THUNDER
SNOW, ICE PELLETS, HAIL 4 = ICE PELLETS
TOTAL MONTH: M 5 = HAIL
GRTST 24HR M ON M 6 = FREEZING RAIN OR DRIZZLE
GRTST DEPTH: M ON M 7 = DUSTSTORM OR SANDSTORM:
VSBY 1/2 MILE OR LESS
8 = SMOKE OR HAZE
[NO. OF DAYS WITH] [WEATHER - DAYS WITH] 9 = BLOWING SNOW
X = TORNADO
MAX 32 OR BELOW: 0 0.01 INCH OR MORE: 10
MAX 90 OR ABOVE: 12 0.10 INCH OR MORE: 9
MIN 32 OR BELOW: 0 0.50 INCH OR MORE: 7
MIN 0 OR BELOW: 0 1.00 INCH OR MORE: 5
[HDD (BASE 65) ]
TOTAL THIS MO. 1 CLEAR (SCALE 0-3) 30
DPTR FM NORMAL -8 PTCLDY (SCALE 4-7) 0
TOTAL FM JUL 1 5280 CLOUDY (SCALE 8-10) 0
DPTR FM NORMAL -13
[CDD (BASE 65) ]
TOTAL THIS MO. 326
DPTR FM NORMAL 62 [PRESSURE DATA]
TOTAL FM JAN 1 426 HIGHEST SLP M ON M
DPTR FM NORMAL 56 LOWEST SLP 29.50 ON 20
[REMARKS]
#FINAL-06-21#