000
CXUS54 KLUB 010755
CF6CDS
PRELIMINARY LOCAL CLIMATOLOGICAL DATA (WS FORM: F-6)
STATION: CHILDRESS
MONTH: MAY
YEAR: 2020
LATITUDE: 34 25 N
LONGITUDE: 100 17 W
TEMPERATURE IN F: :PCPN: SNOW: WIND :SUNSHINE: SKY :PK WND
================================================================================
1 2 3 4 5 6A 6B 7 8 9 10 11 12 13 14 15 16 17 18
12Z AVG MX 2MIN
DY MAX MIN AVG DEP HDD CDD WTR SNW DPTH SPD SPD DIR MIN PSBL S-S WX SPD DR
================================================================================
1 98 62 80 13 0 15 0.00 0.0 0 13.3 25 210 M M 0 31 210
2 100 66 83 16 0 18 0.00 0.0 0 10.2 18 280 M M 0 25 250
3 90 61 76 8 0 11 0.00 0.0 0 10.1 18 10 M M 0 24 220
4 103 62 83 15 0 18 0.00 0.0 0 11.8 22 60 M M 0 12 32 40
5 78 56 67 -1 0 2 0.00 0.0 0 11.2 25 20 M M 3 35 10
6 84 53 69 1 0 4 0.00 0.0 0 9.2 22 140 M M 0 26 140
7 97 54 76 7 0 11 0.00 0.0 0 19.4 37 10 M M 2 3 45 10
8 73 50 62 -7 3 0 0.00 0.0 0 19.6 41 10 M M 1 52 10
9 76 45 61 -8 4 0 0.00 0.0 0 7.7 15 150 M M 0 20 210
10 79 53 66 -4 0 1 0.00 0.0 0 7.9 22 50 M M 2 29 60
11 76 51 64 -6 1 0 0.49 0.0 0 12.1 33 130 M M 5 13 39 120
12 59 47 53 -17 12 0 T 0.0 0 9.3 17 10 M M 10 1 21 50
13 94 54 74 4 0 9 T 0.0 0 5.7 29 250 M M 5 1238 36 240
14 95 60 78 7 0 13 0.00 0.0 0 7.2 22 180 M M 1 28 200
15 92 61 77 6 0 12 0.04 0.0 0 10.2 41 200 M M 1 38 52 200
16 78 59 69 -2 0 4 0.00 0.0 0 6.6 14 130 M M 1 17 140
17 86 57 72 0 0 7 0.00 0.0 0 7.5 13 170 M M 1 18 160
18 94 63 79 7 0 14 0.00 0.0 0 9.0 17 100 M M 0 24 90
19 88 63 76 4 0 11 0.44 0.0 0 9.1 23 350 M M 0 13 29 350
20 77 63 70 -2 0 5 0.96 0.0 0 9.6 30 130 M M 5 13 35 130
21 90 64 77 4 0 12 0.00 0.0 0 12.6 29 140 M M 0 1 35 140
22 92 64 78 5 0 13 0.00 0.0 0 8.1 24 340 M M 0 27 340
23 91 64 78 5 0 13 0.02 0.0 0 21.2 44 200 M M 1 38 57 190
24 89 58 74 0 0 9 1.12 0.0 0 12.6 38 230 M M 1 138 48 240
25 73 59 66 -8 0 1 0.06 0.0 0 13.4 23 80 M M 7 1 32 80
26 83 59 71 -3 0 6 0.00 0.0 0 9.7 21 360 M M 2 26 20
27 86 62 74 0 0 9 0.00 0.0 0 4.4 10 40 M M 1 14 50
28 86 59 73 -1 0 8 0.00 0.0 0 8.1 20 350 M M 0 24 340
29 87 62 75 0 0 10 0.00 0.0 0 5.7 15 160 M M 0 24 170
30 89 62 76 1 0 11 0.00 0.0 0 9.9 20 140 M M 0 28 120
31 85 60 73 -2 0 8 0.00 0.0 0 10.8 20 140 M M 0 24 140
================================================================================
SM 2668 1813 20 255 3.13 0.0 323.2 M 49
================================================================================
AV 86.1 58.5 10.4 FASTST M M 2 MAX(MPH)
MISC ----> # 44 200 # 57 190
================================================================================
NOTES:
# LAST OF SEVERAL OCCURRENCES
COLUMN 17 PEAK WIND IN M.P.H.
PRELIMINARY LOCAL CLIMATOLOGICAL DATA (WS FORM: F-6) , PAGE 2
STATION: CHILDRESS
MONTH: MAY
YEAR: 2020
LATITUDE: 34 25 N
LONGITUDE: 100 17 W
[TEMPERATURE DATA] [PRECIPITATION DATA] SYMBOLS USED IN COLUMN 16
AVERAGE MONTHLY: 72.3 TOTAL FOR MONTH: 3.13 1 = FOG OR MIST
DPTR FM NORMAL: 1.1 DPTR FM NORMAL: -0.01 2 = FOG REDUCING VISIBILITY
HIGHEST: 103 ON 4 GRTST 24HR 1.12 ON 24-24 TO 1/4 MILE OR LESS
LOWEST: 45 ON 9 3 = THUNDER
SNOW, ICE PELLETS, HAIL 4 = ICE PELLETS
TOTAL MONTH: 0.0 INCH 5 = HAIL
GRTST 24HR 0.0 6 = FREEZING RAIN OR DRIZZLE
GRTST DEPTH: 0 7 = DUSTSTORM OR SANDSTORM:
VSBY 1/2 MILE OR LESS
8 = SMOKE OR HAZE
[NO. OF DAYS WITH] [WEATHER - DAYS WITH] 9 = BLOWING SNOW
X = TORNADO
MAX 32 OR BELOW: 0 0.01 INCH OR MORE: 7
MAX 90 OR ABOVE: 12 0.10 INCH OR MORE: 4
MIN 32 OR BELOW: 0 0.50 INCH OR MORE: 2
MIN 0 OR BELOW: 0 1.00 INCH OR MORE: 1
[HDD (BASE 65) ]
TOTAL THIS MO. 20 CLEAR (SCALE 0-3) 25
DPTR FM NORMAL -7 PTCLDY (SCALE 4-7) 5
TOTAL FM JUL 1 3048 CLOUDY (SCALE 8-10) 1
DPTR FM NORMAL -67
[CDD (BASE 65) ]
TOTAL THIS MO. 255
DPTR FM NORMAL 34 [PRESSURE DATA]
TOTAL FM JAN 1 336 HIGHEST SLP M ON M
DPTR FM NORMAL 24 LOWEST SLP 29.48 ON 7
[REMARKS]
#FINAL-05-20#