000
CXUS56 KEKA 012210
CF6CEC
PRELIMINARY LOCAL CLIMATOLOGICAL DATA (WS FORM: F-6)
STATION: CRESCENT CITY CA
MONTH: FEBRUARY
YEAR: 2023
LATITUDE: 41 46 N
LONGITUDE: 124 14 W
TEMPERATURE IN F: :PCPN: SNOW: WIND :SUNSHINE: SKY :PK WND
================================================================================
1 2 3 4 5 6A 6B 7 8 9 10 11 12 13 14 15 16 17 18
12Z AVG MX 2MIN
DY MAX MIN AVG DEP HDD CDD WTR SNW DPTH SPD SPD DIR MIN PSBL S-S WX SPD DR
================================================================================
1 52 34 43 -7 22 0 0.00 M M 6.4 14 150 M M M 18 22 170
2 58 36 47 -3 18 0 0.00 M M 8.0 20 180 M M M 18 30 200
3 54 46 50 0 15 0 0.32 M M 17.1 43 190 M M 8 18 61 190
4 55 43 49 -1 16 0 0.32 M M 10.1 33 180 M M 5 18 46 180
5 51 42 47 -3 18 0 0.30 M M 8.5 21 230 M M 9 18 30 320
6 53 35 44 -6 21 0 0.00 M M 5.0 13 330 M M 1 18 19 320
7 54 40 47 -3 18 0 0.02 M M 4.7 12 180 M M 6 18 15 180
8 53 38 46 -4 19 0 0.00 M M 3.6 10 310 M M 4 28 13 320
9 53 37 45 -5 20 0 0.24 M M 9.1 18 180 M M 4 128 24 180
10 52 43 48 -1 17 0 0.09 M M 7.6 17 210 M M 10 18 23 210
11 53 41 47 -2 18 0 0.01 M M 13.6 24 330 M M 2 18 39 330
12 57 M M M M M 0.00 M M 9.8 22 340 M M 0 18 37 340
13 53 31 42 -7 23 0 0.04 M M 12.7 24 330 M M 7 18 39 330
14 48 34 41 -8 24 0 0.13 M M 9.7 28 310 M M 6 18 37 310
15 49 33 41 -8 24 0 0.00 M M 5.3 10 350 M M 0 18 15 340
16 55 35 45 -4 20 0 0.00 0.0 M 6.3 12 180 M M 1 8 18 160
17 58 37 48 -1 17 0 0.00 M M 7.0 13 330 M M 0 18 19 320
18 52 32 42 -7 23 0 0.00 M M 7.8 20 340 M M 1 18 29 350
19 53 40 47 -2 18 0 0.00 M M 11.0 20 340 M M 0 18 33 320
20 52 46 49 0 16 0 0.00 M M 8.1 18 330 M M 4 18 28 340
21 48 36 42 -7 23 0 0.48 M M 8.9 28 340 M M 9 18 45 350
22 40 32 36 -13 29 0 0.62 M M 4.5 22 330 M M 9 18 31 350
23 41 32 37 -12 28 0 1.32 M M 8.8 28 190 M M 10 128 39 180
24 32 30 31 -18 34 0 0.00 M M 2.7 6 30 M M 3 1 M M
25 51 32 42 -7 23 0 0.00 M M 6.4 16 170 M M 5 18 22 170
26 48 39 44 -5 21 0 0.56 M M 12.9 32 180 M M 7 18 49 150
27 47 36 42 -7 23 0 0.62 M M 18.7 36 190 M M 9 138 53 180
28 45 33 39 -10 26 0 0.48 M M 10.7 36 180 M M 9 138 44 190
================================================================================
SM 1417 993 574 0 5.55 0.0 245.0 M 129
================================================================================
AV 50.6 36.8 8.7 FASTST M M 5 MAX(MPH)
MISC ----> 43 190 61 190
================================================================================
NOTES:
# LAST OF SEVERAL OCCURRENCES
COLUMN 17 PEAK WIND IN M.P.H.
PRELIMINARY LOCAL CLIMATOLOGICAL DATA (WS FORM: F-6) , PAGE 2
STATION: CRESCENT CITY CA
MONTH: FEBRUARY
YEAR: 2023
LATITUDE: 41 46 N
LONGITUDE: 124 14 W
[TEMPERATURE DATA] [PRECIPITATION DATA] SYMBOLS USED IN COLUMN 16
AVERAGE MONTHLY: 43.7 TOTAL FOR MONTH: 5.55 1 = FOG OR MIST
DPTR FM NORMAL: -5.6 DPTR FM NORMAL: -1.39 2 = FOG REDUCING VISIBILITY
HIGHEST: 58 ON 17, 2 GRTST 24HR 1.32 ON 23-23 TO 1/4 MILE OR LESS
LOWEST: 30 ON 24 3 = THUNDER
SNOW, ICE PELLETS, HAIL 4 = ICE PELLETS
TOTAL MONTH: 0.0 INCH 5 = HAIL
GRTST 24HR 0.0 6 = FREEZING RAIN OR DRIZZLE
GRTST DEPTH: M ON M 7 = DUSTSTORM OR SANDSTORM:
VSBY 1/2 MILE OR LESS
8 = SMOKE OR HAZE
[NO. OF DAYS WITH] [WEATHER - DAYS WITH] 9 = BLOWING SNOW
X = TORNADO
MAX 32 OR BELOW: 1 0.01 INCH OR MORE: 15
MAX 90 OR ABOVE: 0 0.10 INCH OR MORE: 11
MIN 32 OR BELOW: 6 0.50 INCH OR MORE: 4
MIN 0 OR BELOW: 0 1.00 INCH OR MORE: 1
[HDD (BASE 65) ]
TOTAL THIS MO. 574 CLEAR (SCALE 0-3) 9
DPTR FM NORMAL 134 PTCLDY (SCALE 4-7) 10
TOTAL FM JUL 1 2982 CLOUDY (SCALE 8-10) 9
DPTR FM NORMAL 119
[CDD (BASE 65) ]
TOTAL THIS MO. 0
DPTR FM NORMAL 0 [PRESSURE DATA]
TOTAL FM JAN 1 0 HIGHEST SLP 30.58 ON 6
DPTR FM NORMAL 0 LOWEST SLP 29.57 ON 27
[REMARKS]
#FINAL-02-23#