469
CXUS56 KEKA 011230
CF6CEC
PRELIMINARY LOCAL CLIMATOLOGICAL DATA (WS FORM: F-6)
STATION: CRESCENT CITY CA
MONTH: AUGUST
YEAR: 2020
LATITUDE: 41 46 N
LONGITUDE: 124 14 W
TEMPERATURE IN F: :PCPN: SNOW: WIND :SUNSHINE: SKY :PK WND
================================================================================
1 2 3 4 5 6A 6B 7 8 9 10 11 12 13 14 15 16 17 18
12Z AVG MX 2MIN
DY MAX MIN AVG DEP HDD CDD WTR SNW DPTH SPD SPD DIR MIN PSBL S-S WX SPD DR
================================================================================
1 63 56 60 3 5 0 0.00 0.0 0 3.8 9 330 M M 10 18 13 320
2 67 55 61 4 4 0 0.00 0.0 0 4.3 10 350 M M 7 28 13 340
3 68 57 63 6 2 0 0.00 0.0 M 5.5 14 320 M M 7 18 17 330
4 66 58 62 5 3 0 0.00 0.0 0 6.4 14 330 M M 10 18 15 330
5 66 57 62 5 3 0 0.00 0.0 M 4.7 13 330 M M 10 18 14 330
6 66 57 62 5 3 0 T M M 9.9 26 330 M M 5 18 37 330
7 66 53 60 3 5 0 0.00 M M 11.6 25 340 M M 0 18 33 340
8 66 48 57 0 8 0 0.00 0.0 0 8.2 22 350 M M 1 28 34 350
9 66 49 58 1 7 0 0.00 M M 10.2 24 350 M M 1 18 34 350
10 66 51 59 2 6 0 0.00 0.0 0 6.3 15 190 M M 4 28 20 180
11 59 50 55 -2 10 0 0.00 M M 7.9 14 170 M M 7 28 17 170
12 61 50 56 -1 9 0 0.00 M M 5.4 14 170 M M 5 18 17 150
13 65 50 58 1 7 0 0.00 M M 6.4 15 160 M M 1 18 19 160
14 71 53 62 5 3 0 0.00 M M 5.1 10 160 M M 0 18 12 160
15 82 56 69 12 0 4 0.00 0.0 0 5.3 21 180 M M 1 18 24 180
16 72 56 64 7 1 0 0.00 M M 2.9 12 180 M M 3 18 15 190
17 63 56 60 3 5 0 0.00 M M 6.9 13 340 M M 10 28 18 320
18 67 55 61 4 4 0 0.00 M M 4.5 10 320 M M 7 128 13 280
19 62 54 58 1 7 0 0.00 M M 3.6 12 190 M M 9 128 13 190
20 69 56 63 6 2 0 0.00 M M 4.9 12 200 M M 5 28 13 190
21 72 58 65 8 0 0 0.01 0.0 0 6.9 10 210 M M 8 28 13 220
22 66 56 61 4 4 0 0.00 M M 6.6 16 160 M M 5 28 21 170
23 60 54 57 0 8 0 0.00 M M 5.5 15 160 M M 10 28 19 160
24 61 53 57 0 8 0 0.00 M M 3.8 10 170 M M 9 28 12 180
25 62 54 58 1 7 0 0.01 M M 6.0 13 180 M M 6 128 17 180
26 60 54 57 0 8 0 0.00 M M 6.2 16 160 M M 9 18 21 160
27 64 52 58 1 7 0 0.00 M M 6.1 18 350 M M 4 128 25 340
28 65 49 57 0 8 0 0.00 M M 6.0 21 180 M M 1 18 25 190
29 64 50 57 0 8 0 0.00 M M 7.3 20 340 M M 5 128 29 330
30 63 49 56 -1 9 0 0.00 M M 18.0 31 340 M M 0 18 43 350
31 64 55 60 3 5 0 0.00 M M 16.7 28 340 M M 0 8 38 350
================================================================================
SM 2032 1661 166 4 0.02 0.0 212.9 M 160
================================================================================
AV 65.5 53.6 6.9 FASTST M M 5 MAX(MPH)
MISC ----> 31 340 43 350
================================================================================
NOTES:
# LAST OF SEVERAL OCCURRENCES
COLUMN 17 PEAK WIND IN M.P.H.
PRELIMINARY LOCAL CLIMATOLOGICAL DATA (WS FORM: F-6) , PAGE 2
STATION: CRESCENT CITY CA
MONTH: AUGUST
YEAR: 2020
LATITUDE: 41 46 N
LONGITUDE: 124 14 W
[TEMPERATURE DATA] [PRECIPITATION DATA] SYMBOLS USED IN COLUMN 16
AVERAGE MONTHLY: 59.6 TOTAL FOR MONTH: 0.02 1 = FOG OR MIST
DPTR FM NORMAL: 2.6 DPTR FM NORMAL: -0.50 2 = FOG REDUCING VISIBILITY
HIGHEST: 82 ON 15 GRTST 24HR 0.01 ON 21-21 TO 1/4 MILE OR LESS
LOWEST: 48 ON 8 3 = THUNDER
SNOW, ICE PELLETS, HAIL 4 = ICE PELLETS
TOTAL MONTH: 0.0 INCH 5 = HAIL
GRTST 24HR 0.0 6 = FREEZING RAIN OR DRIZZLE
GRTST DEPTH: 0 7 = DUSTSTORM OR SANDSTORM:
VSBY 1/2 MILE OR LESS
8 = SMOKE OR HAZE
[NO. OF DAYS WITH] [WEATHER - DAYS WITH] 9 = BLOWING SNOW
X = TORNADO
MAX 32 OR BELOW: 0 0.01 INCH OR MORE: 2
MAX 90 OR ABOVE: 0 0.10 INCH OR MORE: 0
MIN 32 OR BELOW: 0 0.50 INCH OR MORE: 0
MIN 0 OR BELOW: 0 1.00 INCH OR MORE: 0
[HDD (BASE 65) ]
TOTAL THIS MO. 166 CLEAR (SCALE 0-3) 9
DPTR FM NORMAL -80 PTCLDY (SCALE 4-7) 13
TOTAL FM JUL 1 441 CLOUDY (SCALE 8-10) 9
DPTR FM NORMAL -81
[CDD (BASE 65) ]
TOTAL THIS MO. 4
DPTR FM NORMAL 4 [PRESSURE DATA]
TOTAL FM JAN 1 4 HIGHEST SLP 30.17 ON 2
DPTR FM NORMAL 4 LOWEST SLP 29.81 ON 31
[REMARKS]
#FINAL-08-20#