000
CXUS55 KGJT 011622
CF6CEZ
PRELIMINARY LOCAL CLIMATOLOGICAL DATA (WS FORM: F-6)
STATION: CORTEZ CO
MONTH: JANUARY
YEAR: 2024
LATITUDE: 37 17 N
LONGITUDE: 108 38 W
TEMPERATURE IN F: :PCPN: SNOW: WIND :SUNSHINE: SKY :PK WND
================================================================================
1 2 3 4 5 6A 6B 7 8 9 10 11 12 13 14 15 16 17 18
12Z AVG MX 2MIN
DY MAX MIN AVG DEP HDD CDD WTR SNW DPTH SPD SPD DIR MIN PSBL S-S WX SPD DR
================================================================================
1 46 13 30 3 35 0 0.00 M M 5.3 17 210 M M 0 22 230
2 44 11 28 1 37 0 0.00 M M 5.2 12 50 M M 0 16 210
3 48 9 29 2 36 0 0.00 M M 4.3 15 160 M M 3 21 100
4 39 29 34 7 31 0 0.47 M M 3.2 18 100 M M 9 128 25 110
5 36 10 23 -4 42 0 0.00 M M 6.0 17 330 M M 3 23 310
6 35 11 23 -4 42 0 0.00 M M 5.2 14 180 M M 4 18 290
7 30 17 24 -3 41 0 0.09 M M 6.9 20 150 M M 10 12 25 150
8 31 3 17 -10 48 0 T M M 8.3 23 340 M M 3 1 32 350
9 29 -2 14 -13 51 0 0.00 M M 5.3 15 210 M M 1 17 210
10 34 -1 17 -10 48 0 0.00 M M 5.1 15 210 M M 2 18 210
11 30 -4 13 -14 52 0 0.03 M M 10.9 22 300 M M 5 128 33 200
12 29 -9 10 -17 55 0 0.00 M M 4.3 13 60 M M 2 14 60
13 36 2 19 -8 46 0 T M M 4.6 13 80 M M 4 1 13 60
14 43 21 32 5 33 0 0.01 M M 4.4 14 250 M M 8 1 19 250
15 39 13 26 -1 39 0 0.00 M M 6.2 16 310 M M 0 23 310
16 41 5 23 -5 42 0 0.00 M M 6.5 16 340 M M 0 21 340
17 40 9 25 -3 40 0 0.00 M M 3.2 9 40 M M 7 11 50
18 44 22 33 5 32 0 0.00 M M 5.6 17 280 M M 3 22 290
19 46 18 32 4 33 0 0.00 M M 4.4 13 200 M M 0 14 200
20 48 22 35 7 30 0 0.00 M M 2.7 10 60 M M 3 13 50
21 42 33 38 10 27 0 0.10 M M 2.6 12 210 M M 10 1 14 210
22 44 30 37 9 28 0 0.01 M M 2.5 12 240 M M 9 1 16 230
23 47 30 39 11 26 0 0.00 M M 3.7 13 140 M M 9 16 130
24 46 32 39 11 26 0 0.02 M M 4.0 13 340 M M 9 1 17 210
25 36 31 34 6 31 0 0.33 M M 1.5 8 190 M M 9 1 9 200
26 49 26 38 9 27 0 0.00 M M 5.3 17 20 M M 1 1 23 320
27 50 20 35 6 30 0 0.00 M M 6.9 16 270 M M 0 24 290
28 49 20 35 6 30 0 0.00 M M 4.5 10 210 M M 0 14 210
29 50 23 37 8 28 0 0.00 M M 5.2 13 210 M M 0 16 210
30 54 22 38 9 27 0 0.00 M M 6.0 14 220 M M 0 18 210
31 56 22 39 9 26 0 0.00 M M 4.1 14 210 M M 1 17 220
================================================================================
SM 1291 488 1119 0 1.06 M 153.9 M 115
================================================================================
AV 41.6 15.7 5.0 FASTST M M 4 MAX(MPH)
MISC ----> 23 340 33 200
================================================================================
NOTES:
# LAST OF SEVERAL OCCURRENCES
COLUMN 17 PEAK WIND IN M.P.H.
PRELIMINARY LOCAL CLIMATOLOGICAL DATA (WS FORM: F-6) , PAGE 2
STATION: CORTEZ CO
MONTH: JANUARY
YEAR: 2024
LATITUDE: 37 17 N
LONGITUDE: 108 38 W
[TEMPERATURE DATA] [PRECIPITATION DATA] SYMBOLS USED IN COLUMN 16
AVERAGE MONTHLY: 28.7 TOTAL FOR MONTH: 1.06 1 = FOG OR MIST
DPTR FM NORMAL: 1.0 DPTR FM NORMAL: -0.01 2 = FOG REDUCING VISIBILITY
HIGHEST: 56 ON 31 GRTST 24HR 0.47 ON 4- 4 TO 1/4 MILE OR LESS
LOWEST: -9 ON 12 3 = THUNDER
SNOW, ICE PELLETS, HAIL 4 = ICE PELLETS
TOTAL MONTH: M 5 = HAIL
GRTST 24HR M ON M 6 = FREEZING RAIN OR DRIZZLE
GRTST DEPTH: M ON M 7 = DUSTSTORM OR SANDSTORM:
VSBY 1/2 MILE OR LESS
8 = SMOKE OR HAZE
[NO. OF DAYS WITH] [WEATHER - DAYS WITH] 9 = BLOWING SNOW
X = TORNADO
MAX 32 OR BELOW: 5 0.01 INCH OR MORE: 8
MAX 90 OR ABOVE: 0 0.10 INCH OR MORE: 3
MIN 32 OR BELOW: 30 0.50 INCH OR MORE: 0
MIN 0 OR BELOW: 4 1.00 INCH OR MORE: 0
[HDD (BASE 65) ]
TOTAL THIS MO. 1119 CLEAR (SCALE 0-3) 19
DPTR FM NORMAL -37 PTCLDY (SCALE 4-7) 5
TOTAL FM JUL 1 3445 CLOUDY (SCALE 8-10) 7
DPTR FM NORMAL -306
[CDD (BASE 65) ]
TOTAL THIS MO. 0
DPTR FM NORMAL 0 [PRESSURE DATA]
TOTAL FM JAN 1 0 HIGHEST SLP 30.52 ON 28
DPTR FM NORMAL 0 LOWEST SLP 29.49 ON 7
[REMARKS]
#FINAL-01-24#