000
CXUS53 KPAH 020001
CF6CGI
PRELIMINARY LOCAL CLIMATOLOGICAL DATA (WS FORM: F-6)
STATION: CAPE GIRARDEAU MO
MONTH: NOVEMBER
YEAR: 2021
LATITUDE: 37 13 N
LONGITUDE: 89 35 W
TEMPERATURE IN F: :PCPN: SNOW: WIND :SUNSHINE: SKY :PK WND
================================================================================
1 2 3 4 5 6A 6B 7 8 9 10 11 12 13 14 15 16 17 18
12Z AVG MX 2MIN
DY MAX MIN AVG DEP HDD CDD WTR SNW DPTH SPD SPD DIR MIN PSBL S-S WX SPD DR
================================================================================
1 56 35 46 -6 19 0 0.19 M M 5.8 15 340 M M 5 12 19 20
2 54 39 47 -5 18 0 0.01 M M 6.3 15 30 M M 4 24 10
3 53 30 42 -10 23 0 0.00 M M 4.6 15 30 M M 0 22 50
4 54 26 40 -11 25 0 0.00 M M 2.5 14 60 M M 1 12 18 20
5 58 27 43 -8 22 0 0.00 M M 1.5 10 110 M M 1 12 17 80
6 61 26 44 -6 21 0 0.00 M M 1.6 8 180 M M 1 12 11 190
7 65 30 48 -2 17 0 0.00 M M 2.9 12 180 M M 0 1 18 190
8 71 35 53 3 12 0 0.00 M M 6.2 17 190 M M 0 1 25 190
9 66 39 53 4 12 0 0.00 M M 2.6 10 190 M M 0 1 14 200
10 69 46 58 9 7 0 0.00 M M 7.0 17 200 M M 2 18 25 190
11 63 43 53 5 12 0 1.20 M M 11.5 23 210 M M 5 1 33 170
12 56 37 47 -1 18 0 T M M 13.2 26 250 M M 5 39 240
13 46 29 38 -10 27 0 0.00 M M 4.3 13 290 M M 4 18 290
14 60 34 47 0 18 0 0.03 M M 8.2 24 300 M M 4 35 310
15 58 32 45 -2 20 0 0.00 M M 6.4 21 210 M M 3 30 210
16 66 36 51 5 14 0 T M M 6.8 21 210 M M 4 1 33 210
17 68 45 57 11 8 0 0.46 M M 16.2 25 330 M M 8 13 35 200
18 53 32 43 -3 22 0 0.22 M M 7.3 18 330 M M 2 1 27 320
19 48 27 38 -7 27 0 0.00 M M 3.0 9 150 M M 0 15 70
20 55 37 46 1 19 0 0.00 M M 7.8 15 200 M M 8 23 190
21 56 37 47 2 18 0 0.08 M M 5.4 20 20 M M 6 1 26 20
22 46 27 37 -7 28 0 0.00 M M 6.6 17 10 M M 1 22 10
23 49 24 37 -7 28 0 0.00 M M 5.8 14 170 M M 0 18 200
24 62 37 50 6 15 0 0.00 M M 13.9 29 200 M M 5 40 190
25 55 29 42 -1 23 0 0.54 M M 11.0 21 330 M M 7 18 27 340
26 40 24 32 -11 33 0 0.00 M M 5.5 12 190 M M M 17 170
27 56 30 43 0 22 0 0.00 M M 6.7 18 210 M M 0 28 210
28 56 29 43 1 22 0 0.00 M M 7.2 18 350 M M 0 24 350
29 51 24 38 -4 27 0 0.00 M M 7.4 20 190 M M 0 26 190
30 63 31 47 5 18 0 0.00 M M 2.0 8 180 M M 0 8 12 210
================================================================================
SM 1714 977 595 0 2.73 M 197.2 M 76
================================================================================
AV 57.1 32.6 6.6 FASTST M M 3 MAX(MPH)
MISC ----> 29 200 40 190
================================================================================
NOTES:
# LAST OF SEVERAL OCCURRENCES
COLUMN 17 PEAK WIND IN M.P.H.
PRELIMINARY LOCAL CLIMATOLOGICAL DATA (WS FORM: F-6) , PAGE 2
STATION: CAPE GIRARDEAU MO
MONTH: NOVEMBER
YEAR: 2021
LATITUDE: 37 13 N
LONGITUDE: 89 35 W
[TEMPERATURE DATA] [PRECIPITATION DATA] SYMBOLS USED IN COLUMN 16
AVERAGE MONTHLY: 44.9 TOTAL FOR MONTH: 2.73 1 = FOG OR MIST
DPTR FM NORMAL: -1.9 DPTR FM NORMAL: -1.52 2 = FOG REDUCING VISIBILITY
HIGHEST: 71 ON 8 GRTST 24HR 1.20 ON 11-11 TO 1/4 MILE OR LESS
LOWEST: 24 ON 29,26 3 = THUNDER
SNOW, ICE PELLETS, HAIL 4 = ICE PELLETS
TOTAL MONTH: M 5 = HAIL
GRTST 24HR M ON M 6 = FREEZING RAIN OR DRIZZLE
GRTST DEPTH: M ON M 7 = DUSTSTORM OR SANDSTORM:
VSBY 1/2 MILE OR LESS
8 = SMOKE OR HAZE
[NO. OF DAYS WITH] [WEATHER - DAYS WITH] 9 = BLOWING SNOW
X = TORNADO
MAX 32 OR BELOW: 0 0.01 INCH OR MORE: 8
MAX 90 OR ABOVE: 0 0.10 INCH OR MORE: 5
MIN 32 OR BELOW: 17 0.50 INCH OR MORE: 2
MIN 0 OR BELOW: 0 1.00 INCH OR MORE: 1
[HDD (BASE 65) ]
TOTAL THIS MO. 595 CLEAR (SCALE 0-3) 17
DPTR FM NORMAL 45 PTCLDY (SCALE 4-7) 12
TOTAL FM JUL 1 747 CLOUDY (SCALE 8-10) 1
DPTR FM NORMAL -78
[CDD (BASE 65) ]
TOTAL THIS MO. 0
DPTR FM NORMAL -3 [PRESSURE DATA]
TOTAL FM JAN 1 1670 HIGHEST SLP 30.59 ON 19
DPTR FM NORMAL 104 LOWEST SLP 29.73 ON 11
[REMARKS]
#FINAL-11-21#