000
CXUS51 KLWX 010820
CF6CHO
PRELIMINARY LOCAL CLIMATOLOGICAL DATA (WS FORM: F-6)
STATION: CHARLOTTESVILLE VA
MONTH: JANUARY
YEAR: 2022
LATITUDE: 38 7 N
LONGITUDE: 78 27 W
TEMPERATURE IN F: :PCPN: SNOW: WIND :SUNSHINE: SKY :PK WND
================================================================================
1 2 3 4 5 6A 6B 7 8 9 10 11 12 13 14 15 16 17 18
12Z AVG MX 2MIN
DY MAX MIN AVG DEP HDD CDD WTR SNW DPTH SPD SPD DIR MIN PSBL S-S WX SPD DR
================================================================================
1 70 56 63 24 2 0 0.78 M M 3.7 15 200 M M 7 1 19 210
2 65 47 56 17 9 0 0.19 M M 6.2 15 190 M M 4 1 19 200
3 47 23 35 -4 30 0 0.97 M M M M M M M M 12 M M
4 36 18 27 -11 38 0 0.00 M M M M M M M M M M
5 43 18 31 -7 34 0 0.00 M M 7.3 15 190 M M 1 17 190
6 48 31 40 2 25 0 0.00 M M M M M M M M M M
7 33 20 27 -11 38 0 0.09 M M 5.6 13 310 M M 1 1 18 300
8 34 16 25 -13 40 0 0.00 M M 4.3 15 200 M M 0 18 200
9 51 27 39 1 26 0 0.12 M M 7.8 17 200 M M 6 1 23 200
10 49 30 40 2 25 0 0.00 M M 7.1 16 290 M M 2 27 310
11 36 22 29 -9 36 0 0.00 M M 2.5 9 170 M M 0 14 290
12 53 21 37 -1 28 0 0.00 M M 9.2 18 190 M M 0 23 200
13 53 31 42 4 23 0 0.00 M M 2.5 8 80 M M 3 9 90
14 51 29 40 2 25 0 0.00 M M 5.1 16 350 M M 3 25 330
15 39 21 30 -8 35 0 0.00 M M 7.2 13 100 M M 3 18 100
16 35 18 27 -11 38 0 1.34 M M 11.0 29 30 M M 7 168 37 40
17 41 31 36 -2 29 0 T M M 8.5 18 300 M M 5 16 28 310
18 40 27 34 -4 31 0 0.00 M M 4.9 13 250 M M 0 20 250
19 50 27 39 1 26 0 T M M 8.8 21 200 M M 3 26 200
20 46 26 36 -2 29 0 0.14 M M 4.3 13 350 M M 8 1 21 10
21 27 20 24 -14 41 0 0.00 M M 7.5 15 30 M M 2 18 40
22 33 10 22 -16 43 0 0.00 M M 2.4 8 200 M M 0 10 30
23 43 23 33 -5 32 0 0.00 M M 4.4 14 190 M M 2 20 310
24 45 29 37 -1 28 0 0.00 M M 5.9 16 190 M M 3 20 200
25 57 29 43 5 22 0 0.00 M M 7.7 14 50 M M 0 19 50
26 38 22 30 -9 35 0 0.00 M M 3.4 9 60 M M 0 13 60
27 36 15 26 -13 39 0 0.00 M M 3.2 14 200 M M 1 19 190
28 41 29 35 -4 30 0 0.16 M M 3.8 13 30 M M 9 18 16 30
29 33 21 27 -12 38 0 0.00 M M 9.6 18 330 M M 3 29 320
30 31 16 24 -15 41 0 0.00 M M 3.2 12 190 M M 7 14 190
31 39 19 29 -10 36 0 0.00 M M 3.2 10 40 M M 2 13 30
================================================================================
SM 1343 772 952 0 3.79 M 160.3 M 82
================================================================================
AV 43.3 24.9 5.7 FASTST M M 3 MAX(MPH)
MISC ----> 29 30 37 40
================================================================================
NOTES:
# LAST OF SEVERAL OCCURRENCES
COLUMN 17 PEAK WIND IN M.P.H.
PRELIMINARY LOCAL CLIMATOLOGICAL DATA (WS FORM: F-6) , PAGE 2
STATION: CHARLOTTESVILLE VA
MONTH: JANUARY
YEAR: 2022
LATITUDE: 38 7 N
LONGITUDE: 78 27 W
[TEMPERATURE DATA] [PRECIPITATION DATA] SYMBOLS USED IN COLUMN 16
AVERAGE MONTHLY: 34.1 TOTAL FOR MONTH: 3.79 1 = FOG OR MIST
DPTR FM NORMAL: -4.3 DPTR FM NORMAL: 0.83 2 = FOG REDUCING VISIBILITY
HIGHEST: 70 ON 1 GRTST 24HR 1.34 ON 16-16 TO 1/4 MILE OR LESS
LOWEST: 10 ON 22 3 = THUNDER
SNOW, ICE PELLETS, HAIL 4 = ICE PELLETS
TOTAL MONTH: M 5 = HAIL
GRTST 24HR M ON M 6 = FREEZING RAIN OR DRIZZLE
GRTST DEPTH: M ON M 7 = DUSTSTORM OR SANDSTORM:
VSBY 1/2 MILE OR LESS
8 = SMOKE OR HAZE
[NO. OF DAYS WITH] [WEATHER - DAYS WITH] 9 = BLOWING SNOW
X = TORNADO
MAX 32 OR BELOW: 2 0.01 INCH OR MORE: 8
MAX 90 OR ABOVE: 0 0.10 INCH OR MORE: 7
MIN 32 OR BELOW: 29 0.50 INCH OR MORE: 3
MIN 0 OR BELOW: 0 1.00 INCH OR MORE: 1
[HDD (BASE 65) ]
TOTAL THIS MO. 952 CLEAR (SCALE 0-3) 19
DPTR FM NORMAL 127 PTCLDY (SCALE 4-7) 8
TOTAL FM JUL 1 2071 CLOUDY (SCALE 8-10) 4
DPTR FM NORMAL -207
[CDD (BASE 65) ]
TOTAL THIS MO. 0
DPTR FM NORMAL 0 [PRESSURE DATA]
TOTAL FM JAN 1 0 HIGHEST SLP 30.67 ON 8
DPTR FM NORMAL 0 LOWEST SLP 29.11 ON 17
[REMARKS]
#FINAL-01-22#