000
CXUS52 KGSP 010817
CF6CLT
PRELIMINARY LOCAL CLIMATOLOGICAL DATA (WS FORM: F-6)
STATION: CHARLOTTE NC
MONTH: JULY
YEAR: 2023
LATITUDE: 35 12 N
LONGITUDE: 80 57 W
TEMPERATURE IN F: :PCPN: SNOW: WIND :SUNSHINE: SKY :PK WND
================================================================================
1 2 3 4 5 6A 6B 7 8 9 10 11 12 13 14 15 16 17 18
12Z AVG MX 2MIN
DY MAX MIN AVG DEP HDD CDD WTR SNW DPTH SPD SPD DIR MIN PSBL S-S WX SPD DR
================================================================================
1 93 73 83 4 0 18 T 0.0 0 4.0 17 350 M M 7 138 21 360
2 94 74 84 4 0 19 0.00 0.0 0 7.4 22 240 M M 6 18 33 250
3 92 75 84 4 0 19 T 0.0 0 6.9 17 230 M M 8 38 24 220
4 93 74 84 4 0 19 0.00 0.0 0 3.9 10 290 M M 7 18 12 280
5 92 73 83 3 0 18 0.35 0.0 0 4.8 16 120 M M 8 138 20 120
6 92 73 83 3 0 18 0.01 0.0 0 3.5 9 280 M M 6 1 13 280
7 95 73 84 4 0 19 0.00 0.0 0 4.0 20 330 M M 4 3 24 330
8 92 73 83 3 0 18 0.06 0.0 0 4.9 18 120 M M 6 38 27 120
9 89 73 81 1 0 16 0.05 0.0 0 5.0 20 340 M M 7 38 24 340
10 86 73 80 0 0 15 T 0.0 0 3.8 13 60 M M 7 17 70
11 91 69 80 0 0 15 0.00 0.0 0 4.4 12 60 M M 4 16 240
12 93 68 81 1 0 16 0.00 0.0 0 4.5 13 210 M M 2 8 17 270
13 95 71 83 3 0 18 0.28 0.0 0 6.1 18 320 M M 5 13 24 320
14 93 71 82 2 0 17 0.14 0.0 0 5.9 16 270 M M 6 13 22 270
15 90 73 82 2 0 17 0.28 0.0 0 5.8 24 160 M M 7 138 34 210
16 93 74 84 4 0 19 0.00 0.0 0 6.1 15 320 M M 6 20 320
17 89 71 80 0 0 15 0.00 0.0 0 4.2 12 50 M M 6 8 16 30
18 94 68 81 1 0 16 0.00 0.0 0 2.9 10 200 M M 3 18 14 260
19 90 72 81 1 0 16 0.46 0.0 0 4.9 15 300 M M 7 138 19 320
20 88 70 79 -1 0 14 T 0.0 0 4.5 12 230 M M 6 15 230
21 94 70 82 2 0 17 T 0.0 0 5.4 15 260 M M 6 3 18 270
22 88 72 80 0 0 15 0.00 0.0 0 5.4 13 350 M M 6 17 40
23 84 70 77 -3 0 12 2.44 0.0 0 6.5 18 300 M M 7 13 22 280
24 89 69 79 -1 0 14 0.01 0.0 0 3.9 10 340 M M 4 128 13 350
25 92 70 81 1 0 16 0.00 0.0 0 3.1 10 270 M M 2 1 13 270
26 95 72 84 4 0 19 0.00 0.0 0 4.4 13 180 M M 2 18 15 170
27 95 74 85 5 0 20 0.00 0.0 0 5.5 10 260 M M 1 14 220
28 94 76 85 5 0 20 1.01 0.0 0 6.7 24 250 M M 5 13 30 250
29 89 72 81 1 0 16 T 0.0 0 6.4 25 320 M M 7 3 38 330
30 88 70 79 -1 0 14 T 0.0 0 4.8 28 330 M M 6 3 34 340
31 91 70 81 1 0 16 0.00 0.0 0 4.4 13 340 M M 3 16 340
================================================================================
SM 2833 2226 0 521 5.09 0.0 154.0 M 167
================================================================================
AV 91.4 71.8 5.0 FASTST M M 5 MAX(MPH)
MISC ----> 28 330 38 330
================================================================================
NOTES:
# LAST OF SEVERAL OCCURRENCES
COLUMN 17 PEAK WIND IN M.P.H.
PRELIMINARY LOCAL CLIMATOLOGICAL DATA (WS FORM: F-6) , PAGE 2
STATION: CHARLOTTE NC
MONTH: JULY
YEAR: 2023
LATITUDE: 35 12 N
LONGITUDE: 80 57 W
[TEMPERATURE DATA] [PRECIPITATION DATA] SYMBOLS USED IN COLUMN 16
AVERAGE MONTHLY: 81.6 TOTAL FOR MONTH: 5.09 1 = FOG OR MIST
DPTR FM NORMAL: 1.5 DPTR FM NORMAL: 1.35 2 = FOG REDUCING VISIBILITY
HIGHEST: 95 ON 27,26 GRTST 24HR 2.45 ON 23-24 TO 1/4 MILE OR LESS
LOWEST: 68 ON 18,12 3 = THUNDER
SNOW, ICE PELLETS, HAIL 4 = ICE PELLETS
TOTAL MONTH: 0.0 INCH 5 = HAIL
GRTST 24HR 0.0 6 = FREEZING RAIN OR DRIZZLE
GRTST DEPTH: 0 7 = DUSTSTORM OR SANDSTORM:
VSBY 1/2 MILE OR LESS
8 = SMOKE OR HAZE
[NO. OF DAYS WITH] [WEATHER - DAYS WITH] 9 = BLOWING SNOW
X = TORNADO
MAX 32 OR BELOW: 0 0.01 INCH OR MORE: 11
MAX 90 OR ABOVE: 22 0.10 INCH OR MORE: 7
MIN 32 OR BELOW: 0 0.50 INCH OR MORE: 2
MIN 0 OR BELOW: 0 1.00 INCH OR MORE: 2
[HDD (BASE 65) ]
TOTAL THIS MO. 0 CLEAR (SCALE 0-3) 5
DPTR FM NORMAL 0 PTCLDY (SCALE 4-7) 26
TOTAL FM JUL 1 0 CLOUDY (SCALE 8-10) 0
DPTR FM NORMAL 0
[CDD (BASE 65) ]
TOTAL THIS MO. 521
DPTR FM NORMAL 53 [PRESSURE DATA]
TOTAL FM JAN 1 1019 HIGHEST SLP 30.18 ON 28
DPTR FM NORMAL -21 LOWEST SLP 29.82 ON 22
[REMARKS]
#FINAL-07-23#