000
CXUS56 KLOX 011255
CF6CMA
PRELIMINARY LOCAL CLIMATOLOGICAL DATA (WS FORM: F-6)
STATION: CAMARILLO AIRPORT CA
MONTH: JANUARY
YEAR: 2022
LATITUDE: 34 12 N
LONGITUDE: 119 6 W
TEMPERATURE IN F: :PCPN: SNOW: WIND :SUNSHINE: SKY :PK WND
================================================================================
1 2 3 4 5 6A 6B 7 8 9 10 11 12 13 14 15 16 17 18
12Z AVG MX 2MIN
DY MAX MIN AVG DEP HDD CDD WTR SNW DPTH SPD SPD DIR MIN PSBL S-S WX SPD DR
================================================================================
1 62 39 51 -5 14 0 0.00 M M 12.0 25 70 M M 0 34 80
2 66 38 52 -4 13 0 0.00 M M 8.1 16 80 M M 0 20 90
3 62 35 49 -7 16 0 0.00 M M 4.2 13 260 M M 0 17 260
4 62 36 49 -7 16 0 0.00 M M 2.4 8 270 M M 0 13 290
5 66 40 53 -3 12 0 T M M 3.2 9 50 M M 0 12 240
6 67 43 55 -1 10 0 0.00 M M 2.6 8 230 M M 0 14 200
7 57 40 49 -7 16 0 0.00 M M 2.9 9 270 M M 8 12 12 230
8 62 47 55 -1 10 0 0.00 M M 4.4 12 200 M M 3 18 16 190
9 75 39 57 1 8 0 0.00 M M 11.5 25 70 M M 0 1 33 70
10 73 60 67 11 0 2 0.00 M M 19.1 29 70 M M 0 40 70
11 78 59 69 13 0 4 0.00 M M 15.5 29 80 M M 0 37 70
12 80 53 67 11 0 2 0.00 M M 9.0 22 90 M M 0 29 80
13 70 53 62 6 3 0 0.00 M M 3.5 13 50 M M 0 14 50
14 79 45 62 5 3 0 0.00 M M 11.0 37 60 M M 0 56 60
15 72 58 65 8 0 0 T M M 12.9 24 80 M M 6 34 70
16 75 55 65 8 0 0 0.00 M M 5.5 16 80 M M 8 20 80
17 66 53 60 3 5 0 0.12 M M 3.9 13 60 M M 10 1 16 60
18 65 49 57 0 8 0 0.02 M M 2.5 12 260 M M 6 18 16 260
19 62 45 54 -3 11 0 0.00 M M 4.0 9 220 M M 5 18 14 230
20 79 42 61 4 4 0 0.00 M M 5.5 26 80 M M 0 1 37 80
21 75 41 58 1 7 0 0.00 M M 5.9 33 70 M M 0 43 70
22 73 47 60 3 5 0 0.00 M M 16.8 33 60 M M 0 47 60
23 76 44 60 3 5 0 0.00 M M 7.3 20 80 M M 0 28 10
24 68 39 54 -3 11 0 0.00 M M 2.7 13 230 M M 0 19 200
25 62 38 50 -7 15 0 0.00 M M 3.7 12 230 M M 0 8 16 200
26 72 38 55 -2 10 0 0.00 M M 11.9 26 80 M M 0 18 36 70
27 74 42 58 1 7 0 0.00 M M 10.5 25 70 M M 0 33 70
28 73 50 62 5 3 0 0.00 M M 20.7 32 80 M M 0 52 70
29 72 43 58 1 7 0 0.00 M M 9.4 17 80 M M 1 24 60
30 73 34 54 -3 11 0 0.00 M M 5.1 16 230 M M 0 23 220
31 61 38 50 -7 15 0 0.00 M M 3.0 12 220 M M 0 18 16 220
================================================================================
SM 2157 1383 245 8 0.14 M 240.7 M 47
================================================================================
AV 69.6 44.6 7.8 FASTST M M 2 MAX(MPH)
MISC ----> 37 60 56 60
================================================================================
NOTES:
# LAST OF SEVERAL OCCURRENCES
COLUMN 17 PEAK WIND IN M.P.H.
PRELIMINARY LOCAL CLIMATOLOGICAL DATA (WS FORM: F-6) , PAGE 2
STATION: CAMARILLO AIRPORT CA
MONTH: JANUARY
YEAR: 2022
LATITUDE: 34 12 N
LONGITUDE: 119 6 W
[TEMPERATURE DATA] [PRECIPITATION DATA] SYMBOLS USED IN COLUMN 16
AVERAGE MONTHLY: 57.1 TOTAL FOR MONTH: 0.14 1 = FOG OR MIST
DPTR FM NORMAL: 0.6 DPTR FM NORMAL: -2.71 2 = FOG REDUCING VISIBILITY
HIGHEST: 80 ON 12 GRTST 24HR 0.12 ON 17-17 TO 1/4 MILE OR LESS
LOWEST: 34 ON 30 3 = THUNDER
SNOW, ICE PELLETS, HAIL 4 = ICE PELLETS
TOTAL MONTH: M 5 = HAIL
GRTST 24HR M ON M 6 = FREEZING RAIN OR DRIZZLE
GRTST DEPTH: M ON M 7 = DUSTSTORM OR SANDSTORM:
VSBY 1/2 MILE OR LESS
8 = SMOKE OR HAZE
[NO. OF DAYS WITH] [WEATHER - DAYS WITH] 9 = BLOWING SNOW
X = TORNADO
MAX 32 OR BELOW: 0 0.01 INCH OR MORE: 2
MAX 90 OR ABOVE: 0 0.10 INCH OR MORE: 1
MIN 32 OR BELOW: 0 0.50 INCH OR MORE: 0
MIN 0 OR BELOW: 0 1.00 INCH OR MORE: 0
[HDD (BASE 65) ]
TOTAL THIS MO. 245 CLEAR (SCALE 0-3) 24
DPTR FM NORMAL -30 PTCLDY (SCALE 4-7) 6
TOTAL FM JUL 1 840 CLOUDY (SCALE 8-10) 1
DPTR FM NORMAL 49
[CDD (BASE 65) ]
TOTAL THIS MO. 8
DPTR FM NORMAL -3 [PRESSURE DATA]
TOTAL FM JAN 1 8 HIGHEST SLP 30.37 ON 10
DPTR FM NORMAL -3 LOWEST SLP 29.89 ON 1
[REMARKS]
#FINAL-01-22#